000
CDUS43 KGRR 200513
CLIMKG


CLIMATE REPORT
NATIONAL WEATHER SERVICE GRAND RAPIDS, MI
1213 AM EST TUE JAN 20 2015


...................................

...THE MUSKEGON MI CLIMATE SUMMARY FOR JANUARY 19 2015...

CLIMATE NORMAL PERIOD 1981 TO 2010
CLIMATE RECORD PERIOD 1896 TO 2015


WEATHER ITEM   OBSERVED TIME   RECORD YEAR NORMAL DEPARTURE LAST
                VALUE   (LST)  VALUE       VALUE  FROM      YEAR
                                                  NORMAL
..................................................................
TEMPERATURE (F)
 YESTERDAY
  MAXIMUM         37   1250 AM  51    1973  30      7       34
  MINIMUM         30   1159 PM  -7    1971  20     10       19
  AVERAGE         34                        25      9       27

PRECIPITATION (IN)
  YESTERDAY        T             1.08 1907   0.06  -0.06      T
  MONTH TO DATE    1.57                      1.31   0.26     2.27
  SINCE DEC 1      3.29                      3.86  -0.57     4.97
  SINCE JAN 1      1.57                      1.31   0.26     2.27

SNOWFALL (IN)
  YESTERDAY        T            12.3  1985   0.9   -0.9       T
  MONTH TO DATE   29.6                      17.1   12.5     19.1
  SINCE DEC 1     31.0                      46.0  -15.0     58.3
  SINCE JUL 1     55.5                      52.2    3.3     67.2
  SNOW DEPTH       6

DEGREE DAYS
 HEATING
  YESTERDAY       31                        40     -9       38
  MONTH TO DATE  821                       747     74      796
  SINCE DEC 1   1813                      1826    -13     1989
  SINCE JUL 1   3296                      3193    103     3260

 COOLING
  YESTERDAY        0                         0      0        0
  MONTH TO DATE    0                         0      0        0
  SINCE DEC 1      0                         0      0        0
  SINCE JAN 1      0                         0      0        0
..................................................................


WIND (MPH)
  RESULTANT WIND SPEED   3   RESULTANT WIND DIRECTION   N (10)
  HIGHEST WIND SPEED     9   HIGHEST WIND DIRECTION     N (20)
  HIGHEST GUST SPEED    13   HIGHEST GUST DIRECTION    NW (300)
  AVERAGE WIND SPEED     4.4


SKY COVER
  AVERAGE SKY COVER 1.0


WEATHER CONDITIONS
 THE FOLLOWING WEATHER WAS RECORDED YESTERDAY.
  LIGHT SNOW


RELATIVE HUMIDITY (PERCENT)
 HIGHEST    82           500 AM
 LOWEST     61           100 PM
 AVERAGE    72

..........................................................


THE MUSKEGON MI CLIMATE NORMALS FOR TODAY
                         NORMAL    RECORD    YEAR
 MAXIMUM TEMPERATURE (F)   30        47      2006
 MINIMUM TEMPERATURE (F)   20        -4      2009
                                             1962


SUNRISE AND SUNSET
JANUARY 20 2015.......SUNRISE   811 AM EST   SUNSET   541 PM EST
JANUARY 21 2015.......SUNRISE   810 AM EST   SUNSET   542 PM EST


-  INDICATES NEGATIVE NUMBERS.
R  INDICATES RECORD WAS SET OR TIED.
MM INDICATES DATA IS MISSING.
T  INDICATES TRACE AMOUNT.




$$
