000
CDUS43 KGRR 170525
CLIMKG


CLIMATE REPORT
NATIONAL WEATHER SERVICE GRAND RAPIDS, MI
123 AM EDT SUN APR 17 2016


...................................

...THE MUSKEGON MI CLIMATE SUMMARY FOR APRIL 16 2016...

CLIMATE NORMAL PERIOD 1981 TO 2010
CLIMATE RECORD PERIOD 1896 TO 2016


WEATHER ITEM   OBSERVED TIME   RECORD YEAR NORMAL DEPARTURE LAST
                VALUE   (LST)  VALUE       VALUE  FROM      YEAR
                                                  NORMAL
..................................................................
TEMPERATURE (F)
 YESTERDAY
  MAXIMUM         77    300 PM  81    1976  56     21       57
  MINIMUM         46    542 AM  20    1907  38      8       38
  AVERAGE         62                        47     15       48

PRECIPITATION (IN)
  YESTERDAY        0.00          1.51 1961   0.10  -0.10     0.49
  MONTH TO DATE    1.08                      1.55  -0.47     4.23
  SINCE MAR 1      6.02                      3.80   2.22     5.36
  SINCE JAN 1     10.23                      7.66   2.57     8.65

SNOWFALL (IN)
  YESTERDAY        0.0          11.0  1961   0.1   -0.1      0.0
  MONTH TO DATE    2.4                       2.0    0.4      0.0
  SINCE MAR 1      7.3                      11.0   -3.7      4.0
  SINCE JUL 1     61.8                      93.4  -31.6     92.1
  SNOW DEPTH       0

DEGREE DAYS
 HEATING
  YESTERDAY        3                        18    -15       17
  MONTH TO DATE  404                       339     65      288
  SINCE MAR 1   1179                      1269    -90     1295
  SINCE JUL 1   5199                      6001   -802     6420

 COOLING
  YESTERDAY        0                         0      0        0
  MONTH TO DATE    0                         0      0        0
  SINCE MAR 1      0                         0      0        0
  SINCE JAN 1      0                         0      0        0
..................................................................


WIND (MPH)
  RESULTANT WIND SPEED   3   RESULTANT WIND DIRECTION   E (90)
  HIGHEST WIND SPEED    13   HIGHEST WIND DIRECTION     W (250)
  HIGHEST GUST SPEED    16   HIGHEST GUST DIRECTION    SE (120)
  AVERAGE WIND SPEED     6.8


SKY COVER
  AVERAGE SKY COVER 0.0


WEATHER CONDITIONS
 THE FOLLOWING WEATHER WAS RECORDED YESTERDAY.
  NO SIGNIFICANT WEATHER WAS OBSERVED.


RELATIVE HUMIDITY (PERCENT)
 HIGHEST    60           300 AM
 LOWEST     23           200 PM
 AVERAGE    42

..........................................................


THE MUSKEGON MI CLIMATE NORMALS FOR TODAY
                         NORMAL    RECORD    YEAR
 MAXIMUM TEMPERATURE (F)   57        81      1977
 MINIMUM TEMPERATURE (F)   38        22      1948


SUNRISE AND SUNSET
APRIL 17 2016.........SUNRISE   659 AM EDT   SUNSET   831 PM EDT
APRIL 18 2016.........SUNRISE   657 AM EDT   SUNSET   832 PM EDT


-  INDICATES NEGATIVE NUMBERS.
R  INDICATES RECORD WAS SET OR TIED.
MM INDICATES DATA IS MISSING.
T  INDICATES TRACE AMOUNT.




$$
