000
CDUS43 KGRR 010544
CLIMKG


CLIMATE REPORT
NATIONAL WEATHER SERVICE GRAND RAPIDS, MI
1243 AM EST SUN FEB 1 2015


...................................

...THE MUSKEGON MI CLIMATE SUMMARY FOR JANUARY 31 2015...

CLIMATE NORMAL PERIOD 1981 TO 2010
CLIMATE RECORD PERIOD 1896 TO 2015


WEATHER ITEM   OBSERVED TIME   RECORD YEAR NORMAL DEPARTURE LAST
                VALUE   (LST)  VALUE       VALUE  FROM      YEAR
                                                  NORMAL
..................................................................
TEMPERATURE (F)
 YESTERDAY
  MAXIMUM         34   1254 PM  50    2012  31      3       33
  MINIMUM         19    325 AM -11    1918  20     -1       13
  AVERAGE         27                        25      2       23

PRECIPITATION (IN)
  YESTERDAY        0.00          1.00 1908   0.06  -0.06      T
  MONTH TO DATE    1.72                      2.03  -0.31     3.32
  SINCE DEC 1      3.44                      4.58  -1.14     6.02
  SINCE JAN 1      1.72                      2.03  -0.31     3.32

SNOWFALL (IN)
  YESTERDAY        0.0           7.1  1962   0.9   -0.9       T
  MONTH TO DATE   32.5                      28.0    4.5     48.4
  SINCE DEC 1     33.9                      56.9  -23.0     87.6
  SINCE JUL 1     58.4                      63.1   -4.7     96.5
  SNOW DEPTH       3

DEGREE DAYS
 HEATING
  YESTERDAY       38                        40     -2       42
  MONTH TO DATE 1282                      1227     55     1379
  SINCE DEC 1   2274                      2305    -31     2572
  SINCE JUL 1   3757                      3672     85     3843

 COOLING
  YESTERDAY        0                         0      0        0
  MONTH TO DATE    0                         0      0        0
  SINCE DEC 1      0                         0      0        0
  SINCE JAN 1      0                         0      0        0
..................................................................


WIND (MPH)
  RESULTANT WIND SPEED   6   RESULTANT WIND DIRECTION   W (260)
  HIGHEST WIND SPEED    16   HIGHEST WIND DIRECTION    SW (230)
  HIGHEST GUST SPEED    21   HIGHEST GUST DIRECTION    SW (220)
  AVERAGE WIND SPEED     8.4


SKY COVER
  AVERAGE SKY COVER 0.9


WEATHER CONDITIONS
 THE FOLLOWING WEATHER WAS RECORDED YESTERDAY.
  NO SIGNIFICANT WEATHER WAS OBSERVED.


RELATIVE HUMIDITY (PERCENT)
 HIGHEST    75          1100 PM
 LOWEST     63           100 AM
 AVERAGE    69

..........................................................


THE MUSKEGON MI CLIMATE NORMALS FOR TODAY
                         NORMAL    RECORD    YEAR
 MAXIMUM TEMPERATURE (F)   31        52      1968
 MINIMUM TEMPERATURE (F)   20       -22      1918


SUNRISE AND SUNSET
FEBRUARY  1 2015......SUNRISE   801 AM EST   SUNSET   557 PM EST
FEBRUARY  2 2015......SUNRISE   759 AM EST   SUNSET   558 PM EST


-  INDICATES NEGATIVE NUMBERS.
R  INDICATES RECORD WAS SET OR TIED.
MM INDICATES DATA IS MISSING.
T  INDICATES TRACE AMOUNT.




$$
