000
CDUS43 KGRR 200525
CLIMKG


CLIMATE REPORT
NATIONAL WEATHER SERVICE GRAND RAPIDS, MI
1224 AM EST FRI JAN 20 2017


...................................

...THE MUSKEGON MI CLIMATE SUMMARY FOR JANUARY 19 2017...

CLIMATE NORMAL PERIOD 1981 TO 2010
CLIMATE RECORD PERIOD 1896 TO 2017


WEATHER ITEM   OBSERVED TIME   RECORD YEAR NORMAL DEPARTURE LAST
                VALUE   (LST)  VALUE       VALUE  FROM      YEAR
                                                  NORMAL
..................................................................
TEMPERATURE (F)
 YESTERDAY
  MAXIMUM         41    223 PM  51    1973  30     11       21
  MINIMUM         35    756 PM  -7    1971  20     15        2
  AVERAGE         38                        25     13       12

PRECIPITATION (IN)
  YESTERDAY        0.00          1.08 1907   0.06  -0.06     0.04
  MONTH TO DATE    2.21                      1.31   0.90     1.98
  SINCE DEC 1      4.43                      3.86   0.57     6.88
  SINCE JAN 1      2.21                      1.31   0.90     1.98

SNOWFALL (IN)
  YESTERDAY        0.0          12.3  1985   0.9   -0.9      1.4
  MONTH TO DATE   11.8                      17.1   -5.3     30.9
  SINCE DEC 1     32.2                      46.0  -13.8     35.8
  SINCE JUL 1     33.2                      52.2  -19.0     39.7
  SNOW DEPTH       0

DEGREE DAYS
 HEATING
  YESTERDAY       27                        40    -13       53
  MONTH TO DATE  722                       747    -25      747
  SINCE DEC 1   1782                      1826    -44     1520
  SINCE JUL 1   2687                      3193   -506     2587

 COOLING
  YESTERDAY        0                         0      0        0
  MONTH TO DATE    0                         0      0        0
  SINCE DEC 1      0                         0      0        0
  SINCE JAN 1      0                         0      0        0
..................................................................


WIND (MPH)
  RESULTANT WIND SPEED   5   RESULTANT WIND DIRECTION   S (190)
  HIGHEST WIND SPEED    15   HIGHEST WIND DIRECTION    SW (230)
  HIGHEST GUST SPEED    19   HIGHEST GUST DIRECTION    SW (230)
  AVERAGE WIND SPEED     7.1


SKY COVER
  AVERAGE SKY COVER 1.0


WEATHER CONDITIONS
 THE FOLLOWING WEATHER WAS RECORDED YESTERDAY.
  FOG
  HAZE


RELATIVE HUMIDITY (PERCENT)
 HIGHEST    92           600 AM
 LOWEST     79           200 PM
 AVERAGE    86

..........................................................


THE MUSKEGON MI CLIMATE NORMALS FOR TODAY
                         NORMAL    RECORD    YEAR
 MAXIMUM TEMPERATURE (F)   30        47      2006
 MINIMUM TEMPERATURE (F)   20        -4      2009
                                             1962


SUNRISE AND SUNSET
JANUARY 20 2017.......SUNRISE   811 AM EST   SUNSET   542 PM EST
JANUARY 21 2017.......SUNRISE   810 AM EST   SUNSET   543 PM EST


-  INDICATES NEGATIVE NUMBERS.
R  INDICATES RECORD WAS SET OR TIED.
MM INDICATES DATA IS MISSING.
T  INDICATES TRACE AMOUNT.




$$
