000
CDUS43 KGRR 010514
CLIMKG


CLIMATE REPORT
NATIONAL WEATHER SERVICE GRAND RAPIDS, MI
114 AM EDT TUE SEP 1 2015


...................................

...THE MUSKEGON MI CLIMATE SUMMARY FOR AUGUST 31 2015...

CLIMATE NORMAL PERIOD 1981 TO 2010
CLIMATE RECORD PERIOD 1896 TO 2015


WEATHER ITEM   OBSERVED TIME   RECORD YEAR NORMAL DEPARTURE LAST
                VALUE   (LST)  VALUE       VALUE  FROM      YEAR
                                                  NORMAL
..................................................................
TEMPERATURE (F)
 YESTERDAY
  MAXIMUM         77    357 PM  91    1953  77      0       79
  MINIMUM         59    506 AM  41    2009  58      1       65
  AVERAGE         68                        68      0       72

PRECIPITATION (IN)
  YESTERDAY        0.00          2.97 1975   0.12  -0.12     0.00
  MONTH TO DATE    2.35                      3.39  -1.04     2.56
  SINCE JUN 1     10.70                      8.31   2.39    13.31
  SINCE JAN 1     23.13                     20.58   2.55    26.61

SNOWFALL (IN)
  YESTERDAY        0.0          MM      MM   0.0    0.0      0.0
  MONTH TO DATE    0.0                       0.0    0.0      0.0
  SINCE JUN 1      0.0                       0.0    0.0      0.0
  SINCE JUL 1      0.0                       0.0    0.0      0.0
  SNOW DEPTH       0

DEGREE DAYS
 HEATING
  YESTERDAY        0                         1     -1        0
  MONTH TO DATE   17                        14      3       18
  SINCE JUN 1     65                        96    -31       80
  SINCE JUL 1     32                        30      2       49

 COOLING
  YESTERDAY        3                         4     -1        7
  MONTH TO DATE  175                       171      4      170
  SINCE JUN 1    415                       478    -63      379
  SINCE JAN 1    454                       507    -53      396
..................................................................


WIND (MPH)
  RESULTANT WIND SPEED   3   RESULTANT WIND DIRECTION  SW (220)
  HIGHEST WIND SPEED    10   HIGHEST WIND DIRECTION     W (250)
  HIGHEST GUST SPEED    13   HIGHEST GUST DIRECTION    SW (230)
  AVERAGE WIND SPEED     3.2


SKY COVER
  AVERAGE SKY COVER 0.8


WEATHER CONDITIONS
 THE FOLLOWING WEATHER WAS RECORDED YESTERDAY.
  FOG
  FOG W/VISIBILITY <= 1/4 MILE
  HAZE


RELATIVE HUMIDITY (PERCENT)
 HIGHEST    97           700 AM
 LOWEST     64           400 PM
 AVERAGE    81

..........................................................


THE MUSKEGON MI CLIMATE NORMALS FOR TODAY
                         NORMAL    RECORD    YEAR
 MAXIMUM TEMPERATURE (F)   77        95      1953
 MINIMUM TEMPERATURE (F)   58        40      1906


SUNRISE AND SUNSET
SEPTEMBER  1 2015.....SUNRISE   709 AM EDT   SUNSET   820 PM EDT
SEPTEMBER  2 2015.....SUNRISE   710 AM EDT   SUNSET   819 PM EDT


-  INDICATES NEGATIVE NUMBERS.
R  INDICATES RECORD WAS SET OR TIED.
MM INDICATES DATA IS MISSING.
T  INDICATES TRACE AMOUNT.




$$
