000
CDUS43 KGRR 112136
CLIMKG


CLIMATE REPORT
NATIONAL WEATHER SERVICE GRAND RAPIDS, MI
536 PM EDT WED OCT 11 2017


...................................

...THE MUSKEGON MI CLIMATE SUMMARY FOR OCTOBER 11 2017...
VALID TODAY AS OF 0500 PM LOCAL TIME.

CLIMATE NORMAL PERIOD 1981 TO 2010
CLIMATE RECORD PERIOD 1896 TO 2017


WEATHER ITEM   OBSERVED TIME   RECORD YEAR NORMAL DEPARTURE LAST
                VALUE   (LST)  VALUE       VALUE  FROM      YEAR
                                                  NORMAL
..................................................................
TEMPERATURE (F)
 TODAY
  MAXIMUM         62    253 PM  81    1973  61      1       70
  MINIMUM         50    425 AM  24    1996  44      6       54
  AVERAGE         56                        52      4       62

PRECIPITATION (IN)
  TODAY            0.63          1.27 1897   0.10   0.53      T
  MONTH TO DATE    2.01                      1.13   0.88     0.59
  SINCE SEP 1      2.83                      5.02  -2.19     6.51
  SINCE JAN 1     23.99                     25.60  -1.61    31.66

SNOWFALL (IN)
  TODAY            0.0           T    1988   0.0    0.0      0.0
  MONTH TO DATE    0.0                       0.0    0.0      0.0
  SINCE SEP 1      0.0                       0.0    0.0      0.0
  SINCE JUL 1      0.0                       0.0    0.0      0.0
  SNOW DEPTH       0

DEGREE DAYS
 HEATING
  TODAY            9                        13     -4        3
  MONTH TO DATE   47                       125    -78       59
  SINCE SEP 1    139                       268   -129       84
  SINCE JUL 1    152                       298   -146       93

 COOLING
  TODAY            0                         0      0        0
  MONTH TO DATE    8                         2      6        3
  SINCE SEP 1    119                        56     63      104
  SINCE JAN 1    613                       563     50      768
..................................................................


WIND (MPH)
  RESULTANT WIND SPEED  16   RESULTANT WIND DIRECTION   E (70)
  HIGHEST WIND SPEED    26   HIGHEST WIND DIRECTION    NE (60)
  HIGHEST GUST SPEED    34   HIGHEST GUST DIRECTION    NE (60)
  AVERAGE WIND SPEED    15.9


SKY COVER
  AVERAGE SKY COVER 0.9


WEATHER CONDITIONS
 THE FOLLOWING WEATHER WAS RECORDED TODAY.
  RAIN
  LIGHT RAIN
  FOG


RELATIVE HUMIDITY (PERCENT)
 HIGHEST    96           800 AM
 LOWEST     64           200 PM
 AVERAGE    80

..........................................................


THE MUSKEGON MI CLIMATE NORMALS FOR TOMORROW
                         NORMAL    RECORD    YEAR
 MAXIMUM TEMPERATURE (F)   60        80      2008
                                             1943
 MINIMUM TEMPERATURE (F)   44        27      1993


SUNRISE AND SUNSET
OCTOBER 11 2017.......SUNRISE   754 AM EDT   SUNSET   708 PM EDT
OCTOBER 12 2017.......SUNRISE   755 AM EDT   SUNSET   707 PM EDT


-  INDICATES NEGATIVE NUMBERS.
R  INDICATES RECORD WAS SET OR TIED.
MM INDICATES DATA IS MISSING.
T  INDICATES TRACE AMOUNT.




$$
