000
CDUS43 KGRR 140518
CLIMKG


CLIMATE REPORT
NATIONAL WEATHER SERVICE GRAND RAPIDS, MI
117 AM EDT WED JUN 14 2017


...................................

...THE MUSKEGON MI CLIMATE SUMMARY FOR JUNE 13 2017...

CLIMATE NORMAL PERIOD 1981 TO 2010
CLIMATE RECORD PERIOD 1896 TO 2017


WEATHER ITEM   OBSERVED TIME   RECORD YEAR NORMAL DEPARTURE LAST
                VALUE   (LST)  VALUE       VALUE  FROM      YEAR
                                                  NORMAL
..................................................................
TEMPERATURE (F)
 YESTERDAY
  MAXIMUM         88        MM  89    2007  76     12       74
                                      1931
                                      1919
  MINIMUM         64        MM  43    1995  56      8       53
                                      1985
                                      1906
  AVERAGE         76                        66     10       64

PRECIPITATION (IN)
  YESTERDAY        0.01          1.17 1950   0.09  -0.08     0.05
  MONTH TO DATE    0.43                      1.18  -0.75     0.55
  SINCE JUN 1      0.43                      1.18  -0.75     0.55
  SINCE JAN 1     14.91                     13.45   1.46    14.48

SNOWFALL (IN)
  YESTERDAY        0.0          MM      MM   0.0    0.0      0.0
  MONTH TO DATE    0.0                       0.0    0.0      0.0
  SINCE JUN 1      0.0                       0.0    0.0      0.0
  SINCE JUL 1     49.0                      93.7  -44.7     61.8
  SNOW DEPTH       0

DEGREE DAYS
 HEATING
  YESTERDAY        0                         2     -2        1
  MONTH TO DATE   15                        42    -27       33
  SINCE JUN 1     15                        42    -27       33
  SINCE JUL 1   5486                      6536  -1050     5652

 COOLING
  YESTERDAY       11                         3      8        0
  MONTH TO DATE   58                        29     29       28
  SINCE JUN 1     58                        29     29       28
  SINCE JAN 1     80                        58     22       72
..................................................................


WIND (MPH)
  RESULTANT WIND SPEED   3   RESULTANT WIND DIRECTION  NE (30)
  HIGHEST WIND SPEED    13   HIGHEST WIND DIRECTION     E (100)
  HIGHEST GUST SPEED    MM   HIGHEST GUST DIRECTION    MM
  AVERAGE WIND SPEED     7.2


SKY COVER
  AVERAGE SKY COVER 0.6


WEATHER CONDITIONS
 THE FOLLOWING WEATHER WAS RECORDED YESTERDAY.
  NO SIGNIFICANT WEATHER WAS OBSERVED.


RELATIVE HUMIDITY (PERCENT)
 HIGHEST    87           300 AM
 LOWEST     43           500 PM
 AVERAGE    65

..........................................................


THE MUSKEGON MI CLIMATE NORMALS FOR TODAY
                         NORMAL    RECORD    YEAR
 MAXIMUM TEMPERATURE (F)   76        89      2007
                                             2001
                                             1994
 MINIMUM TEMPERATURE (F)   56        39      1978
                                             1958


SUNRISE AND SUNSET
JUNE 14 2017..........SUNRISE   605 AM EDT   SUNSET   926 PM EDT
JUNE 15 2017..........SUNRISE   605 AM EDT   SUNSET   927 PM EDT


-  INDICATES NEGATIVE NUMBERS.
R  INDICATES RECORD WAS SET OR TIED.
MM INDICATES DATA IS MISSING.
T  INDICATES TRACE AMOUNT.




$$
