000
CDUS43 KGRR 100539
CLIMKG


CLIMATE REPORT
NATIONAL WEATHER SERVICE GRAND RAPIDS, MI
138 AM EDT WED SEP 10 2014


...................................

...THE MUSKEGON MI CLIMATE SUMMARY FOR SEPTEMBER 9 2014...

CLIMATE NORMAL PERIOD 1981 TO 2010
CLIMATE RECORD PERIOD 1896 TO 2014


WEATHER ITEM   OBSERVED TIME   RECORD YEAR NORMAL DEPARTURE LAST
                VALUE   (LST)  VALUE       VALUE  FROM      YEAR
                                                  NORMAL
..................................................................
TEMPERATURE (F)
 YESTERDAY
  MAXIMUM         80    441 PM  89    2002  74      6       85
                                      1964
                                      1947
  MINIMUM         58    630 AM  38    1949  55      3       62
  AVERAGE         69                        65      4       74

PRECIPITATION (IN)
  YESTERDAY        T             3.56 1965   0.13  -0.13     0.69
  MONTH TO DATE    1.73                      1.10   0.63     0.73
  SINCE SEP 1      1.73                      1.10   0.63     0.73
  SINCE JAN 1     28.34                     21.68   6.66    31.98

SNOWFALL (IN)
  YESTERDAY        0.0          MM      MM   0.0    0.0      0.0
  MONTH TO DATE    0.0                       0.0    0.0      0.0
  SINCE SEP 1      0.0                       0.0    0.0      0.0
  SINCE JUL 1      0.0                       0.0    0.0      0.0
  SNOW DEPTH       0

DEGREE DAYS
 HEATING
  YESTERDAY        0                         3     -3        0
  MONTH TO DATE    1                        20    -19        3
  SINCE SEP 1      1                        20    -19        3
  SINCE JUL 1     50                        50      0       38

 COOLING
  YESTERDAY        4                         3      1        9
  MONTH TO DATE   44                        29     15       38
  SINCE SEP 1     44                        29     15       38
  SINCE JAN 1    440                       536    -96      577
..................................................................


WIND (MPH)
  RESULTANT WIND SPEED   6   RESULTANT WIND DIRECTION   S (170)
  HIGHEST WIND SPEED    17   HIGHEST WIND DIRECTION     S (190)
  HIGHEST GUST SPEED    21   HIGHEST GUST DIRECTION     S (190)
  AVERAGE WIND SPEED     7.2


SKY COVER
  AVERAGE SKY COVER 0.4


WEATHER CONDITIONS
 THE FOLLOWING WEATHER WAS RECORDED YESTERDAY.
  LIGHT RAIN


RELATIVE HUMIDITY (PERCENT)
 HIGHEST    86           600 AM
 LOWEST     45           400 PM
 AVERAGE    66

..........................................................


THE MUSKEGON MI CLIMATE NORMALS FOR TODAY
                         NORMAL    RECORD    YEAR
 MAXIMUM TEMPERATURE (F)   74        88      1983
                                             1961
                                             1912
 MINIMUM TEMPERATURE (F)   55        39      1995


SUNRISE AND SUNSET
SEPTEMBER 10 2014.....SUNRISE   719 AM EDT   SUNSET   804 PM EDT
SEPTEMBER 11 2014.....SUNRISE   720 AM EDT   SUNSET   802 PM EDT


-  INDICATES NEGATIVE NUMBERS.
R  INDICATES RECORD WAS SET OR TIED.
MM INDICATES DATA IS MISSING.
T  INDICATES TRACE AMOUNT.




$$
