000
CDUS43 KGRR 042241
CLIMKG


CLIMATE REPORT
NATIONAL WEATHER SERVICE GRAND RAPIDS, MI
538 PM EST MON DEC 4 2017


...................................

...THE MUSKEGON MI CLIMATE SUMMARY FOR DECEMBER 4 2017...
VALID TODAY AS OF 0500 PM LOCAL TIME.

CLIMATE NORMAL PERIOD 1981 TO 2010
CLIMATE RECORD PERIOD 1896 TO 2017


WEATHER ITEM   OBSERVED TIME   RECORD YEAR NORMAL DEPARTURE LAST
                VALUE   (LST)  VALUE       VALUE  FROM      YEAR
                                                  NORMAL
..................................................................
TEMPERATURE (F)
 TODAY
  MAXIMUM         61R   436 PM  60    1941  38     23       38
  MINIMUM         46    708 AM   7    1966  29     17       33
  AVERAGE         54                        34     20       36

PRECIPITATION (IN)
  TODAY            0.10          0.97 1920   0.10   0.00     0.37
  MONTH TO DATE    0.10                      0.39  -0.29     0.46
  SINCE DEC 1      0.10                      0.39  -0.29     0.46
  SINCE JAN 1     33.87                     31.33   2.54    37.79

SNOWFALL (IN)
  TODAY            0.0           4.1  1992   0.8   -0.8      3.6
  MONTH TO DATE    0.0                       2.8   -2.8      3.6
  SINCE DEC 1      0.0                       2.8   -2.8      3.6
  SINCE JUL 1      T                         9.0   -9.0      4.6
  SNOW DEPTH       0

DEGREE DAYS
 HEATING
  TODAY           11                        32    -21       29
  MONTH TO DATE   87                       125    -38      106
  SINCE DEC 1     87                       125    -38      106
  SINCE JUL 1   1246                      1492   -246     1011

 COOLING
  TODAY            0                         0      0        0
  MONTH TO DATE    0                         0      0        0
  SINCE DEC 1      0                         0      0        0
  SINCE JAN 1    615                       566     49      774
..................................................................


WIND (MPH)
  RESULTANT WIND SPEED  15   RESULTANT WIND DIRECTION   S (160)
  HIGHEST WIND SPEED    31   HIGHEST WIND DIRECTION     S (170)
  HIGHEST GUST SPEED    44   HIGHEST GUST DIRECTION     S (190)
  AVERAGE WIND SPEED    15.6


SKY COVER
  AVERAGE SKY COVER 0.7


WEATHER CONDITIONS
 THE FOLLOWING WEATHER WAS RECORDED TODAY.
  THUNDERSTORM
  RAIN
  LIGHT RAIN


RELATIVE HUMIDITY (PERCENT)
 HIGHEST    71           900 AM
 LOWEST     51           300 PM
 AVERAGE    61

..........................................................


THE MUSKEGON MI CLIMATE NORMALS FOR TOMORROW
                         NORMAL    RECORD    YEAR
 MAXIMUM TEMPERATURE (F)   38        63      2001
 MINIMUM TEMPERATURE (F)   28        10      1926


SUNRISE AND SUNSET
DECEMBER  4 2017......SUNRISE   800 AM EST   SUNSET   510 PM EST
DECEMBER  5 2017......SUNRISE   801 AM EST   SUNSET   510 PM EST


-  INDICATES NEGATIVE NUMBERS.
R  INDICATES RECORD WAS SET OR TIED.
MM INDICATES DATA IS MISSING.
T  INDICATES TRACE AMOUNT.




$$

63
