000
CDUS43 KGRR 230522
CLIMKG


CLIMATE REPORT
NATIONAL WEATHER SERVICE GRAND RAPIDS, MI
119 AM EDT SAT APR 23 2016


...................................

...THE MUSKEGON MI CLIMATE SUMMARY FOR APRIL 22 2016...

CLIMATE NORMAL PERIOD 1981 TO 2010
CLIMATE RECORD PERIOD 1896 TO 2016


WEATHER ITEM   OBSERVED TIME   RECORD YEAR NORMAL DEPARTURE LAST
                VALUE   (LST)  VALUE       VALUE  FROM      YEAR
                                                  NORMAL
..................................................................
TEMPERATURE (F)
 YESTERDAY
  MAXIMUM         63    256 PM  84    1985  59      4       41
  MINIMUM         45   1159 PM  22    1926  40      5       34
  AVERAGE         54                        49      5       38

PRECIPITATION (IN)
  YESTERDAY        0.00          1.05 1999   0.09  -0.09     0.01
  MONTH TO DATE    1.32                      2.13  -0.81     4.71
  SINCE MAR 1      6.26                      4.38   1.88     5.84
  SINCE JAN 1     10.47                      8.24   2.23     9.13

SNOWFALL (IN)
  YESTERDAY        0.0           2.0  1967   0.0    0.0       T
  MONTH TO DATE    2.4                       2.2    0.2       T
  SINCE MAR 1      7.3                      11.2   -3.9      4.0
  SINCE JUL 1     61.8                      93.6  -31.8     92.1
  SNOW DEPTH       0

DEGREE DAYS
 HEATING
  YESTERDAY       11                        16     -5       27
  MONTH TO DATE  451                       440     11      382
  SINCE MAR 1   1226                      1370   -144     1389
  SINCE JUL 1   5246                      6102   -856     6514

 COOLING
  YESTERDAY        0                         0      0        0
  MONTH TO DATE    0                         0      0        0
  SINCE MAR 1      0                         0      0        0
  SINCE JAN 1      0                         0      0        0
..................................................................


WIND (MPH)
  RESULTANT WIND SPEED   7   RESULTANT WIND DIRECTION   N (360)
  HIGHEST WIND SPEED    17   HIGHEST WIND DIRECTION     N (20)
  HIGHEST GUST SPEED    22   HIGHEST GUST DIRECTION     N (20)
  AVERAGE WIND SPEED     8.8


SKY COVER
  AVERAGE SKY COVER 0.6


WEATHER CONDITIONS
 THE FOLLOWING WEATHER WAS RECORDED YESTERDAY.
  FOG
  FOG W/VISIBILITY <= 1/4 MILE


RELATIVE HUMIDITY (PERCENT)
 HIGHEST    96           500 AM
 LOWEST     51           500 PM
 AVERAGE    74

..........................................................


THE MUSKEGON MI CLIMATE NORMALS FOR TODAY
                         NORMAL    RECORD    YEAR
 MAXIMUM TEMPERATURE (F)   59        80      1985
 MINIMUM TEMPERATURE (F)   40        19      1986


SUNRISE AND SUNSET
APRIL 23 2016.........SUNRISE   649 AM EDT   SUNSET   838 PM EDT
APRIL 24 2016.........SUNRISE   648 AM EDT   SUNSET   839 PM EDT


-  INDICATES NEGATIVE NUMBERS.
R  INDICATES RECORD WAS SET OR TIED.
MM INDICATES DATA IS MISSING.
T  INDICATES TRACE AMOUNT.




$$
