000
CDUS43 KGRR 170521
CLIMKG


CLIMATE REPORT
NATIONAL WEATHER SERVICE GRAND RAPIDS, MI
120 AM EDT MON APR 17 2017


...................................

...THE MUSKEGON MI CLIMATE SUMMARY FOR APRIL 16 2017...

CLIMATE NORMAL PERIOD 1981 TO 2010
CLIMATE RECORD PERIOD 1896 TO 2017


WEATHER ITEM   OBSERVED TIME   RECORD YEAR NORMAL DEPARTURE LAST
                VALUE   (LST)  VALUE       VALUE  FROM      YEAR
                                                  NORMAL
..................................................................
TEMPERATURE (F)
 YESTERDAY
  MAXIMUM         67    346 PM  81    1976  56     11       77
  MINIMUM         50    542 AM  20    1907  38     12       46
  AVERAGE         59                        47     12       62

PRECIPITATION (IN)
  YESTERDAY        0.21          1.51 1961   0.10   0.11     0.00
  MONTH TO DATE    2.13                      1.55   0.58     1.08
  SINCE MAR 1      4.74                      3.80   0.94     6.02
  SINCE JAN 1     10.44                      7.66   2.78    10.23

SNOWFALL (IN)
  YESTERDAY        0.0          11.0  1961   0.1   -0.1      0.0
  MONTH TO DATE    0.0                       2.0   -2.0      2.4
  SINCE MAR 1      4.5                      11.0   -6.5      7.3
  SINCE JUL 1     49.0                      93.4  -44.4     61.8
  SNOW DEPTH       0

DEGREE DAYS
 HEATING
  YESTERDAY        6                        18    -12        3
  MONTH TO DATE  259                       339    -80      404
  SINCE MAR 1   1163                      1269   -106     1179
  SINCE JUL 1   5028                      6001   -973     5199

 COOLING
  YESTERDAY        0                         0      0        0
  MONTH TO DATE    0                         0      0        0
  SINCE MAR 1      0                         0      0        0
  SINCE JAN 1      0                         0      0        0
..................................................................


WIND (MPH)
  RESULTANT WIND SPEED  10   RESULTANT WIND DIRECTION   W (250)
  HIGHEST WIND SPEED    29   HIGHEST WIND DIRECTION    SW (210)
  HIGHEST GUST SPEED    40   HIGHEST GUST DIRECTION    SW (220)
  AVERAGE WIND SPEED    10.4


SKY COVER
  AVERAGE SKY COVER 0.6


WEATHER CONDITIONS
 THE FOLLOWING WEATHER WAS RECORDED YESTERDAY.
  RAIN
  LIGHT RAIN
  FOG
  HAZE


RELATIVE HUMIDITY (PERCENT)
 HIGHEST   100           600 AM
 LOWEST     33           800 PM
 AVERAGE    67

..........................................................


THE MUSKEGON MI CLIMATE NORMALS FOR TODAY
                         NORMAL    RECORD    YEAR
 MAXIMUM TEMPERATURE (F)   57        81      1977
 MINIMUM TEMPERATURE (F)   38        22      1948


SUNRISE AND SUNSET
APRIL 17 2017.........SUNRISE   659 AM EDT   SUNSET   830 PM EDT
APRIL 18 2017.........SUNRISE   658 AM EDT   SUNSET   832 PM EDT


-  INDICATES NEGATIVE NUMBERS.
R  INDICATES RECORD WAS SET OR TIED.
MM INDICATES DATA IS MISSING.
T  INDICATES TRACE AMOUNT.




$$
