000
CDUS43 KGRR 290516
CLIMKG


CLIMATE REPORT
NATIONAL WEATHER SERVICE GRAND RAPIDS, MI
114 AM EDT WED JUL 29 2015


...................................

...THE MUSKEGON MI CLIMATE SUMMARY FOR JULY 28 2015...

CLIMATE NORMAL PERIOD 1981 TO 2010
CLIMATE RECORD PERIOD 1896 TO 2015


WEATHER ITEM   OBSERVED TIME   RECORD YEAR NORMAL DEPARTURE LAST
                VALUE   (LST)  VALUE       VALUE  FROM      YEAR
                                                  NORMAL
..................................................................
TEMPERATURE (F)
 YESTERDAY
  MAXIMUM         89    340 PM  91    1941  80      9       69
                                      1916
  MINIMUM         63    448 AM  47    1978  62      1       50
  AVERAGE         76                        71      5       60

PRECIPITATION (IN)
  YESTERDAY        0.00          1.53 1993   0.09  -0.09     0.00
  MONTH TO DATE    5.05                      2.11   2.94     3.73
  SINCE JUN 1      8.35                      4.66   3.69    10.75
  SINCE JAN 1     20.78                     16.93   3.85    24.05

SNOWFALL (IN)
  YESTERDAY        0.0          MM      MM   0.0    0.0      0.0
  MONTH TO DATE    0.0                       0.0    0.0      0.0
  SINCE JUN 1      0.0                       0.0    0.0      0.0
  SINCE JUL 1      0.0                       0.0    0.0      0.0
  SNOW DEPTH       0

DEGREE DAYS
 HEATING
  YESTERDAY        0                         0      0        5
  MONTH TO DATE   15                         4     11       23
  SINCE JUN 1     48                        70    -22       54
  SINCE JUL 1     15                         4     11       23

 COOLING
  YESTERDAY       11                         7      4        0
  MONTH TO DATE  141                       187    -46       74
  SINCE JUN 1    204                       292    -88      209
  SINCE JAN 1    243                       321    -78      226
..................................................................


WIND (MPH)
  RESULTANT WIND SPEED   4   RESULTANT WIND DIRECTION   S (180)
  HIGHEST WIND SPEED    13   HIGHEST WIND DIRECTION    SW (220)
  HIGHEST GUST SPEED    18   HIGHEST GUST DIRECTION     S (190)
  AVERAGE WIND SPEED     5.0


SKY COVER
  AVERAGE SKY COVER 0.4


WEATHER CONDITIONS
 THE FOLLOWING WEATHER WAS RECORDED YESTERDAY.
  NO SIGNIFICANT WEATHER WAS OBSERVED.


RELATIVE HUMIDITY (PERCENT)
 HIGHEST    87           500 AM
 LOWEST     36           100 PM
 AVERAGE    62

..........................................................


THE MUSKEGON MI CLIMATE NORMALS FOR TODAY
                         NORMAL    RECORD    YEAR
 MAXIMUM TEMPERATURE (F)   80        95      1916
 MINIMUM TEMPERATURE (F)   62        48      1971
                                             1956
                                             1952


SUNRISE AND SUNSET
JULY 29 2015..........SUNRISE   632 AM EDT   SUNSET   910 PM EDT
JULY 30 2015..........SUNRISE   633 AM EDT   SUNSET   909 PM EDT


-  INDICATES NEGATIVE NUMBERS.
R  INDICATES RECORD WAS SET OR TIED.
MM INDICATES DATA IS MISSING.
T  INDICATES TRACE AMOUNT.




$$
