000
CDUS43 KGRR 161440
CLIMKG


CLIMATE REPORT
NATIONAL WEATHER SERVICE GRAND RAPIDS, MI
940 AM EST THU FEB 16 2017


...................................

...THE MUSKEGON MI CLIMATE SUMMARY FOR FEBRUARY 16 2017...
VALID AS OF 0900 AM LOCAL TIME.

CLIMATE NORMAL PERIOD 1981 TO 2010
CLIMATE RECORD PERIOD 1896 TO 2017


WEATHER ITEM   OBSERVED TIME   RECORD YEAR NORMAL DEPARTURE LAST
                VALUE   (LST)  VALUE       VALUE  FROM      YEAR
                                                  NORMAL
..................................................................
TEMPERATURE (F)
 TODAY
  MAXIMUM         27    117 AM  51    1921  33     -6       32
  MINIMUM         16    742 AM -18    1904  21     -5       26
  AVERAGE         22                        27     -5       29

PRECIPITATION (IN)
  TODAY            0.00          1.20 2006   0.07  -0.07     0.06
  MONTH TO DATE    0.16                      0.97  -0.81     1.51
  SINCE DEC 1      5.41                      5.55  -0.14     8.87
  SINCE JAN 1      3.19                      3.00   0.19     3.97

SNOWFALL (IN)
  TODAY            0.0           9.0  1914   0.7   -0.7      0.8
  MONTH TO DATE    0.3                      12.0  -11.7      5.0
  SINCE DEC 1     38.1                      68.9  -30.8     47.1
  SINCE JUL 1     39.1                      75.1  -36.0     51.0
  SNOW DEPTH       0

DEGREE DAYS
 HEATING
  TODAY           43                        38      5       36
  MONTH TO DATE  561                       624    -63      619
  SINCE DEC 1   2699                      2929   -230     2559
  SINCE JUL 1   3604                      4296   -692     3626

 COOLING
  TODAY            0                         0      0        0
  MONTH TO DATE    0                         0      0        0
  SINCE DEC 1      0                         0      0        0
  SINCE JAN 1      0                         0      0        0
..................................................................


WIND (MPH)
  RESULTANT WIND SPEED   3   RESULTANT WIND DIRECTION   N (20)
  HIGHEST WIND SPEED     8   HIGHEST WIND DIRECTION     N (10)
  HIGHEST GUST SPEED    11   HIGHEST GUST DIRECTION     N (360)
  AVERAGE WIND SPEED     4.3


SKY COVER
  AVERAGE SKY COVER 0.6


WEATHER CONDITIONS
 THE FOLLOWING WEATHER WAS RECORDED TODAY.
  NO SIGNIFICANT WEATHER WAS OBSERVED.


RELATIVE HUMIDITY (PERCENT)
 HIGHEST    80           800 AM
 LOWEST     55          1200 AM
 AVERAGE    68

..........................................................


THE MUSKEGON MI CLIMATE NORMALS FOR TOMORROW
                         NORMAL    RECORD    YEAR
 MAXIMUM TEMPERATURE (F)   34        53      2011
 MINIMUM TEMPERATURE (F)   21       -15      1904


SUNRISE AND SUNSET
FEBRUARY 16 2017......SUNRISE   741 AM EST   SUNSET   618 PM EST
FEBRUARY 17 2017......SUNRISE   739 AM EST   SUNSET   619 PM EST


-  INDICATES NEGATIVE NUMBERS.
R  INDICATES RECORD WAS SET OR TIED.
MM INDICATES DATA IS MISSING.
T  INDICATES TRACE AMOUNT.




$$
