000
CDUS43 KGRR 092143
CLIMKG


CLIMATE REPORT
NATIONAL WEATHER SERVICE GRAND RAPIDS, MI
543 PM EDT FRI JUN 9 2017


...................................

...THE MUSKEGON MI CLIMATE SUMMARY FOR JUNE 9 2017...
VALID TODAY AS OF 0500 PM LOCAL TIME.

CLIMATE NORMAL PERIOD 1981 TO 2010
CLIMATE RECORD PERIOD 1896 TO 2017


WEATHER ITEM   OBSERVED TIME   RECORD YEAR NORMAL DEPARTURE LAST
                VALUE   (LST)  VALUE       VALUE  FROM      YEAR
                                                  NORMAL
..................................................................
TEMPERATURE (F)
 TODAY
  MAXIMUM         77    118 PM  90    1968  74      3       73
  MINIMUM         61    623 AM  38    1969  55      6       43
  AVERAGE         69                        64      5       58

PRECIPITATION (IN)
  TODAY            T             1.05 2004   0.09  -0.09     0.00
  MONTH TO DATE    0.42                      0.82  -0.40     0.48
  SINCE JUN 1      0.42                      0.82  -0.40     0.48
  SINCE JAN 1     14.90                     13.09   1.81    14.41

SNOWFALL (IN)
  TODAY            0.0          MM      MM   0.0    0.0      0.0
  MONTH TO DATE    0.0                       0.0    0.0      0.0
  SINCE JUN 1      0.0                       0.0    0.0      0.0
  SINCE JUL 1     49.0                      93.7  -44.7     61.8
  SNOW DEPTH       0

DEGREE DAYS
 HEATING
  TODAY            0                         3     -3        7
  MONTH TO DATE   15                        33    -18       32
  SINCE JUN 1     15                        33    -18       32
  SINCE JUL 1   5486                      6527  -1041     5651

 COOLING
  TODAY            4                         2      2        0
  MONTH TO DATE   16                        18     -2       11
  SINCE JUN 1     16                        18     -2       11
  SINCE JAN 1     38                        47     -9       55
..................................................................


WIND (MPH)
  RESULTANT WIND SPEED   4   RESULTANT WIND DIRECTION  SW (210)
  HIGHEST WIND SPEED    14   HIGHEST WIND DIRECTION    SW (210)
  HIGHEST GUST SPEED    18   HIGHEST GUST DIRECTION    SW (230)
  AVERAGE WIND SPEED     7.9


SKY COVER
  AVERAGE SKY COVER 0.7


WEATHER CONDITIONS
 THE FOLLOWING WEATHER WAS RECORDED TODAY.
  LIGHT RAIN


RELATIVE HUMIDITY (PERCENT)
 HIGHEST    90           500 AM
 LOWEST     43           100 PM
 AVERAGE    67

..........................................................


THE MUSKEGON MI CLIMATE NORMALS FOR TOMORROW
                         NORMAL    RECORD    YEAR
 MAXIMUM TEMPERATURE (F)   75        89      2012
                                             1999
 MINIMUM TEMPERATURE (F)   55        33      1980


SUNRISE AND SUNSET
JUNE  9 2017..........SUNRISE   605 AM EDT   SUNSET   924 PM EDT
JUNE 10 2017..........SUNRISE   605 AM EDT   SUNSET   924 PM EDT


-  INDICATES NEGATIVE NUMBERS.
R  INDICATES RECORD WAS SET OR TIED.
MM INDICATES DATA IS MISSING.
T  INDICATES TRACE AMOUNT.




$$
