000
CDUS43 KGRR 082124
CLIMKG


CLIMATE REPORT
NATIONAL WEATHER SERVICE GRAND RAPIDS, MI
523 PM EDT SAT JUL 8 2017


...................................

...THE MUSKEGON MI CLIMATE SUMMARY FOR JULY 8 2017...
VALID TODAY AS OF 0500 PM LOCAL TIME.

CLIMATE NORMAL PERIOD 1981 TO 2010
CLIMATE RECORD PERIOD 1896 TO 2017


WEATHER ITEM   OBSERVED TIME   RECORD YEAR NORMAL DEPARTURE LAST
                VALUE   (LST)  VALUE       VALUE  FROM      YEAR
                                                  NORMAL
..................................................................
TEMPERATURE (F)
 TODAY
  MAXIMUM         74    153 PM  93    1911  80     -6       84
  MINIMUM         59    550 AM  45    1984  62     -3       66
                                      1934
  AVERAGE         67                        71     -4       75

PRECIPITATION (IN)
  TODAY            0.00          0.92 1971   0.07  -0.07      T
  MONTH TO DATE    0.76                      0.58   0.18     0.28
  SINCE JUN 1      4.40                      3.13   1.27     2.62
  SINCE JAN 1     18.88                     15.40   3.48    16.55

SNOWFALL (IN)
  TODAY            0.0          MM      MM   0.0    0.0      0.0
  MONTH TO DATE    0.0                       0.0    0.0      0.0
  SINCE JUN 1      0.0                       0.0    0.0      0.0
  SINCE JUL 1      0.0                       0.0    0.0      0.0
  SNOW DEPTH       0

DEGREE DAYS
 HEATING
  TODAY            0                         0      0        0
  MONTH TO DATE    0                         4     -4        8
  SINCE JUN 1     34                        70    -36       46
  SINCE JUL 1      0                         4     -4        8

 COOLING
  TODAY            2                         6     -4       10
  MONTH TO DATE   48                        48      0       36
  SINCE JUN 1    178                       153     25      153
  SINCE JAN 1    200                       182     18      197
..................................................................


WIND (MPH)
  RESULTANT WIND SPEED   9   RESULTANT WIND DIRECTION  NW (330)
  HIGHEST WIND SPEED    17   HIGHEST WIND DIRECTION    NW (300)
  HIGHEST GUST SPEED    22   HIGHEST GUST DIRECTION     W (290)
  AVERAGE WIND SPEED    10.0


SKY COVER
  AVERAGE SKY COVER 0.3


WEATHER CONDITIONS
 THE FOLLOWING WEATHER WAS RECORDED TODAY.
  NO SIGNIFICANT WEATHER WAS OBSERVED.


RELATIVE HUMIDITY (PERCENT)
 HIGHEST    80           500 AM
 LOWEST     44          1100 AM
 AVERAGE    62

..........................................................


THE MUSKEGON MI CLIMATE NORMALS FOR TOMORROW
                         NORMAL    RECORD    YEAR
 MAXIMUM TEMPERATURE (F)   81        94      1897
 MINIMUM TEMPERATURE (F)   62        46      1942


SUNRISE AND SUNSET
JULY  8 2017..........SUNRISE   614 AM EDT   SUNSET   926 PM EDT
JULY  9 2017..........SUNRISE   614 AM EDT   SUNSET   926 PM EDT


-  INDICATES NEGATIVE NUMBERS.
R  INDICATES RECORD WAS SET OR TIED.
MM INDICATES DATA IS MISSING.
T  INDICATES TRACE AMOUNT.




$$

JAM
