000
CDUS43 KGRR 122135
CLIMKG


CLIMATE REPORT
NATIONAL WEATHER SERVICE GRAND RAPIDS, MI
533 PM EDT THU MAY 12 2016


...................................

...THE MUSKEGON MI CLIMATE SUMMARY FOR MAY 12 2016...
VALID TODAY AS OF 0500 PM LOCAL TIME.

CLIMATE NORMAL PERIOD 1981 TO 2010
CLIMATE RECORD PERIOD 1896 TO 2016


WEATHER ITEM   OBSERVED TIME   RECORD YEAR NORMAL DEPARTURE LAST
                VALUE   (LST)  VALUE       VALUE  FROM      YEAR
                                                  NORMAL
..................................................................
TEMPERATURE (F)
 TODAY
  MAXIMUM         68   1103 AM  83    2011  66      2       50
  MINIMUM         54    337 PM  32    1996  46      8       45
                                      1951
                                      1946
  AVERAGE         61                        56      5       48

PRECIPITATION (IN)
  TODAY            0.10          1.23 1999   0.10   0.00     0.00
  MONTH TO DATE    1.38                      1.23   0.15     1.93
  SINCE MAR 1      8.72                      6.39   2.33     7.78
  SINCE JAN 1     12.93                     10.25   2.68    11.07

SNOWFALL (IN)
  TODAY            0.0           0.0    MM   0.0    0.0      0.0
  MONTH TO DATE    0.0                       0.0    0.0      0.0
  SINCE MAR 1      7.3                      11.3   -4.0      4.0
  SINCE JUL 1     61.8                      93.7  -31.9     92.1
  SNOW DEPTH       0

DEGREE DAYS
 HEATING
  TODAY            4                        10     -6       17
  MONTH TO DATE  139                       137      2       73
  SINCE MAR 1   1483                      1623   -140     1615
  SINCE JUL 1   5503                      6355   -852     6740

 COOLING
  TODAY            0                         1     -1        0
  MONTH TO DATE    0                         4     -4       12
  SINCE MAR 1      0                         8     -8       12
  SINCE JAN 1      0                         8     -8       12
..................................................................


WIND (MPH)
  RESULTANT WIND SPEED   3   RESULTANT WIND DIRECTION   S (190)
  HIGHEST WIND SPEED    14   HIGHEST WIND DIRECTION     W (270)
  HIGHEST GUST SPEED    19   HIGHEST GUST DIRECTION     W (260)
  AVERAGE WIND SPEED     6.5


SKY COVER
  AVERAGE SKY COVER 0.8


WEATHER CONDITIONS
 THE FOLLOWING WEATHER WAS RECORDED TODAY.
  LIGHT RAIN
  FOG
  HAZE


RELATIVE HUMIDITY (PERCENT)
 HIGHEST    90           500 AM
 LOWEST     68          1100 AM
 AVERAGE    79

..........................................................


THE MUSKEGON MI CLIMATE NORMALS FOR TOMORROW
                         NORMAL    RECORD    YEAR
 MAXIMUM TEMPERATURE (F)   66        84      1982
 MINIMUM TEMPERATURE (F)   46        25      1996


SUNRISE AND SUNSET
MAY 12 2016...........SUNRISE   624 AM EDT   SUNSET   859 PM EDT
MAY 13 2016...........SUNRISE   623 AM EDT   SUNSET   900 PM EDT


-  INDICATES NEGATIVE NUMBERS.
R  INDICATES RECORD WAS SET OR TIED.
MM INDICATES DATA IS MISSING.
T  INDICATES TRACE AMOUNT.




$$

63
