000
CDUS43 KGRR 052200
CLIMKG


CLIMATE REPORT
NATIONAL WEATHER SERVICE GRAND RAPIDS, MI
500 PM EST SUN NOV 5 2017


...................................

...THE MUSKEGON MI CLIMATE SUMMARY FOR NOVEMBER 5 2017...
VALID TODAY AS OF 0400 PM LOCAL TIME.

CLIMATE NORMAL PERIOD 1981 TO 2010
CLIMATE RECORD PERIOD 1896 TO 2017


WEATHER ITEM   OBSERVED TIME   RECORD YEAR NORMAL DEPARTURE LAST
                VALUE   (LST)  VALUE       VALUE  FROM      YEAR
                                                  NORMAL
..................................................................
TEMPERATURE (F)
 TODAY
  MAXIMUM         52   1117 AM  69    2015  51      1       62
                                      2008
  MINIMUM         47    143 AM  15    1951  37     10       42
  AVERAGE         50                        44      6       52

PRECIPITATION (IN)
  TODAY            T             2.12 1990   0.12  -0.12     0.00
  MONTH TO DATE    0.44                      0.59  -0.15     0.31
  SINCE SEP 1     10.51                      7.59   2.92    10.01
  SINCE JAN 1     31.67                     28.17   3.50    35.16

SNOWFALL (IN)
  TODAY            0.0           4.7  1990   0.1   -0.1      0.0
  MONTH TO DATE    T                         0.3   -0.3      0.0
  SINCE SEP 1      T                         0.5   -0.5      0.0
  SINCE JUL 1      T                         0.5   -0.5      0.0
  SNOW DEPTH       0

DEGREE DAYS
 HEATING
  TODAY           15                        21     -6       13
  MONTH TO DATE   99                       102     -3       55
  SINCE SEP 1    485                       695   -210      398
  SINCE JUL 1    498                       725   -227      407

 COOLING
  TODAY            0                         0      0        0
  MONTH TO DATE    0                         0      0        0
  SINCE SEP 1    121                        59     62      110
  SINCE JAN 1    615                       566     49      774
..................................................................


WIND (MPH)
  RESULTANT WIND SPEED   2   RESULTANT WIND DIRECTION   W (280)
  HIGHEST WIND SPEED    17   HIGHEST WIND DIRECTION    NW (310)
  HIGHEST GUST SPEED    23   HIGHEST GUST DIRECTION    NW (310)
  AVERAGE WIND SPEED     4.9


SKY COVER
  AVERAGE SKY COVER 1.0


WEATHER CONDITIONS
 THE FOLLOWING WEATHER WAS RECORDED TODAY.
  LIGHT RAIN
  FOG
  FOG W/VISIBILITY <= 1/4 MILE


RELATIVE HUMIDITY (PERCENT)
 HIGHEST   100          1200 AM
 LOWEST     74           400 PM
 AVERAGE    87

..........................................................


THE MUSKEGON MI CLIMATE NORMALS FOR TOMORROW
                         NORMAL    RECORD    YEAR
 MAXIMUM TEMPERATURE (F)   51        72      2008
 MINIMUM TEMPERATURE (F)   37        12      1951


SUNRISE AND SUNSET
NOVEMBER  5 2017......SUNRISE   725 AM EST   SUNSET   531 PM EST
NOVEMBER  6 2017......SUNRISE   726 AM EST   SUNSET   530 PM EST


-  INDICATES NEGATIVE NUMBERS.
R  INDICATES RECORD WAS SET OR TIED.
MM INDICATES DATA IS MISSING.
T  INDICATES TRACE AMOUNT.




$$
