000
CDUS43 KGRR 101440
CLIMKG


CLIMATE REPORT
NATIONAL WEATHER SERVICE GRAND RAPIDS, MI
938 AM EST MON NOV 10 2014


...................................

...THE MUSKEGON MI CLIMATE SUMMARY FOR NOVEMBER 10 2014...
VALID AS OF 0900 AM LOCAL TIME.

CLIMATE NORMAL PERIOD 1981 TO 2010
CLIMATE RECORD PERIOD 1896 TO 2014


WEATHER ITEM   OBSERVED TIME   RECORD YEAR NORMAL DEPARTURE LAST
                VALUE   (LST)  VALUE       VALUE  FROM      YEAR
                                                  NORMAL
..................................................................
TEMPERATURE (F)
 TODAY
  MAXIMUM         41    859 AM  70    1911  49     -8       47
  MINIMUM         39    640 AM  21    1981  36      3       33
  AVERAGE         40                        42     -2       40

PRECIPITATION (IN)
  TODAY            0.03          2.02 1995   0.11  -0.08     0.00
  MONTH TO DATE    0.51                      1.14  -0.63     1.09
  SINCE SEP 1      6.61                      8.14  -1.53     7.51
  SINCE JAN 1     33.22                     28.72   4.50    38.76

SNOWFALL (IN)
  TODAY            0.0           3.5  1979   0.1   -0.1      0.0
  MONTH TO DATE    T                         0.8   -0.8      0.0
  SINCE SEP 1      T                         1.0   -1.0       T
  SINCE JUL 1      T                         1.0   -1.0       T
  SNOW DEPTH       0

DEGREE DAYS
 HEATING
  TODAY           25                        23      2       25
  MONTH TO DATE  216                       212      4      187
  SINCE SEP 1    788                       805    -17      660
  SINCE JUL 1    837                       835      2      695

 COOLING
  TODAY            0                         0      0        0
  MONTH TO DATE    0                         0      0        0
  SINCE SEP 1     46                        59    -13       87
  SINCE JAN 1    442                       566   -124      626
..................................................................


WIND (MPH)
  HIGHEST WIND SPEED    12   HIGHEST WIND DIRECTION     E (100)
  HIGHEST GUST SPEED    15   HIGHEST GUST DIRECTION     E (100)



WEATHER CONDITIONS
 THE FOLLOWING WEATHER WAS RECORDED TODAY.
  LIGHT RAIN
  FOG


..........................................................




SUNRISE AND SUNSET
NOVEMBER 10 2014......SUNRISE   731 AM EST   SUNSET   526 PM EST
NOVEMBER 11 2014......SUNRISE   733 AM EST   SUNSET   525 PM EST


-  INDICATES NEGATIVE NUMBERS.
R  INDICATES RECORD WAS SET OR TIED.
MM INDICATES DATA IS MISSING.
T  INDICATES TRACE AMOUNT.




$$

JAM
