000
CDUS43 KGRR 070522
CLIMKG


CLIMATE REPORT
NATIONAL WEATHER SERVICE GRAND RAPIDS, MI
121 AM EDT MON APR 7 2014


...................................

...THE MUSKEGON MI CLIMATE SUMMARY FOR APRIL 6 2014...

CLIMATE NORMAL PERIOD 1981 TO 2010
CLIMATE RECORD PERIOD 1895 TO 2014


WEATHER ITEM   OBSERVED TIME   RECORD YEAR NORMAL DEPARTURE LAST
                VALUE   (LST)  VALUE       VALUE  FROM      YEAR
                                                  NORMAL
..................................................................
TEMPERATURE (F)
 YESTERDAY
  MAXIMUM         52    412 PM  76    1929  52      0       59
  MINIMUM         29   1219 AM  16    2003  34     -5       36
                                      1943
  AVERAGE         41                        43     -2       48

PRECIPITATION (IN)
  YESTERDAY        0.00          0.93 1978   0.10  -0.10     0.04
  MONTH TO DATE    0.48                      0.55  -0.07     0.04
  SINCE MAR 1      2.15                      2.80  -0.65     1.29
  SINCE JAN 1      7.28                      6.66   0.62    10.73

SNOWFALL (IN)
  YESTERDAY        0.0           4.0  1914   0.2   -0.2      0.0
  MONTH TO DATE    T                         1.0   -1.0       T
  SINCE MAR 1      7.5                      10.0   -2.5      5.7
  SINCE JUL 1    131.1                      92.4   38.7     98.6
  SNOW DEPTH       0

DEGREE DAYS
 HEATING
  YESTERDAY       24                        22      2       17
  MONTH TO DATE  158                       139     19      173
  SINCE MAR 1   1346                      1069    277     1207
  SINCE JUL 1   6486                      5801    685     5629

 COOLING
  YESTERDAY        0                         0      0        0
  MONTH TO DATE    0                         0      0        0
  SINCE MAR 1      0                         0      0        0
  SINCE JAN 1      0                         0      0        0
..................................................................


WIND (MPH)
  RESULTANT WIND SPEED   8   RESULTANT WIND DIRECTION  SW (210)
  HIGHEST WIND SPEED    20   HIGHEST WIND DIRECTION     S (200)
  HIGHEST GUST SPEED    24   HIGHEST GUST DIRECTION     S (190)
  AVERAGE WIND SPEED     8.2


SKY COVER
  AVERAGE SKY COVER 0.3


WEATHER CONDITIONS
 THE FOLLOWING WEATHER WAS RECORDED YESTERDAY.
  NO SIGNIFICANT WEATHER WAS OBSERVED.


RELATIVE HUMIDITY (PERCENT)
 HIGHEST    69          1200 AM
 LOWEST     36          1100 AM
 AVERAGE    53

..........................................................


THE MUSKEGON MI CLIMATE NORMALS FOR TODAY
                         NORMAL    RECORD    YEAR
 MAXIMUM TEMPERATURE (F)   52        77      2001
 MINIMUM TEMPERATURE (F)   34         1      1982


SUNRISE AND SUNSET
APRIL  7 2014.........SUNRISE   716 AM EDT   SUNSET   818 PM EDT
APRIL  8 2014.........SUNRISE   715 AM EDT   SUNSET   820 PM EDT


-  INDICATES NEGATIVE NUMBERS.
R  INDICATES RECORD WAS SET OR TIED.
MM INDICATES DATA IS MISSING.
T  INDICATES TRACE AMOUNT.




$$
