000
CDUS43 KGRR 102123
CLIMKG


CLIMATE REPORT
NATIONAL WEATHER SERVICE GRAND RAPIDS, MI
523 PM EDT SAT SEP 10 2016


...................................

...THE MUSKEGON MI CLIMATE SUMMARY FOR SEPTEMBER 10 2016...
VALID TODAY AS OF 0500 PM LOCAL TIME.

CLIMATE NORMAL PERIOD 1981 TO 2010
CLIMATE RECORD PERIOD 1896 TO 2016


WEATHER ITEM   OBSERVED TIME   RECORD YEAR NORMAL DEPARTURE LAST
                VALUE   (LST)  VALUE       VALUE  FROM      YEAR
                                                  NORMAL
..................................................................
TEMPERATURE (F)
 TODAY
  MAXIMUM         76   1000 AM  88    1983  74      2       76
                                      1961
                                      1912
  MINIMUM         65    306 PM  39    1995  55     10       53
  AVERAGE         71                        64      7       65

PRECIPITATION (IN)
  TODAY            0.10          4.06 1986   0.13  -0.03      T
  MONTH TO DATE    4.40                      1.23   3.17     1.23
  SINCE SEP 1      4.40                      1.23   3.17     1.23
  SINCE JAN 1     29.55                     21.81   7.74    24.36

SNOWFALL (IN)
  TODAY            0.0          MM      MM   0.0    0.0      0.0
  MONTH TO DATE    0.0                       0.0    0.0      0.0
  SINCE SEP 1      0.0                       0.0    0.0      0.0
  SINCE JUL 1      0.0                       0.0    0.0      0.0
  SNOW DEPTH       0

DEGREE DAYS
 HEATING
  TODAY            0                         3     -3        0
  MONTH TO DATE    1                        23    -22        0
  SINCE SEP 1      1                        23    -22        0
  SINCE JUL 1     10                        53    -43       32

 COOLING
  TODAY            6                         2      4        0
  MONTH TO DATE   62                        31     31       80
  SINCE SEP 1     62                        31     31       80
  SINCE JAN 1    726                       538    188      534
..................................................................


WIND (MPH)
  RESULTANT WIND SPEED   3   RESULTANT WIND DIRECTION  SW (220)
  HIGHEST WIND SPEED    23   HIGHEST WIND DIRECTION    NW (320)
  HIGHEST GUST SPEED    31   HIGHEST GUST DIRECTION     W (290)
  AVERAGE WIND SPEED     6.1


SKY COVER
  AVERAGE SKY COVER 0.8


WEATHER CONDITIONS
 THE FOLLOWING WEATHER WAS RECORDED TODAY.
  RAIN
  LIGHT RAIN
  FOG


RELATIVE HUMIDITY (PERCENT)
 HIGHEST    97           100 AM
 LOWEST     81           300 AM
 AVERAGE    89

..........................................................


THE MUSKEGON MI CLIMATE NORMALS FOR TOMORROW
                         NORMAL    RECORD    YEAR
 MAXIMUM TEMPERATURE (F)   73        88      1952
 MINIMUM TEMPERATURE (F)   55        34      1943


SUNRISE AND SUNSET
SEPTEMBER 10 2016.....SUNRISE   720 AM EDT   SUNSET   803 PM EDT
SEPTEMBER 11 2016.....SUNRISE   721 AM EDT   SUNSET   801 PM EDT


-  INDICATES NEGATIVE NUMBERS.
R  INDICATES RECORD WAS SET OR TIED.
MM INDICATES DATA IS MISSING.
T  INDICATES TRACE AMOUNT.




$$
