000
CDUS43 KGRR 060524
CLIMKG


CLIMATE REPORT
NATIONAL WEATHER SERVICE GRAND RAPIDS, MI
1222 AM EST SAT JAN 6 2018


...................................

...THE MUSKEGON MI CLIMATE SUMMARY FOR JANUARY 5 2018...

CLIMATE NORMAL PERIOD 1981 TO 2010
CLIMATE RECORD PERIOD 1896 TO 2018


WEATHER ITEM   OBSERVED TIME   RECORD YEAR NORMAL DEPARTURE LAST
                VALUE   (LST)  VALUE       VALUE  FROM      YEAR
                                                  NORMAL
..................................................................
TEMPERATURE (F)
 YESTERDAY
  MAXIMUM         13    330 PM  54    1998  31    -18       15
  MINIMUM         -3    852 AM -12    1912  21    -24        9
  AVERAGE          5                        26    -21       12

PRECIPITATION (IN)
  YESTERDAY        0.01          0.65 1955   0.07  -0.06     0.09
                                      1939
  MONTH TO DATE    0.62                      0.36   0.26     0.26
  SINCE DEC 1      3.39                      2.91   0.48     2.48
  SINCE JAN 1      0.62                      0.36   0.26     0.26

SNOWFALL (IN)
  YESTERDAY        0.3           4.3  1991   1.0   -0.7      2.3
  MONTH TO DATE    9.1                       4.5    4.6      3.5
  SINCE DEC 1     60.8                      33.4   27.4     26.5
  SINCE JUL 1     60.8                      39.6   21.2     27.5
  SNOW DEPTH      16

DEGREE DAYS
 HEATING
  YESTERDAY       60                        39     21       53
  MONTH TO DATE  261                       193     68      189
  SINCE DEC 1   1455                      1272    183     1249
  SINCE JUL 1   2614                      2639    -25     2154

 COOLING
  YESTERDAY        0                         0      0        0
  MONTH TO DATE    0                         0      0        0
  SINCE DEC 1      0                         0      0        0
  SINCE JAN 1      0                         0      0        0
..................................................................


WIND (MPH)
  RESULTANT WIND SPEED   2   RESULTANT WIND DIRECTION  NE (60)
  HIGHEST WIND SPEED    16   HIGHEST WIND DIRECTION     N (350)
  HIGHEST GUST SPEED    20   HIGHEST GUST DIRECTION     N (350)
  AVERAGE WIND SPEED     4.8


SKY COVER
  AVERAGE SKY COVER 0.8


WEATHER CONDITIONS
 THE FOLLOWING WEATHER WAS RECORDED YESTERDAY.
  LIGHT SNOW
  FOG
  HAZE


RELATIVE HUMIDITY (PERCENT)
 HIGHEST    87           600 AM
 LOWEST     58           100 PM
 AVERAGE    73

..........................................................


THE MUSKEGON MI CLIMATE NORMALS FOR TODAY
                         NORMAL    RECORD    YEAR
 MAXIMUM TEMPERATURE (F)   31        56      2008
 MINIMUM TEMPERATURE (F)   21        -4      1912


SUNRISE AND SUNSET
JANUARY  6 2018.......SUNRISE   817 AM EST   SUNSET   525 PM EST
JANUARY  7 2018.......SUNRISE   816 AM EST   SUNSET   526 PM EST


-  INDICATES NEGATIVE NUMBERS.
R  INDICATES RECORD WAS SET OR TIED.
MM INDICATES DATA IS MISSING.
T  INDICATES TRACE AMOUNT.




$$
