000
CDUS43 KGRR 120550
CLIMKG


CLIMATE REPORT
NATIONAL WEATHER SERVICE GRAND RAPIDS, MI
149 AM EDT FRI AUG 12 2016


...................................

...THE MUSKEGON MI CLIMATE SUMMARY FOR AUGUST 11 2016...

CLIMATE NORMAL PERIOD 1981 TO 2010
CLIMATE RECORD PERIOD 1896 TO 2016


WEATHER ITEM   OBSERVED TIME   RECORD YEAR NORMAL DEPARTURE LAST
                VALUE   (LST)  VALUE       VALUE  FROM      YEAR
                                                  NORMAL
..................................................................
TEMPERATURE (F)
 YESTERDAY
  MAXIMUM         88    549 PM  91    1947  79      9       81
  MINIMUM         71    606 AM  47    1968  62      9       64
                                      1965
  AVERAGE         80                        71      9       73

PRECIPITATION (IN)
  YESTERDAY        T             1.57 1941   0.11  -0.11     0.00
  MONTH TO DATE    T                         1.16  -1.16     0.67
  SINCE JUN 1      8.36                      6.08   2.28     9.02
  SINCE JAN 1     22.29                     18.35   3.94    21.45

SNOWFALL (IN)
  YESTERDAY        0.0          MM      MM   0.0    0.0      0.0
  MONTH TO DATE    0.0                       0.0    0.0      0.0
  SINCE JUN 1      0.0                       0.0    0.0      0.0
  SINCE JUL 1      0.0                       0.0    0.0      0.0
  SNOW DEPTH       0

DEGREE DAYS
 HEATING
  YESTERDAY        0                         0      0        0
  MONTH TO DATE    0                         0      0        0
  SINCE JUN 1     47                        77    -30       48
  SINCE JUL 1      9                        11     -2       15

 COOLING
  YESTERDAY       15                         6      9        8
  MONTH TO DATE  102                        66     36       77
  SINCE JUN 1    460                       373     87      317
  SINCE JAN 1    504                       402    102      356
..................................................................


WIND (MPH)
  RESULTANT WIND SPEED   8   RESULTANT WIND DIRECTION   S (200)
  HIGHEST WIND SPEED    22   HIGHEST WIND DIRECTION    SW (210)
  HIGHEST GUST SPEED    29   HIGHEST GUST DIRECTION     S (180)
  AVERAGE WIND SPEED     9.8


SKY COVER
  AVERAGE SKY COVER 0.6


WEATHER CONDITIONS
 THE FOLLOWING WEATHER WAS RECORDED YESTERDAY.
  LIGHT RAIN
  FOG


RELATIVE HUMIDITY (PERCENT)
 HIGHEST    93           400 AM
 LOWEST     59           600 PM
 AVERAGE    76

..........................................................


THE MUSKEGON MI CLIMATE NORMALS FOR TODAY
                         NORMAL    RECORD    YEAR
 MAXIMUM TEMPERATURE (F)   79        91      1993
                                             1988
                                             1918
 MINIMUM TEMPERATURE (F)   62        45      1979


SUNRISE AND SUNSET
AUGUST 12 2016........SUNRISE   648 AM EDT   SUNSET   851 PM EDT
AUGUST 13 2016........SUNRISE   649 AM EDT   SUNSET   850 PM EDT


-  INDICATES NEGATIVE NUMBERS.
R  INDICATES RECORD WAS SET OR TIED.
MM INDICATES DATA IS MISSING.
T  INDICATES TRACE AMOUNT.




$$
