601
CDUS43 KGRR 152125
CLIMKG


CLIMATE REPORT
NATIONAL WEATHER SERVICE GRAND RAPIDS, MI
525 PM EDT THU JUN 15 2017


...................................

...THE MUSKEGON MI CLIMATE SUMMARY FOR JUNE 15 2017...
VALID TODAY AS OF 0500 PM LOCAL TIME.

CLIMATE NORMAL PERIOD 1981 TO 2010
CLIMATE RECORD PERIOD 1896 TO 2017


WEATHER ITEM   OBSERVED TIME   RECORD YEAR NORMAL DEPARTURE LAST
                VALUE   (LST)  VALUE       VALUE  FROM      YEAR
                                                  NORMAL
..................................................................
TEMPERATURE (F)
 TODAY
  MAXIMUM         79    133 PM  90    1987  76      3       81
                                      1954
  MINIMUM         67    534 AM  39    1997  57     10       62
                                      1914
  AVERAGE         73                        66      7       72

PRECIPITATION (IN)
  TODAY            0.00          2.05 1920   0.09  -0.09     0.77
  MONTH TO DATE    0.59                      1.35  -0.76     1.76
  SINCE JUN 1      0.59                      1.35  -0.76     1.76
  SINCE JAN 1     15.07                     13.62   1.45    15.69

SNOWFALL (IN)
  TODAY            0.0          MM      MM   0.0    0.0      0.0
  MONTH TO DATE    0.0                       0.0    0.0      0.0
  SINCE JUN 1      0.0                       0.0    0.0      0.0
  SINCE JUL 1     49.0                      93.7  -44.7     61.8
  SNOW DEPTH       0

DEGREE DAYS
 HEATING
  TODAY            0                         2     -2        0
  MONTH TO DATE   15                        46    -31       33
  SINCE JUN 1     15                        46    -31       33
  SINCE JUL 1   5486                      6540  -1054     5652

 COOLING
  TODAY            8                         3      5        7
  MONTH TO DATE   80                        35     45       41
  SINCE JUN 1     80                        35     45       41
  SINCE JAN 1    102                        64     38       85
..................................................................


WIND (MPH)
  RESULTANT WIND SPEED   8   RESULTANT WIND DIRECTION  SW (210)
  HIGHEST WIND SPEED    16   HIGHEST WIND DIRECTION    SW (230)
  HIGHEST GUST SPEED    21   HIGHEST GUST DIRECTION    SW (210)
  AVERAGE WIND SPEED     8.9


SKY COVER
  AVERAGE SKY COVER 0.7


WEATHER CONDITIONS
 THE FOLLOWING WEATHER WAS RECORDED TODAY.
  NO SIGNIFICANT WEATHER WAS OBSERVED.


RELATIVE HUMIDITY (PERCENT)
 HIGHEST    97          1200 AM
 LOWEST     64           100 PM
 AVERAGE    81

..........................................................


THE MUSKEGON MI CLIMATE NORMALS FOR TOMORROW
                         NORMAL    RECORD    YEAR
 MAXIMUM TEMPERATURE (F)   76        92      2012
 MINIMUM TEMPERATURE (F)   57        39      1961
                                             1917
                                             1914


SUNRISE AND SUNSET
JUNE 15 2017..........SUNRISE   605 AM EDT   SUNSET   927 PM EDT
JUNE 16 2017..........SUNRISE   605 AM EDT   SUNSET   927 PM EDT


-  INDICATES NEGATIVE NUMBERS.
R  INDICATES RECORD WAS SET OR TIED.
MM INDICATES DATA IS MISSING.
T  INDICATES TRACE AMOUNT.




$$
