000
CDUS43 KGRR 130623
CLIMKG


CLIMATE REPORT
NATIONAL WEATHER SERVICE GRAND RAPIDS, MI
122 AM EST MON FEB 13 2017


...................................

...THE MUSKEGON MI CLIMATE SUMMARY FOR FEBRUARY 12 2017...

CLIMATE NORMAL PERIOD 1981 TO 2010
CLIMATE RECORD PERIOD 1896 TO 2017


WEATHER ITEM   OBSERVED TIME   RECORD YEAR NORMAL DEPARTURE LAST
                VALUE   (LST)  VALUE       VALUE  FROM      YEAR
                                                  NORMAL
..................................................................
TEMPERATURE (F)
 YESTERDAY
  MAXIMUM         43    237 PM  52    1984  32     11       24
  MINIMUM         34    710 AM -29    1899  21     13        8
  AVERAGE         39                        26     13       16

PRECIPITATION (IN)
  YESTERDAY        0.03          0.60 1924   0.06  -0.03     0.03
  MONTH TO DATE    0.16                      0.71  -0.55     1.34
  SINCE DEC 1      5.41                      5.29   0.12     8.70
  SINCE JAN 1      3.19                      2.74   0.45     3.80

SNOWFALL (IN)
  YESTERDAY        T             3.9  1969   0.7   -0.7      0.4
  MONTH TO DATE    0.3                       9.2   -8.9      1.2
  SINCE DEC 1     38.1                      66.1  -28.0     43.3
  SINCE JUL 1     39.1                      72.3  -33.2     47.2
  SNOW DEPTH       0

DEGREE DAYS
 HEATING
  YESTERDAY       26                        39    -13       49
  MONTH TO DATE  428                       472    -44      439
  SINCE DEC 1   2566                      2777   -211     2379
  SINCE JUL 1   3471                      4144   -673     3446

 COOLING
  YESTERDAY        0                         0      0        0
  MONTH TO DATE    0                         0      0        0
  SINCE DEC 1      0                         0      0        0
  SINCE JAN 1      0                         0      0        0
..................................................................


WIND (MPH)
  RESULTANT WIND SPEED  14   RESULTANT WIND DIRECTION  NW (300)
  HIGHEST WIND SPEED    30   HIGHEST WIND DIRECTION     W (290)
  HIGHEST GUST SPEED    44   HIGHEST GUST DIRECTION    NW (330)
  AVERAGE WIND SPEED    13.1


SKY COVER
  AVERAGE SKY COVER 0.7


WEATHER CONDITIONS
 THE FOLLOWING WEATHER WAS RECORDED YESTERDAY.
  LIGHT RAIN
  SNOW
  FOG


RELATIVE HUMIDITY (PERCENT)
 HIGHEST    92           500 AM
 LOWEST     49           300 PM
 AVERAGE    71

..........................................................


THE MUSKEGON MI CLIMATE NORMALS FOR TODAY
                         NORMAL    RECORD    YEAR
 MAXIMUM TEMPERATURE (F)   33        51      1984
 MINIMUM TEMPERATURE (F)   21       -22      1899


SUNRISE AND SUNSET
FEBRUARY 13 2017......SUNRISE   745 AM EST   SUNSET   614 PM EST
FEBRUARY 14 2017......SUNRISE   744 AM EST   SUNSET   615 PM EST


-  INDICATES NEGATIVE NUMBERS.
R  INDICATES RECORD WAS SET OR TIED.
MM INDICATES DATA IS MISSING.
T  INDICATES TRACE AMOUNT.




$$

JAM
