000
CDUS43 KGRR 190520
CLIMKG


CLIMATE REPORT
NATIONAL WEATHER SERVICE GRAND RAPIDS, MI
1220 AM EST SAT NOV 19 2016


...................................

...THE MUSKEGON MI CLIMATE SUMMARY FOR NOVEMBER 18 2016...

CLIMATE NORMAL PERIOD 1981 TO 2010
CLIMATE RECORD PERIOD 1896 TO 2016


WEATHER ITEM   OBSERVED TIME   RECORD YEAR NORMAL DEPARTURE LAST
                VALUE   (LST)  VALUE       VALUE  FROM      YEAR
                                                  NORMAL
..................................................................
TEMPERATURE (F)
 YESTERDAY
  MAXIMUM         68    132 PM  71    1958  45     23       64
  MINIMUM         44   1159 PM  15    1932  33     11       52
  AVERAGE         56                        39     17       58

PRECIPITATION (IN)
  YESTERDAY        0.12          1.71 2003   0.11   0.01     0.28
  MONTH TO DATE    0.43                      2.06  -1.63     1.30
  SINCE SEP 1     10.13                      9.06   1.07     6.44
  SINCE JAN 1     35.28                     29.64   5.64    29.57

SNOWFALL (IN)
  YESTERDAY       MM             3.0  1928   0.2   MM        0.0
  MONTH TO DATE    0.0                       2.1   -2.1       T
  SINCE SEP 1      0.0                       2.3   -2.3       T
  SINCE JUL 1      0.0                       2.3   -2.3       T
  SNOW DEPTH       0

DEGREE DAYS
 HEATING
  YESTERDAY        9                        26    -17        7
  MONTH TO DATE  257                       407   -150      256
  SINCE SEP 1    600                      1000   -400      714
  SINCE JUL 1    609                      1030   -421      746

 COOLING
  YESTERDAY        0                         0      0        0
  MONTH TO DATE    0                         0      0        0
  SINCE SEP 1    110                        59     51      116
  SINCE JAN 1    774                       566    208      570
..................................................................


WIND (MPH)
  RESULTANT WIND SPEED  19   RESULTANT WIND DIRECTION   S (200)
  HIGHEST WIND SPEED    31   HIGHEST WIND DIRECTION    SW (230)
  HIGHEST GUST SPEED    41   HIGHEST GUST DIRECTION    SW (230)
  AVERAGE WIND SPEED    20.2


SKY COVER
  AVERAGE SKY COVER 0.6


WEATHER CONDITIONS
 THE FOLLOWING WEATHER WAS RECORDED YESTERDAY.
  THUNDERSTORM
  RAIN
  LIGHT RAIN
  FOG


RELATIVE HUMIDITY (PERCENT)
 HIGHEST    84           700 PM
 LOWEST     52          1100 AM
 AVERAGE    68

..........................................................


THE MUSKEGON MI CLIMATE NORMALS FOR TODAY
                         NORMAL    RECORD    YEAR
 MAXIMUM TEMPERATURE (F)   45        74      1930
 MINIMUM TEMPERATURE (F)   33        10      1986


SUNRISE AND SUNSET
NOVEMBER 19 2016......SUNRISE   743 AM EST   SUNSET   517 PM EST
NOVEMBER 20 2016......SUNRISE   745 AM EST   SUNSET   516 PM EST


-  INDICATES NEGATIVE NUMBERS.
R  INDICATES RECORD WAS SET OR TIED.
MM INDICATES DATA IS MISSING.
T  INDICATES TRACE AMOUNT.




$$
