000
CDUS43 KGRR 142137
CLIMKG


CLIMATE REPORT
NATIONAL WEATHER SERVICE GRAND RAPIDS, MI
536 PM EDT WED SEP 14 2016


...................................

...THE MUSKEGON MI CLIMATE SUMMARY FOR SEPTEMBER 14 2016...
VALID TODAY AS OF 0500 PM LOCAL TIME.

CLIMATE NORMAL PERIOD 1981 TO 2010
CLIMATE RECORD PERIOD 1896 TO 2016


WEATHER ITEM   OBSERVED TIME   RECORD YEAR NORMAL DEPARTURE LAST
                VALUE   (LST)  VALUE       VALUE  FROM      YEAR
                                                  NORMAL
..................................................................
TEMPERATURE (F)
 TODAY
  MAXIMUM         75    121 PM  87    1897  72      3       76
  MINIMUM         60    319 AM  34    1919  53      7       50
  AVERAGE         68                        63      5       63

PRECIPITATION (IN)
  TODAY            T             1.68 1961   0.13  -0.13     0.00
  MONTH TO DATE    4.52                      1.75   2.77     1.23
  SINCE SEP 1      4.52                      1.75   2.77     1.23
  SINCE JAN 1     29.67                     22.33   7.34    24.36

SNOWFALL (IN)
  TODAY            0.0          MM      MM   0.0    0.0      0.0
  MONTH TO DATE    0.0                       0.0    0.0      0.0
  SINCE SEP 1      0.0                       0.0    0.0      0.0
  SINCE JUL 1      0.0                       0.0    0.0      0.0
  SNOW DEPTH       0

DEGREE DAYS
 HEATING
  TODAY            0                         4     -4        2
  MONTH TO DATE    4                        37    -33       21
  SINCE SEP 1      4                        37    -33       21
  SINCE JUL 1     13                        67    -54       53

 COOLING
  TODAY            3                         2      1        0
  MONTH TO DATE   69                        39     30       80
  SINCE SEP 1     69                        39     30       80
  SINCE JAN 1    733                       546    187      534
..................................................................


WIND (MPH)
  RESULTANT WIND SPEED   5   RESULTANT WIND DIRECTION   N (20)
  HIGHEST WIND SPEED    12   HIGHEST WIND DIRECTION     W (270)
  HIGHEST GUST SPEED    15   HIGHEST GUST DIRECTION    NE (50)
  AVERAGE WIND SPEED     6.5


SKY COVER
  AVERAGE SKY COVER 0.5


WEATHER CONDITIONS
 THE FOLLOWING WEATHER WAS RECORDED TODAY.
  LIGHT RAIN


RELATIVE HUMIDITY (PERCENT)
 HIGHEST    97           300 AM
 LOWEST     49           100 PM
 AVERAGE    73

..........................................................


THE MUSKEGON MI CLIMATE NORMALS FOR TOMORROW
                         NORMAL    RECORD    YEAR
 MAXIMUM TEMPERATURE (F)   72        86      1897
 MINIMUM TEMPERATURE (F)   53        38      1964


SUNRISE AND SUNSET
SEPTEMBER 14 2016.....SUNRISE   724 AM EDT   SUNSET   756 PM EDT
SEPTEMBER 15 2016.....SUNRISE   725 AM EDT   SUNSET   754 PM EDT


-  INDICATES NEGATIVE NUMBERS.
R  INDICATES RECORD WAS SET OR TIED.
MM INDICATES DATA IS MISSING.
T  INDICATES TRACE AMOUNT.




$$

JAM
