260
CDUS43 KGRR 130521
CLIMKG


CLIMATE REPORT
NATIONAL WEATHER SERVICE GRAND RAPIDS, MI
121 AM EDT WED SEP 13 2017


...................................

...THE MUSKEGON MI CLIMATE SUMMARY FOR SEPTEMBER 12 2017...

CLIMATE NORMAL PERIOD 1981 TO 2010
CLIMATE RECORD PERIOD 1896 TO 2017


WEATHER ITEM   OBSERVED TIME   RECORD YEAR NORMAL DEPARTURE LAST
                VALUE   (LST)  VALUE       VALUE  FROM      YEAR
                                                  NORMAL
..................................................................
TEMPERATURE (F)
 YESTERDAY
  MAXIMUM         79    229 PM  92    1952  73      6       76
  MINIMUM         46    633 AM  38    1958  54     -8       56
                                      1955
                                      1943
  AVERAGE         63                        64     -1       66

PRECIPITATION (IN)
  YESTERDAY        0.00          1.33 1951   0.13  -0.13     0.00
  MONTH TO DATE    0.79                      1.49  -0.70     4.49
  SINCE SEP 1      0.79                      1.49  -0.70     4.49
  SINCE JAN 1     21.95                     22.07  -0.12    29.64

SNOWFALL (IN)
  YESTERDAY        0.0          MM      MM   0.0    0.0      0.0
  MONTH TO DATE    0.0                       0.0    0.0      0.0
  SINCE SEP 1      0.0                       0.0    0.0      0.0
  SINCE JUL 1      0.0                       0.0    0.0      0.0
  SNOW DEPTH      MM

DEGREE DAYS
 HEATING
  YESTERDAY        2                         3     -1        0
  MONTH TO DATE   68                        29     39        4
  SINCE SEP 1     68                        29     39        4
  SINCE JUL 1     81                        59     22       13

 COOLING
  YESTERDAY        0                         2     -2        1
  MONTH TO DATE    2                        35    -33       61
  SINCE SEP 1      2                        35    -33       61
  SINCE JAN 1    496                       542    -46      725
..................................................................


WIND (MPH)
  RESULTANT WIND SPEED   2   RESULTANT WIND DIRECTION   N (350)
  HIGHEST WIND SPEED    10   HIGHEST WIND DIRECTION     W (290)
  HIGHEST GUST SPEED    14   HIGHEST GUST DIRECTION     E (110)
  AVERAGE WIND SPEED     3.9


SKY COVER
  AVERAGE SKY COVER 0.4


WEATHER CONDITIONS
 THE FOLLOWING WEATHER WAS RECORDED YESTERDAY.
  FOG


RELATIVE HUMIDITY (PERCENT)
 HIGHEST    93          1200 AM
 LOWEST     30           100 PM
 AVERAGE    62

..........................................................


THE MUSKEGON MI CLIMATE NORMALS FOR TODAY
                         NORMAL    RECORD    YEAR
 MAXIMUM TEMPERATURE (F)   73        92      1952
 MINIMUM TEMPERATURE (F)   54        36      1946


SUNRISE AND SUNSET
SEPTEMBER 13 2017.....SUNRISE   723 AM EDT   SUNSET   758 PM EDT
SEPTEMBER 14 2017.....SUNRISE   724 AM EDT   SUNSET   756 PM EDT


-  INDICATES NEGATIVE NUMBERS.
R  INDICATES RECORD WAS SET OR TIED.
MM INDICATES DATA IS MISSING.
T  INDICATES TRACE AMOUNT.




$$
