000
CDUS43 KGRR 150532
CLIMKG


CLIMATE REPORT
NATIONAL WEATHER SERVICE GRAND RAPIDS, MI
132 AM EDT FRI AUG 15 2014


...................................

...THE MUSKEGON MI CLIMATE SUMMARY FOR AUGUST 14 2014...

CLIMATE NORMAL PERIOD 1981 TO 2010
CLIMATE RECORD PERIOD 1896 TO 2014


WEATHER ITEM   OBSERVED TIME   RECORD YEAR NORMAL DEPARTURE LAST
                VALUE   (LST)  VALUE       VALUE  FROM      YEAR
                                                  NORMAL
..................................................................
TEMPERATURE (F)
 YESTERDAY
  MAXIMUM         68    534 PM  93    1944  79    -11       69
  MINIMUM         49   1159 PM  42    1990  62    -13       47
  AVERAGE         59                        70    -11       58

PRECIPITATION (IN)
  YESTERDAY        0.00          1.57 1987   0.12  -0.12     0.00
  MONTH TO DATE    0.60                      1.50  -0.90     0.34
  SINCE JUN 1     11.35                      6.42   4.93     6.96
  SINCE JAN 1     24.65                     18.69   5.96    29.65

SNOWFALL (IN)
  YESTERDAY        0.0          MM      MM   0.0    0.0      0.0
  MONTH TO DATE    0.0                       0.0    0.0      0.0
  SINCE JUN 1      0.0                       0.0    0.0      0.0
  SINCE JUL 1      0.0                       0.0    0.0      0.0
  SNOW DEPTH       0

DEGREE DAYS
 HEATING
  YESTERDAY        6                         0      6        7
  MONTH TO DATE   11                         0     11       15
  SINCE JUN 1     73                        77     -4       84
  SINCE JUL 1     42                        11     31       32

 COOLING
  YESTERDAY        0                         6     -6        0
  MONTH TO DATE   61                        84    -23       39
  SINCE JUN 1    270                       391   -121      357
  SINCE JAN 1    287                       420   -133      417
..................................................................


WIND (MPH)
  RESULTANT WIND SPEED   8   RESULTANT WIND DIRECTION  NW (330)
  HIGHEST WIND SPEED    18   HIGHEST WIND DIRECTION     N (350)
  HIGHEST GUST SPEED    28   HIGHEST GUST DIRECTION    NW (310)
  AVERAGE WIND SPEED     9.2


SKY COVER
  AVERAGE SKY COVER 0.2


WEATHER CONDITIONS
 THE FOLLOWING WEATHER WAS RECORDED YESTERDAY.
  NO SIGNIFICANT WEATHER WAS OBSERVED.


RELATIVE HUMIDITY (PERCENT)
 HIGHEST    86          1100 PM
 LOWEST     34           600 PM
 AVERAGE    60

..........................................................


THE MUSKEGON MI CLIMATE NORMALS FOR TODAY
                         NORMAL    RECORD    YEAR
 MAXIMUM TEMPERATURE (F)   79        93      1944
 MINIMUM TEMPERATURE (F)   62        40      1929


SUNRISE AND SUNSET
AUGUST 15 2014........SUNRISE   650 AM EDT   SUNSET   848 PM EDT
AUGUST 16 2014........SUNRISE   652 AM EDT   SUNSET   846 PM EDT


-  INDICATES NEGATIVE NUMBERS.
R  INDICATES RECORD WAS SET OR TIED.
MM INDICATES DATA IS MISSING.
T  INDICATES TRACE AMOUNT.




$$
