000
CDUS43 KGRR 140528
CLIMKG


CLIMATE REPORT
NATIONAL WEATHER SERVICE GRAND RAPIDS, MI
128 AM EDT SUN AUG 14 2016


...................................

...THE MUSKEGON MI CLIMATE SUMMARY FOR AUGUST 13 2016...

CLIMATE NORMAL PERIOD 1981 TO 2010
CLIMATE RECORD PERIOD 1896 TO 2016


WEATHER ITEM   OBSERVED TIME   RECORD YEAR NORMAL DEPARTURE LAST
                VALUE   (LST)  VALUE       VALUE  FROM      YEAR
                                                  NORMAL
..................................................................
TEMPERATURE (F)
 YESTERDAY
  MAXIMUM         81   1112 AM  91    1940  79      2       81
  MINIMUM         69   1159 PM  45    1954  62      7       63
                                      1950
                                      1941
  AVERAGE         75                        70      5       72

PRECIPITATION (IN)
  YESTERDAY        0.39          4.29 2011   0.11   0.28     0.00
  MONTH TO DATE    0.96                      1.38  -0.42     0.67
  SINCE JUN 1      9.32                      6.30   3.02     9.02
  SINCE JAN 1     23.25                     18.57   4.68    21.45

SNOWFALL (IN)
  YESTERDAY        0.0          MM      MM   0.0    0.0      0.0
  MONTH TO DATE    0.0                       0.0    0.0      0.0
  SINCE JUN 1      0.0                       0.0    0.0      0.0
  SINCE JUL 1      0.0                       0.0    0.0      0.0
  SNOW DEPTH       0

DEGREE DAYS
 HEATING
  YESTERDAY        0                         0      0        0
  MONTH TO DATE    0                         0      0        0
  SINCE JUN 1     47                        77    -30       48
  SINCE JUL 1      9                        11     -2       15

 COOLING
  YESTERDAY       10                         6      4        7
  MONTH TO DATE  123                        78     45       87
  SINCE JUN 1    481                       385     96      327
  SINCE JAN 1    525                       414    111      366
..................................................................


WIND (MPH)
  RESULTANT WIND SPEED   5   RESULTANT WIND DIRECTION   W (270)
  HIGHEST WIND SPEED    17   HIGHEST WIND DIRECTION    NW (320)
  HIGHEST GUST SPEED    27   HIGHEST GUST DIRECTION    SW (220)
  AVERAGE WIND SPEED     6.9


SKY COVER
  AVERAGE SKY COVER 0.8


WEATHER CONDITIONS
 THE FOLLOWING WEATHER WAS RECORDED YESTERDAY.
  HEAVY RAIN
  RAIN
  LIGHT RAIN
  FOG


RELATIVE HUMIDITY (PERCENT)
 HIGHEST   100           300 AM
 LOWEST     74           300 PM
 AVERAGE    87

..........................................................


THE MUSKEGON MI CLIMATE NORMALS FOR TODAY
                         NORMAL    RECORD    YEAR
 MAXIMUM TEMPERATURE (F)   79        93      1944
 MINIMUM TEMPERATURE (F)   62        42      1990


SUNRISE AND SUNSET
AUGUST 14 2016........SUNRISE   650 AM EDT   SUNSET   848 PM EDT
AUGUST 15 2016........SUNRISE   651 AM EDT   SUNSET   847 PM EDT


-  INDICATES NEGATIVE NUMBERS.
R  INDICATES RECORD WAS SET OR TIED.
MM INDICATES DATA IS MISSING.
T  INDICATES TRACE AMOUNT.




$$
