000
CDUS43 KGRR 091348
CLIMKG


CLIMATE REPORT
NATIONAL WEATHER SERVICE GRAND RAPIDS, MI
948 AM EDT TUE MAY 9 2017


...................................

...THE MUSKEGON MI CLIMATE SUMMARY FOR MAY 9 2017...
VALID AS OF 0900 AM LOCAL TIME.

CLIMATE NORMAL PERIOD 1981 TO 2010
CLIMATE RECORD PERIOD 1896 TO 2017


WEATHER ITEM   OBSERVED TIME   RECORD YEAR NORMAL DEPARTURE LAST
                VALUE   (LST)  VALUE       VALUE  FROM      YEAR
                                                  NORMAL
..................................................................
TEMPERATURE (F)
 TODAY
  MAXIMUM         45    759 AM  89    1993  65    -20       70
  MINIMUM         31    506 AM  28    2010  45    -14       40
                                      1966
                                      1955
  AVERAGE         38                        55    -17       55

PRECIPITATION (IN)
  TODAY            0.00          1.95 1990   0.11  -0.11     0.00
  MONTH TO DATE    0.40                      0.92  -0.52     0.64
  SINCE MAR 1      7.68                      6.08   1.60     7.98
  SINCE JAN 1     13.38                      9.94   3.44    12.19

SNOWFALL (IN)
  TODAY            0.0           5.0  1923   0.0    0.0      0.0
  MONTH TO DATE    0.0                       0.0    0.0      0.0
  SINCE MAR 1      4.5                      11.3   -6.8      7.3
  SINCE JUL 1     49.0                      93.7  -44.7     61.8
  SNOW DEPTH       0

DEGREE DAYS
 HEATING
  TODAY           27                        11     16       10
  MONTH TO DATE  168                       107     61      121
  SINCE MAR 1   1495                      1593    -98     1465
  SINCE JUL 1   5360                      6325   -965     5485

 COOLING
  TODAY            0                         1     -1        0
  MONTH TO DATE    0                         1     -1        0
  SINCE MAR 1      5                         5      0        0
  SINCE JAN 1      5                         5      0        0
..................................................................


WIND (MPH)
  RESULTANT WIND SPEED   3   RESULTANT WIND DIRECTION   E (80)
  HIGHEST WIND SPEED     9   HIGHEST WIND DIRECTION     E (110)
  HIGHEST GUST SPEED    13   HIGHEST GUST DIRECTION    SE (120)
  AVERAGE WIND SPEED     3.3


SKY COVER
  AVERAGE SKY COVER 0.3


WEATHER CONDITIONS
 THE FOLLOWING WEATHER WAS RECORDED TODAY.
  NO SIGNIFICANT WEATHER WAS OBSERVED.


RELATIVE HUMIDITY (PERCENT)
 HIGHEST    96           100 AM
 LOWEST     41           800 AM
 AVERAGE    69

..........................................................


THE MUSKEGON MI CLIMATE NORMALS FOR TOMORROW
                         NORMAL    RECORD    YEAR
 MAXIMUM TEMPERATURE (F)   65        90      1930
 MINIMUM TEMPERATURE (F)   45        22      1947


SUNRISE AND SUNSET
MAY  9 2017...........SUNRISE   628 AM EDT   SUNSET   856 PM EDT
MAY 10 2017...........SUNRISE   627 AM EDT   SUNSET   857 PM EDT


-  INDICATES NEGATIVE NUMBERS.
R  INDICATES RECORD WAS SET OR TIED.
MM INDICATES DATA IS MISSING.
T  INDICATES TRACE AMOUNT.




$$
