000
CDUS43 KGRR 091433
CLIMKG


CLIMATE REPORT
NATIONAL WEATHER SERVICE GRAND RAPIDS, MI
932 AM EST TUE JAN 9 2018


...................................

...THE MUSKEGON MI CLIMATE SUMMARY FOR JANUARY 9 2018...
VALID AS OF 0900 AM LOCAL TIME.

CLIMATE NORMAL PERIOD 1981 TO 2010
CLIMATE RECORD PERIOD 1896 TO 2018


WEATHER ITEM   OBSERVED TIME   RECORD YEAR NORMAL DEPARTURE LAST
                VALUE   (LST)  VALUE       VALUE  FROM      YEAR
                                                  NORMAL
..................................................................
TEMPERATURE (F)
 TODAY
  MAXIMUM         37   1214 AM  48    1928  31      6       30
  MINIMUM         27    859 AM  -8    1977  20      7       15
  AVERAGE         32                        26      6       23

PRECIPITATION (IN)
  TODAY            0.00          0.85 1946   0.07  -0.07     0.09
  MONTH TO DATE    0.93                      0.65   0.28     0.55
  SINCE DEC 1      3.70                      3.20   0.50     2.77
  SINCE JAN 1      0.93                      0.65   0.28     0.55

SNOWFALL (IN)
  TODAY            0.0          11.4  1982   0.9   -0.9      1.2
  MONTH TO DATE   11.5                       8.1    3.4      9.7
  SINCE DEC 1     63.2                      37.0   26.2     32.7
  SINCE JUL 1     63.2                      43.2   20.0     33.7
  SNOW DEPTH      12

DEGREE DAYS
 HEATING
  TODAY           33                        39     -6       42
  MONTH TO DATE  414                       349     65      384
  SINCE DEC 1   1608                      1428    180     1444
  SINCE JUL 1   2767                      2795    -28     2349

 COOLING
  TODAY            0                         0      0        0
  MONTH TO DATE    0                         0      0        0
  SINCE DEC 1      0                         0      0        0
  SINCE JAN 1      0                         0      0        0
..................................................................


WIND (MPH)
  RESULTANT WIND SPEED   3   RESULTANT WIND DIRECTION  NW (300)
  HIGHEST WIND SPEED    12   HIGHEST WIND DIRECTION    NW (310)
  HIGHEST GUST SPEED    17   HIGHEST GUST DIRECTION    NW (300)
  AVERAGE WIND SPEED     2.6


SKY COVER
  AVERAGE SKY COVER 0.3


WEATHER CONDITIONS
 THE FOLLOWING WEATHER WAS RECORDED TODAY.
  NO SIGNIFICANT WEATHER WAS OBSERVED.


RELATIVE HUMIDITY (PERCENT)
 HIGHEST    85           700 AM
 LOWEST     59          1200 AM
 AVERAGE    72

..........................................................


THE MUSKEGON MI CLIMATE NORMALS FOR TOMORROW
                         NORMAL    RECORD    YEAR
 MAXIMUM TEMPERATURE (F)   31        58      1975
 MINIMUM TEMPERATURE (F)   20        -4      1982


SUNRISE AND SUNSET
JANUARY  9 2018.......SUNRISE   816 AM EST   SUNSET   528 PM EST
JANUARY 10 2018.......SUNRISE   816 AM EST   SUNSET   530 PM EST


-  INDICATES NEGATIVE NUMBERS.
R  INDICATES RECORD WAS SET OR TIED.
MM INDICATES DATA IS MISSING.
T  INDICATES TRACE AMOUNT.




$$
