000
CDUS43 KGRR 130548
CLIMKG


CLIMATE REPORT
NATIONAL WEATHER SERVICE GRAND RAPIDS, MI
147 AM EDT WED JUL 13 2016


...................................

...THE MUSKEGON MI CLIMATE SUMMARY FOR JULY 12 2016...

CLIMATE NORMAL PERIOD 1981 TO 2010
CLIMATE RECORD PERIOD 1896 TO 2016


WEATHER ITEM   OBSERVED TIME   RECORD YEAR NORMAL DEPARTURE LAST
                VALUE   (LST)  VALUE       VALUE  FROM      YEAR
                                                  NORMAL
..................................................................
TEMPERATURE (F)
 YESTERDAY
  MAXIMUM         89    119 PM  92    1930  81      8       83
  MINIMUM         71   1103 PM  45    1978  62      9       65
  AVERAGE         80                        71      9       74

PRECIPITATION (IN)
  YESTERDAY        0.00          1.51 2014   0.07  -0.07     0.00
  MONTH TO DATE    1.01                      0.86   0.15     2.75
  SINCE JUN 1      3.35                      3.41  -0.06     6.05
  SINCE JAN 1     17.28                     15.68   1.60    18.48

SNOWFALL (IN)
  YESTERDAY        0.0          MM      MM   0.0    0.0      0.0
  MONTH TO DATE    0.0                       0.0    0.0      0.0
  SINCE JUN 1      0.0                       0.0    0.0      0.0
  SINCE JUL 1      0.0                       0.0    0.0      0.0
  SNOW DEPTH       0

DEGREE DAYS
 HEATING
  YESTERDAY        0                         0      0        0
  MONTH TO DATE    8                         4      4       15
  SINCE JUN 1     46                        70    -24       48
  SINCE JUL 1      8                         4      4       15

 COOLING
  YESTERDAY       15                         7      8        9
  MONTH TO DATE   72                        75     -3       24
  SINCE JUN 1    189                       180      9       87
  SINCE JAN 1    233                       209     24      126
..................................................................


WIND (MPH)
  RESULTANT WIND SPEED  13   RESULTANT WIND DIRECTION   S (200)
  HIGHEST WIND SPEED    25   HIGHEST WIND DIRECTION     S (180)
  HIGHEST GUST SPEED    34   HIGHEST GUST DIRECTION     S (180)
  AVERAGE WIND SPEED    13.7


SKY COVER
  AVERAGE SKY COVER 0.4


WEATHER CONDITIONS
 THE FOLLOWING WEATHER WAS RECORDED YESTERDAY.
  NO SIGNIFICANT WEATHER WAS OBSERVED.


RELATIVE HUMIDITY (PERCENT)
 HIGHEST    90          1000 PM
 LOWEST     55           100 PM
 AVERAGE    73

..........................................................


THE MUSKEGON MI CLIMATE NORMALS FOR TODAY
                         NORMAL    RECORD    YEAR
 MAXIMUM TEMPERATURE (F)   81        93      1995
 MINIMUM TEMPERATURE (F)   62        45      1940
                                             1929


SUNRISE AND SUNSET
JULY 13 2016..........SUNRISE   618 AM EDT   SUNSET   923 PM EDT
JULY 14 2016..........SUNRISE   618 AM EDT   SUNSET   923 PM EDT


-  INDICATES NEGATIVE NUMBERS.
R  INDICATES RECORD WAS SET OR TIED.
MM INDICATES DATA IS MISSING.
T  INDICATES TRACE AMOUNT.




$$
