000
CDUS43 KGRR 090522
CLIMKG


CLIMATE REPORT
NATIONAL WEATHER SERVICE GRAND RAPIDS, MI
122 AM EDT TUE SEP 9 2014


...................................

...THE MUSKEGON MI CLIMATE SUMMARY FOR SEPTEMBER 8 2014...

CLIMATE NORMAL PERIOD 1981 TO 2010
CLIMATE RECORD PERIOD 1896 TO 2014


WEATHER ITEM   OBSERVED TIME   RECORD YEAR NORMAL DEPARTURE LAST
                VALUE   (LST)  VALUE       VALUE  FROM      YEAR
                                                  NORMAL
..................................................................
TEMPERATURE (F)
 YESTERDAY
  MAXIMUM         77    132 PM  91    1959  74      3       80
  MINIMUM         54   1243 AM  31    1951  56     -2       64
  AVERAGE         66                        65      1       72

PRECIPITATION (IN)
  YESTERDAY        T             2.74 1941   0.13  -0.13     0.00
  MONTH TO DATE    1.73                      0.97   0.76     0.04
  SINCE SEP 1      1.73                      0.97   0.76     0.04
  SINCE JAN 1     28.34                     21.55   6.79    31.29

SNOWFALL (IN)
  YESTERDAY        0.0           T    1994   0.0    0.0      0.0
  MONTH TO DATE    0.0                       0.0    0.0      0.0
  SINCE SEP 1      0.0                       0.0    0.0      0.0
  SINCE JUL 1      0.0                       0.0    0.0      0.0
  SNOW DEPTH       0

DEGREE DAYS
 HEATING
  YESTERDAY        0                         3     -3        0
  MONTH TO DATE    1                        17    -16        3
  SINCE SEP 1      1                        17    -16        3
  SINCE JUL 1     50                        47      3       38

 COOLING
  YESTERDAY        1                         3     -2        7
  MONTH TO DATE   40                        26     14       29
  SINCE SEP 1     40                        26     14       29
  SINCE JAN 1    436                       533    -97      568
..................................................................


WIND (MPH)
  RESULTANT WIND SPEED   3   RESULTANT WIND DIRECTION   S (180)
  HIGHEST WIND SPEED    13   HIGHEST WIND DIRECTION    SW (220)
  HIGHEST GUST SPEED    16   HIGHEST GUST DIRECTION    SW (230)
  AVERAGE WIND SPEED     4.6


SKY COVER
  AVERAGE SKY COVER 0.5


WEATHER CONDITIONS
 THE FOLLOWING WEATHER WAS RECORDED YESTERDAY.
  LIGHT RAIN


RELATIVE HUMIDITY (PERCENT)
 HIGHEST    93           100 AM
 LOWEST     38          1200 PM
 AVERAGE    66

..........................................................


THE MUSKEGON MI CLIMATE NORMALS FOR TODAY
                         NORMAL    RECORD    YEAR
 MAXIMUM TEMPERATURE (F)   74        89      2002
                                             1964
                                             1947
 MINIMUM TEMPERATURE (F)   55        38      1949


SUNRISE AND SUNSET
SEPTEMBER  9 2014.....SUNRISE   718 AM EDT   SUNSET   806 PM EDT
SEPTEMBER 10 2014.....SUNRISE   719 AM EDT   SUNSET   804 PM EDT


-  INDICATES NEGATIVE NUMBERS.
R  INDICATES RECORD WAS SET OR TIED.
MM INDICATES DATA IS MISSING.
T  INDICATES TRACE AMOUNT.




$$
