000
CDUS43 KGRR 202229
CLIMKG


CLIMATE REPORT
NATIONAL WEATHER SERVICE GRAND RAPIDS, MI
529 PM EST SUN NOV 20 2016


...................................

...THE MUSKEGON MI CLIMATE SUMMARY FOR NOVEMBER 20 2016...
VALID TODAY AS OF 0500 PM LOCAL TIME.

CLIMATE NORMAL PERIOD 1981 TO 2010
CLIMATE RECORD PERIOD 1896 TO 2016


WEATHER ITEM   OBSERVED TIME   RECORD YEAR NORMAL DEPARTURE LAST
                VALUE   (LST)  VALUE       VALUE  FROM      YEAR
                                                  NORMAL
..................................................................
TEMPERATURE (F)
 TODAY
  MAXIMUM         34    323 PM  76    1930  44    -10       41
  MINIMUM         31    728 AM  18    1959  33     -2       36
                                      1951
  AVERAGE         33                        38     -5       39

PRECIPITATION (IN)
  TODAY            T             1.08 1931   0.10  -0.10      T
  MONTH TO DATE    0.63                      2.28  -1.65     1.30
  SINCE SEP 1     10.33                      9.28   1.05     6.44
  SINCE JAN 1     35.48                     29.86   5.62    29.57

SNOWFALL (IN)
  TODAY            T             8.7  1964   0.2   -0.2       T
  MONTH TO DATE    1.0                       2.5   -1.5       T
  SINCE SEP 1      1.0                       2.7   -1.7       T
  SINCE JUL 1      1.0                       2.7   -1.7       T
  SNOW DEPTH       0

DEGREE DAYS
 HEATING
  TODAY           32                        26      6       26
  MONTH TO DATE  316                       459   -143      301
  SINCE SEP 1    659                      1052   -393      759
  SINCE JUL 1    668                      1082   -414      791

 COOLING
  TODAY            0                         0      0        0
  MONTH TO DATE    0                         0      0        0
  SINCE SEP 1    110                        59     51      116
  SINCE JAN 1    774                       566    208      570
..................................................................


WIND (MPH)
  RESULTANT WIND SPEED  18   RESULTANT WIND DIRECTION   N (340)
  HIGHEST WIND SPEED    28   HIGHEST WIND DIRECTION     N (340)
  HIGHEST GUST SPEED    35   HIGHEST GUST DIRECTION    NW (330)
  AVERAGE WIND SPEED    17.8


SKY COVER
  AVERAGE SKY COVER 1.0


WEATHER CONDITIONS
 THE FOLLOWING WEATHER WAS RECORDED TODAY.
  LIGHT SNOW


RELATIVE HUMIDITY (PERCENT)
 HIGHEST    69           400 AM
 LOWEST     56           500 PM
 AVERAGE    63

..........................................................


THE MUSKEGON MI CLIMATE NORMALS FOR TOMORROW
                         NORMAL    RECORD    YEAR
 MAXIMUM TEMPERATURE (F)   44        69      1913
 MINIMUM TEMPERATURE (F)   32        18      2014


SUNRISE AND SUNSET
NOVEMBER 20 2016......SUNRISE   745 AM EST   SUNSET   516 PM EST
NOVEMBER 21 2016......SUNRISE   746 AM EST   SUNSET   516 PM EST


-  INDICATES NEGATIVE NUMBERS.
R  INDICATES RECORD WAS SET OR TIED.
MM INDICATES DATA IS MISSING.
T  INDICATES TRACE AMOUNT.




$$
