000
CDUS43 KGRR 081351
CLIMKG


CLIMATE REPORT
NATIONAL WEATHER SERVICE GRAND RAPIDS, MI
947 AM EDT SAT APR 8 2017


...................................

...THE MUSKEGON MI CLIMATE SUMMARY FOR APRIL 8 2017...
VALID AS OF 0900 AM LOCAL TIME.

CLIMATE NORMAL PERIOD 1981 TO 2010
CLIMATE RECORD PERIOD 1896 TO 2017


WEATHER ITEM   OBSERVED TIME   RECORD YEAR NORMAL DEPARTURE LAST
                VALUE   (LST)  VALUE       VALUE  FROM      YEAR
                                                  NORMAL
..................................................................
TEMPERATURE (F)
 TODAY
  MAXIMUM         43    759 AM  78    1969  53    -10       39
  MINIMUM         27    640 AM   4    1982  35     -8       27
  AVERAGE         35                        44     -9       33

PRECIPITATION (IN)
  TODAY            0.00          1.69 1980   0.10  -0.10     0.04
  MONTH TO DATE    1.50                      0.75   0.75     0.80
  SINCE MAR 1      4.11                      3.00   1.11     5.74
  SINCE JAN 1      9.81                      6.86   2.95     9.95

SNOWFALL (IN)
  TODAY            0.0           3.1  2000   0.1   -0.1      0.4
  MONTH TO DATE    0.0                       1.2   -1.2      2.4
  SINCE MAR 1      4.5                      10.2   -5.7      7.3
  SINCE JUL 1     49.0                      92.6  -43.6     61.8
  SNOW DEPTH       0

DEGREE DAYS
 HEATING
  TODAY           30                        21      9       32
  MONTH TO DATE  186                       182      4      237
  SINCE MAR 1   1090                      1112    -22     1012
  SINCE JUL 1   4955                      5844   -889     5032

 COOLING
  TODAY            0                         0      0        0
  MONTH TO DATE    0                         0      0        0
  SINCE MAR 1      0                         0      0        0
  SINCE JAN 1      0                         0      0        0
..................................................................


WIND (MPH)
  RESULTANT WIND SPEED   2   RESULTANT WIND DIRECTION  SE (140)
  HIGHEST WIND SPEED     7   HIGHEST WIND DIRECTION    SW (210)
  HIGHEST GUST SPEED     9   HIGHEST GUST DIRECTION     S (190)
  AVERAGE WIND SPEED     2.6


SKY COVER
  AVERAGE SKY COVER 0.1


WEATHER CONDITIONS
 THE FOLLOWING WEATHER WAS RECORDED TODAY.
  NO SIGNIFICANT WEATHER WAS OBSERVED.


RELATIVE HUMIDITY (PERCENT)
 HIGHEST    92           200 AM
 LOWEST     70           800 AM
 AVERAGE    81

..........................................................


THE MUSKEGON MI CLIMATE NORMALS FOR TOMORROW
                         NORMAL    RECORD    YEAR
 MAXIMUM TEMPERATURE (F)   53        72      1943
 MINIMUM TEMPERATURE (F)   35        17      1985
                                             1972


SUNRISE AND SUNSET
APRIL  8 2017.........SUNRISE   714 AM EDT   SUNSET   820 PM EDT
APRIL  9 2017.........SUNRISE   713 AM EDT   SUNSET   821 PM EDT


-  INDICATES NEGATIVE NUMBERS.
R  INDICATES RECORD WAS SET OR TIED.
MM INDICATES DATA IS MISSING.
T  INDICATES TRACE AMOUNT.




$$

63
