000
CDUS43 KGRR 150521
CLIMKG


CLIMATE REPORT
NATIONAL WEATHER SERVICE GRAND RAPIDS, MI
121 AM EDT FRI JUL 15 2016


...................................

...THE MUSKEGON MI CLIMATE SUMMARY FOR JULY 14 2016...

CLIMATE NORMAL PERIOD 1981 TO 2010
CLIMATE RECORD PERIOD 1896 TO 2016


WEATHER ITEM   OBSERVED TIME   RECORD YEAR NORMAL DEPARTURE LAST
                VALUE   (LST)  VALUE       VALUE  FROM      YEAR
                                                  NORMAL
..................................................................
TEMPERATURE (F)
 YESTERDAY
  MAXIMUM         82    403 PM  94    1995  81      1       77
  MINIMUM         69    533 AM  41    1950  62      7       62
  AVERAGE         76                        71      5       70

PRECIPITATION (IN)
  YESTERDAY        0.00          2.01 1896   0.07  -0.07      T
  MONTH TO DATE    1.01                      1.00   0.01     3.36
  SINCE JUN 1      3.35                      3.55  -0.20     6.66
  SINCE JAN 1     17.28                     15.82   1.46    19.09

SNOWFALL (IN)
  YESTERDAY        0.0          MM      MM   0.0    0.0      0.0
  MONTH TO DATE    0.0                       0.0    0.0      0.0
  SINCE JUN 1      0.0                       0.0    0.0      0.0
  SINCE JUL 1      0.0                       0.0    0.0      0.0
  SNOW DEPTH       0

DEGREE DAYS
 HEATING
  YESTERDAY        0                         0      0        0
  MONTH TO DATE    8                         4      4       15
  SINCE JUN 1     46                        70    -24       48
  SINCE JUL 1      8                         4      4       15

 COOLING
  YESTERDAY       11                         7      4        5
  MONTH TO DATE   96                        89      7       36
  SINCE JUN 1    213                       194     19       99
  SINCE JAN 1    257                       223     34      138
..................................................................


WIND (MPH)
  RESULTANT WIND SPEED  12   RESULTANT WIND DIRECTION  SW (240)
  HIGHEST WIND SPEED    24   HIGHEST WIND DIRECTION    SW (230)
  HIGHEST GUST SPEED    31   HIGHEST GUST DIRECTION    SW (230)
  AVERAGE WIND SPEED    13.0


SKY COVER
  AVERAGE SKY COVER 0.4


WEATHER CONDITIONS
 THE FOLLOWING WEATHER WAS RECORDED YESTERDAY.
  NO SIGNIFICANT WEATHER WAS OBSERVED.


RELATIVE HUMIDITY (PERCENT)
 HIGHEST    90           500 AM
 LOWEST     51           400 PM
 AVERAGE    71

..........................................................


THE MUSKEGON MI CLIMATE NORMALS FOR TODAY
                         NORMAL    RECORD    YEAR
 MAXIMUM TEMPERATURE (F)   81        93      1995
 MINIMUM TEMPERATURE (F)   62        48      1960


SUNRISE AND SUNSET
JULY 15 2016..........SUNRISE   619 AM EDT   SUNSET   922 PM EDT
JULY 16 2016..........SUNRISE   620 AM EDT   SUNSET   921 PM EDT


-  INDICATES NEGATIVE NUMBERS.
R  INDICATES RECORD WAS SET OR TIED.
MM INDICATES DATA IS MISSING.
T  INDICATES TRACE AMOUNT.




$$
