000
CDUS43 KGRR 170516
CLIMKG


CLIMATE REPORT
NATIONAL WEATHER SERVICE GRAND RAPIDS, MI
116 AM EDT THU JUL 17 2014


...................................

...THE MUSKEGON MI CLIMATE SUMMARY FOR JULY 16 2014...

CLIMATE NORMAL PERIOD 1981 TO 2010
CLIMATE RECORD PERIOD 1895 TO 2014


WEATHER ITEM   OBSERVED TIME   RECORD YEAR NORMAL DEPARTURE LAST
                VALUE   (LST)  VALUE       VALUE  FROM      YEAR
                                                  NORMAL
..................................................................
TEMPERATURE (F)
 YESTERDAY
  MAXIMUM         67    530 PM  95    1988  81    -14       89
  MINIMUM         54   1119 PM  42    1945  62     -8       74
  AVERAGE         61                        71    -10       82

PRECIPITATION (IN)
  YESTERDAY        0.00          1.70 1950   0.08  -0.08     0.00
  MONTH TO DATE    2.49                      1.15   1.34     0.60
  SINCE JUN 1      9.51                      3.70   5.81     4.93
  SINCE JAN 1     22.81                     15.97   6.84    27.62

SNOWFALL (IN)
  YESTERDAY        0.0          MM      MM   0.0    0.0      0.0
  MONTH TO DATE    0.0                       0.0    0.0      0.0
  SINCE JUN 1      0.0                       0.0    0.0      0.0
  SINCE JUL 1      0.0                       0.0    0.0      0.0
  SNOW DEPTH       0

DEGREE DAYS
 HEATING
  YESTERDAY        4                         0      4        0
  MONTH TO DATE   11                         4      7        2
  SINCE JUN 1     42                        70    -28       54
  SINCE JUL 1     11                         4      7        2

 COOLING
  YESTERDAY        0                         7     -7       17
  MONTH TO DATE   36                       103    -67      125
  SINCE JUN 1    171                       208    -37      225
  SINCE JAN 1    188                       237    -49      285
..................................................................


WIND (MPH)
  RESULTANT WIND SPEED   8   RESULTANT WIND DIRECTION  NW (300)
  HIGHEST WIND SPEED    16   HIGHEST WIND DIRECTION     W (290)
  HIGHEST GUST SPEED    21   HIGHEST GUST DIRECTION     W (260)
  AVERAGE WIND SPEED     8.9


SKY COVER
  AVERAGE SKY COVER 0.6


WEATHER CONDITIONS
 THE FOLLOWING WEATHER WAS RECORDED YESTERDAY.
  NO SIGNIFICANT WEATHER WAS OBSERVED.


RELATIVE HUMIDITY (PERCENT)
 HIGHEST    86          1100 PM
 LOWEST     52          1100 AM
 AVERAGE    69

..........................................................


THE MUSKEGON MI CLIMATE NORMALS FOR TODAY
                         NORMAL    RECORD    YEAR
 MAXIMUM TEMPERATURE (F)   81        95      2012
                                             1901
 MINIMUM TEMPERATURE (F)   62        45      1934


SUNRISE AND SUNSET
JULY 17 2014..........SUNRISE   621 AM EDT   SUNSET   921 PM EDT
JULY 18 2014..........SUNRISE   621 AM EDT   SUNSET   920 PM EDT


-  INDICATES NEGATIVE NUMBERS.
R  INDICATES RECORD WAS SET OR TIED.
MM INDICATES DATA IS MISSING.
T  INDICATES TRACE AMOUNT.




$$
