000
CDUS43 KGRR 210518
CLIMKG


CLIMATE REPORT
NATIONAL WEATHER SERVICE GRAND RAPIDS, MI
1218 AM EST WED JAN 21 2015


...................................

...THE MUSKEGON MI CLIMATE SUMMARY FOR JANUARY 20 2015...

CLIMATE NORMAL PERIOD 1981 TO 2010
CLIMATE RECORD PERIOD 1896 TO 2015


WEATHER ITEM   OBSERVED TIME   RECORD YEAR NORMAL DEPARTURE LAST
                VALUE   (LST)  VALUE       VALUE  FROM      YEAR
                                                  NORMAL
..................................................................
TEMPERATURE (F)
 YESTERDAY
  MAXIMUM         32    519 PM  47    2006  30      2       34
  MINIMUM         27   1159 PM  -4    2009  20      7       11
                                      1962
  AVERAGE         30                        25      5       23

PRECIPITATION (IN)
  YESTERDAY        0.08          1.14 1974   0.06   0.02     0.01
  MONTH TO DATE    1.65                      1.37   0.28     2.28
  SINCE DEC 1      3.37                      3.92  -0.55     4.98
  SINCE JAN 1      1.65                      1.37   0.28     2.28

SNOWFALL (IN)
  YESTERDAY        1.5          10.0  1918   0.9    0.6       T
                                      1916
  MONTH TO DATE   31.1                      18.0   13.1     19.1
  SINCE DEC 1     32.5                      46.9  -14.4     58.3
  SINCE JUL 1     57.0                      53.1    3.9     67.2
  SNOW DEPTH       7

DEGREE DAYS
 HEATING
  YESTERDAY       35                        40     -5       42
  MONTH TO DATE  856                       787     69      838
  SINCE DEC 1   1848                      1866    -18     2031
  SINCE JUL 1   3331                      3233     98     3302

 COOLING
  YESTERDAY        0                         0      0        0
  MONTH TO DATE    0                         0      0        0
  SINCE DEC 1      0                         0      0        0
  SINCE JAN 1      0                         0      0        0
..................................................................


WIND (MPH)
  RESULTANT WIND SPEED   8   RESULTANT WIND DIRECTION  NE (60)
  HIGHEST WIND SPEED    13   HIGHEST WIND DIRECTION    NE (60)
  HIGHEST GUST SPEED    15   HIGHEST GUST DIRECTION    NE (60)
  AVERAGE WIND SPEED     8.1


SKY COVER
  AVERAGE SKY COVER 1.0


WEATHER CONDITIONS
 THE FOLLOWING WEATHER WAS RECORDED YESTERDAY.
  LIGHT SNOW
  FOG
  HAZE


RELATIVE HUMIDITY (PERCENT)
 HIGHEST    85           200 AM
 LOWEST     63           400 PM
 AVERAGE    74

..........................................................


THE MUSKEGON MI CLIMATE NORMALS FOR TODAY
                         NORMAL    RECORD    YEAR
 MAXIMUM TEMPERATURE (F)   30        49      1997
 MINIMUM TEMPERATURE (F)   20        -5      1924


SUNRISE AND SUNSET
JANUARY 21 2015.......SUNRISE   810 AM EST   SUNSET   542 PM EST
JANUARY 22 2015.......SUNRISE   810 AM EST   SUNSET   544 PM EST


-  INDICATES NEGATIVE NUMBERS.
R  INDICATES RECORD WAS SET OR TIED.
MM INDICATES DATA IS MISSING.
T  INDICATES TRACE AMOUNT.




$$
