126
CDUS43 KGRR 161454
CLIMKG


CLIMATE REPORT
NATIONAL WEATHER SERVICE GRAND RAPIDS, MI
954 AM EST FRI FEB 16 2018


...................................

...THE MUSKEGON MI CLIMATE SUMMARY FOR FEBRUARY 16 2018...
VALID AS OF 0900 AM LOCAL TIME.

CLIMATE NORMAL PERIOD 1981 TO 2010
CLIMATE RECORD PERIOD 1896 TO 2018


WEATHER ITEM   OBSERVED TIME   RECORD YEAR NORMAL DEPARTURE LAST
                VALUE   (LST)  VALUE       VALUE  FROM      YEAR
                                                  NORMAL
..................................................................
TEMPERATURE (F)
 TODAY
  MAXIMUM         36   1206 AM  51    1921  33      3       33
  MINIMUM         28    808 AM -18    1904  21      7       16
  AVERAGE         32                        27      5       25

PRECIPITATION (IN)
  TODAY            0.00          1.20 2006   0.07  -0.07     0.00
  MONTH TO DATE    1.39                      0.97   0.42     0.16
  SINCE DEC 1      7.08                      5.55   1.53     5.41
  SINCE JAN 1      4.31                      3.00   1.31     3.19

SNOWFALL (IN)
  TODAY            0.0           9.0  1914   0.7   -0.7      0.0
  MONTH TO DATE   19.9                      12.0    7.9      0.3
  SINCE DEC 1     90.6                      68.9   21.7     40.7
  SINCE JUL 1     90.6                      75.1   15.5     41.7
  SNOW DEPTH       5

DEGREE DAYS
 HEATING
  TODAY           33                        38     -5       40
  MONTH TO DATE  675                       624     51      558
  SINCE DEC 1   3031                      2929    102     2696
  SINCE JUL 1   4190                      4296   -106     3601

 COOLING
  TODAY            0                         0      0        0
  MONTH TO DATE    0                         0      0        0
  SINCE DEC 1      0                         0      0        0
  SINCE JAN 1      0                         0      0        0
..................................................................


WIND (MPH)
  RESULTANT WIND SPEED  13   RESULTANT WIND DIRECTION   N (350)
  HIGHEST WIND SPEED    20   HIGHEST WIND DIRECTION     N (340)
  HIGHEST GUST SPEED    26   HIGHEST GUST DIRECTION    NW (330)
  AVERAGE WIND SPEED    12.8


SKY COVER
  AVERAGE SKY COVER 0.8


WEATHER CONDITIONS
 THE FOLLOWING WEATHER WAS RECORDED TODAY.
  NO SIGNIFICANT WEATHER WAS OBSERVED.


RELATIVE HUMIDITY (PERCENT)
 HIGHEST    82          1200 AM
 LOWEST     63           800 AM
 AVERAGE    73

..........................................................


THE MUSKEGON MI CLIMATE NORMALS FOR TOMORROW
                         NORMAL    RECORD    YEAR
 MAXIMUM TEMPERATURE (F)   34        55      2017
 MINIMUM TEMPERATURE (F)   21       -15      1904


SUNRISE AND SUNSET
FEBRUARY 16 2018......SUNRISE   741 AM EST   SUNSET   617 PM EST
FEBRUARY 17 2018......SUNRISE   740 AM EST   SUNSET   619 PM EST


-  INDICATES NEGATIVE NUMBERS.
R  INDICATES RECORD WAS SET OR TIED.
MM INDICATES DATA IS MISSING.
T  INDICATES TRACE AMOUNT.




$$
