000
CDUS43 KGRR 011348
CLIMKG


CLIMATE REPORT
NATIONAL WEATHER SERVICE GRAND RAPIDS, MI
948 AM EDT TUE AUG 1 2017


...................................

...THE MUSKEGON MI CLIMATE SUMMARY FOR AUGUST 1 2017...
VALID AS OF 0900 AM LOCAL TIME.

CLIMATE NORMAL PERIOD 1981 TO 2010
CLIMATE RECORD PERIOD 1896 TO 2017


WEATHER ITEM   OBSERVED TIME   RECORD YEAR NORMAL DEPARTURE LAST
                VALUE   (LST)  VALUE       VALUE  FROM      YEAR
                                                  NORMAL
..................................................................
TEMPERATURE (F)
 TODAY
  MAXIMUM         73    759 AM  92    1988  80     -7       84
                                      1975
                                      1926
  MINIMUM         59    556 AM  43    1947  62     -3       62
  AVERAGE         66                        71     -5       73

PRECIPITATION (IN)
  TODAY            0.00          1.58 2002   0.10  -0.10     0.00
  MONTH TO DATE    0.00                      0.10  -0.10     0.00
  SINCE JUN 1      5.27                      5.02   0.25     8.36
  SINCE JAN 1     19.75                     17.29   2.46    22.29

SNOWFALL (IN)
  TODAY            0.0          MM      MM   0.0    0.0      0.0
  MONTH TO DATE    0.0                       0.0    0.0      0.0
  SINCE JUN 1      0.0                       0.0    0.0      0.0
  SINCE JUL 1      0.0                       0.0    0.0      0.0
  SNOW DEPTH       0

DEGREE DAYS
 HEATING
  TODAY            0                         0      0        0
  MONTH TO DATE    0                         0      0        0
  SINCE JUN 1     34                        77    -43       47
  SINCE JUL 1      0                        11    -11        9

 COOLING
  TODAY            1                         6     -5        8
  MONTH TO DATE    1                         6     -5        8
  SINCE JUN 1    342                       313     29      366
  SINCE JAN 1    364                       342     22      410
..................................................................


WIND (MPH)
  RESULTANT WIND SPEED   2   RESULTANT WIND DIRECTION  SE (130)
  HIGHEST WIND SPEED     5   HIGHEST WIND DIRECTION    SW (210)
  HIGHEST GUST SPEED     6   HIGHEST GUST DIRECTION    SW (220)
  AVERAGE WIND SPEED     2.2


SKY COVER
  AVERAGE SKY COVER 0.1


WEATHER CONDITIONS
 THE FOLLOWING WEATHER WAS RECORDED TODAY.
  FOG


RELATIVE HUMIDITY (PERCENT)
 HIGHEST    93          1200 AM
 LOWEST     79           800 AM
 AVERAGE    86

..........................................................


THE MUSKEGON MI CLIMATE NORMALS FOR TOMORROW
                         NORMAL    RECORD    YEAR
 MAXIMUM TEMPERATURE (F)   80        94      1988
 MINIMUM TEMPERATURE (F)   62        42      1927


SUNRISE AND SUNSET
AUGUST  1 2017........SUNRISE   636 AM EDT   SUNSET   906 PM EDT
AUGUST  2 2017........SUNRISE   637 AM EDT   SUNSET   905 PM EDT


-  INDICATES NEGATIVE NUMBERS.
R  INDICATES RECORD WAS SET OR TIED.
MM INDICATES DATA IS MISSING.
T  INDICATES TRACE AMOUNT.




$$
