000
CDUS43 KGRR 170526
CLIMKG


CLIMATE REPORT
NATIONAL WEATHER SERVICE GRAND RAPIDS, MI
1223 AM EST MON NOV 17 2014


...................................

...THE MUSKEGON MI CLIMATE SUMMARY FOR NOVEMBER 16 2014...

CLIMATE NORMAL PERIOD 1981 TO 2010
CLIMATE RECORD PERIOD 1896 TO 2014


WEATHER ITEM   OBSERVED TIME   RECORD YEAR NORMAL DEPARTURE LAST
                VALUE   (LST)  VALUE       VALUE  FROM      YEAR
                                                  NORMAL
..................................................................
TEMPERATURE (F)
 YESTERDAY
  MAXIMUM         35    955 PM  70    1930  46    -11       58
  MINIMUM         28   1209 AM  14    1933  34     -6       39
  AVERAGE         32                        40     -8       49

PRECIPITATION (IN)
  YESTERDAY        0.10          1.28 1918   0.12  -0.02     0.40
  MONTH TO DATE    1.55                      1.84  -0.29     1.75
  SINCE SEP 1      7.65                      8.84  -1.19     8.17
  SINCE JAN 1     34.26                     29.42   4.84    39.42

SNOWFALL (IN)
  YESTERDAY        2.0           7.0  1973   0.2    1.8      0.0
  MONTH TO DATE   11.2                       1.7    9.5      0.1
  SINCE SEP 1     11.2                       1.9    9.3      0.1
  SINCE JUL 1     11.2                       1.9    9.3      0.1
  SNOW DEPTH       6

DEGREE DAYS
 HEATING
  YESTERDAY       33                        25      8       16
  MONTH TO DATE  396                       356     40      331
  SINCE SEP 1    968                       949     19      804
  SINCE JUL 1   1017                       979     38      839

 COOLING
  YESTERDAY        0                         0      0        0
  MONTH TO DATE    0                         0      0        0
  SINCE SEP 1     46                        59    -13       87
  SINCE JAN 1    442                       566   -124      626
..................................................................


WIND (MPH)
  RESULTANT WIND SPEED  13   RESULTANT WIND DIRECTION  SW (240)
  HIGHEST WIND SPEED    20   HIGHEST WIND DIRECTION     W (260)
  HIGHEST GUST SPEED    26   HIGHEST GUST DIRECTION    SW (230)
  AVERAGE WIND SPEED    12.8


SKY COVER
  AVERAGE SKY COVER 1.0


WEATHER CONDITIONS
 THE FOLLOWING WEATHER WAS RECORDED YESTERDAY.
  SNOW
  LIGHT SNOW
  FOG
  HAZE


RELATIVE HUMIDITY (PERCENT)
 HIGHEST    85          1200 AM
 LOWEST     59           500 PM
 AVERAGE    72

..........................................................


THE MUSKEGON MI CLIMATE NORMALS FOR TODAY
                         NORMAL    RECORD    YEAR
 MAXIMUM TEMPERATURE (F)   46        71      1958
 MINIMUM TEMPERATURE (F)   34         9      1959


SUNRISE AND SUNSET
NOVEMBER 17 2014......SUNRISE   740 AM EST   SUNSET   519 PM EST
NOVEMBER 18 2014......SUNRISE   742 AM EST   SUNSET   518 PM EST


-  INDICATES NEGATIVE NUMBERS.
R  INDICATES RECORD WAS SET OR TIED.
MM INDICATES DATA IS MISSING.
T  INDICATES TRACE AMOUNT.




$$

CAS
