000
CDUS43 KGRR 162126
CLIMKG


CLIMATE REPORT
NATIONAL WEATHER SERVICE GRAND RAPIDS, MI
524 PM EDT FRI SEP 16 2016


...................................

...THE MUSKEGON MI CLIMATE SUMMARY FOR SEPTEMBER 16 2016...
VALID TODAY AS OF 0500 PM LOCAL TIME.

CLIMATE NORMAL PERIOD 1981 TO 2010
CLIMATE RECORD PERIOD 1896 TO 2016


WEATHER ITEM   OBSERVED TIME   RECORD YEAR NORMAL DEPARTURE LAST
                VALUE   (LST)  VALUE       VALUE  FROM      YEAR
                                                  NORMAL
..................................................................
TEMPERATURE (F)
 TODAY
  MAXIMUM         83    257 PM  86    1967  71     12       79
                                      1927
  MINIMUM         55    414 AM  31    1929  53      2       57
  AVERAGE         69                        62      7       68

PRECIPITATION (IN)
  TODAY            0.00          1.40 1913   0.14  -0.14     0.00
  MONTH TO DATE    4.52                      2.02   2.50     1.23
  SINCE SEP 1      4.52                      2.02   2.50     1.23
  SINCE JAN 1     29.67                     22.60   7.07    24.36

SNOWFALL (IN)
  TODAY            0.0          MM      MM   0.0    0.0      0.0
  MONTH TO DATE    0.0                       0.0    0.0      0.0
  SINCE SEP 1      0.0                       0.0    0.0      0.0
  SINCE JUL 1      0.0                       0.0    0.0      0.0
  SNOW DEPTH       0

DEGREE DAYS
 HEATING
  TODAY            0                         5     -5        0
  MONTH TO DATE    4                        46    -42       21
  SINCE SEP 1      4                        46    -42       21
  SINCE JUL 1     13                        76    -63       53

 COOLING
  TODAY            4                         2      2        3
  MONTH TO DATE   72                        43     29       89
  SINCE SEP 1     72                        43     29       89
  SINCE JAN 1    736                       550    186      543
..................................................................


WIND (MPH)
  RESULTANT WIND SPEED   9   RESULTANT WIND DIRECTION  SE (140)
  HIGHEST WIND SPEED    15   HIGHEST WIND DIRECTION    SE (150)
  HIGHEST GUST SPEED    22   HIGHEST GUST DIRECTION    SE (130)
  AVERAGE WIND SPEED     9.6


SKY COVER
  AVERAGE SKY COVER 0.5


WEATHER CONDITIONS
 THE FOLLOWING WEATHER WAS RECORDED TODAY.
  NO SIGNIFICANT WEATHER WAS OBSERVED.


RELATIVE HUMIDITY (PERCENT)
 HIGHEST    93           600 AM
 LOWEST     54           200 PM
 AVERAGE    74

..........................................................


THE MUSKEGON MI CLIMATE NORMALS FOR TOMORROW
                         NORMAL    RECORD    YEAR
 MAXIMUM TEMPERATURE (F)   71        88      1955
 MINIMUM TEMPERATURE (F)   52        36      1990
                                             1959


SUNRISE AND SUNSET
SEPTEMBER 16 2016.....SUNRISE   726 AM EDT   SUNSET   752 PM EDT
SEPTEMBER 17 2016.....SUNRISE   727 AM EDT   SUNSET   750 PM EDT


-  INDICATES NEGATIVE NUMBERS.
R  INDICATES RECORD WAS SET OR TIED.
MM INDICATES DATA IS MISSING.
T  INDICATES TRACE AMOUNT.




$$

63
