000
CDUS43 KGRR 080518
CLIMKG


CLIMATE REPORT
NATIONAL WEATHER SERVICE GRAND RAPIDS, MI
1217 AM EST WED MAR 8 2017


...................................

...THE MUSKEGON MI CLIMATE SUMMARY FOR MARCH 7 2017...

CLIMATE NORMAL PERIOD 1981 TO 2010
CLIMATE RECORD PERIOD 1896 TO 2017


WEATHER ITEM   OBSERVED TIME   RECORD YEAR NORMAL DEPARTURE LAST
                VALUE   (LST)  VALUE       VALUE  FROM      YEAR
                                                  NORMAL
..................................................................
TEMPERATURE (F)
 YESTERDAY
  MAXIMUM         62    244 AM  64    2000  39     23       60
  MINIMUM         38   1049 PM  -1    1986  25     13       43
  AVERAGE         50                        32     18       52

PRECIPITATION (IN)
  YESTERDAY        0.04          0.77 1903   0.07  -0.03      T
  MONTH TO DATE    0.25                      0.51  -0.26     0.24
  SINCE MAR 1      0.25                      0.51  -0.26     0.24
  SINCE JAN 1      5.95                      4.37   1.58     4.45

SNOWFALL (IN)
  YESTERDAY        0.0           3.8  1960   0.4   -0.4      0.0
  MONTH TO DATE    1.5                       3.0   -1.5      4.9
  SINCE MAR 1      1.5                       3.0   -1.5      4.9
  SINCE JUL 1     43.4                      85.4  -42.0     59.4
  SNOW DEPTH       0

DEGREE DAYS
 HEATING
  YESTERDAY       15                        33    -18       13
  MONTH TO DATE  196                       238    -42      246
  SINCE MAR 1    196                       238    -42      246
  SINCE JUL 1   4061                      4970   -909     4266

 COOLING
  YESTERDAY        0                         0      0        0
  MONTH TO DATE    0                         0      0        0
  SINCE MAR 1      0                         0      0        0
  SINCE JAN 1      0                         0      0        0
..................................................................


WIND (MPH)
  RESULTANT WIND SPEED  17   RESULTANT WIND DIRECTION  SW (220)
  HIGHEST WIND SPEED    36   HIGHEST WIND DIRECTION    SW (210)
  HIGHEST GUST SPEED    52   HIGHEST GUST DIRECTION     S (200)
  AVERAGE WIND SPEED    18.9


SKY COVER
  AVERAGE SKY COVER 0.6


WEATHER CONDITIONS
 THE FOLLOWING WEATHER WAS RECORDED YESTERDAY.
  LIGHT RAIN
  FOG


RELATIVE HUMIDITY (PERCENT)
 HIGHEST    86           700 AM
 LOWEST     53           100 PM
 AVERAGE    70

..........................................................


THE MUSKEGON MI CLIMATE NORMALS FOR TODAY
                         NORMAL    RECORD    YEAR
 MAXIMUM TEMPERATURE (F)   40        73      2000
 MINIMUM TEMPERATURE (F)   25        -2      1982
                                             1960


SUNRISE AND SUNSET
MARCH  8 2017.........SUNRISE   709 AM EST   SUNSET   643 PM EST
MARCH  9 2017.........SUNRISE   707 AM EST   SUNSET   644 PM EST


-  INDICATES NEGATIVE NUMBERS.
R  INDICATES RECORD WAS SET OR TIED.
MM INDICATES DATA IS MISSING.
T  INDICATES TRACE AMOUNT.




$$
