000
CDUS43 KGRR 090536
CLIMKG


CLIMATE REPORT
NATIONAL WEATHER SERVICE GRAND RAPIDS, MI
135 AM EDT SAT SEP 9 2017


...................................

...THE MUSKEGON MI CLIMATE SUMMARY FOR SEPTEMBER 8 2017...

CLIMATE NORMAL PERIOD 1981 TO 2010
CLIMATE RECORD PERIOD 1896 TO 2017


WEATHER ITEM   OBSERVED TIME   RECORD YEAR NORMAL DEPARTURE LAST
                VALUE   (LST)  VALUE       VALUE  FROM      YEAR
                                                  NORMAL
..................................................................
TEMPERATURE (F)
 YESTERDAY
  MAXIMUM         71    259 PM  91    1959  74     -3       80
  MINIMUM         49    350 AM  31    1951  56     -7       67
  AVERAGE         60                        65     -5       74

PRECIPITATION (IN)
  YESTERDAY        0.00          2.74 1941   0.13  -0.13     0.06
  MONTH TO DATE    0.79                      0.97  -0.18     4.30
  SINCE SEP 1      0.79                      0.97  -0.18     4.30
  SINCE JAN 1     21.95                     21.55   0.40    29.45

SNOWFALL (IN)
  YESTERDAY        0.0           T    1994   0.0    0.0      0.0
  MONTH TO DATE    0.0                       0.0    0.0      0.0
  SINCE SEP 1      0.0                       0.0    0.0      0.0
  SINCE JUL 1      0.0                       0.0    0.0      0.0
  SNOW DEPTH       0

DEGREE DAYS
 HEATING
  YESTERDAY        5                         3      2        0
  MONTH TO DATE   44                        17     27        1
  SINCE SEP 1     44                        17     27        1
  SINCE JUL 1     57                        47     10       10

 COOLING
  YESTERDAY        0                         3     -3        9
  MONTH TO DATE    2                        26    -24       49
  SINCE SEP 1      2                        26    -24       49
  SINCE JAN 1    496                       533    -37      713
..................................................................


WIND (MPH)
  RESULTANT WIND SPEED   4   RESULTANT WIND DIRECTION   N (20)
  HIGHEST WIND SPEED    14   HIGHEST WIND DIRECTION     N (350)
  HIGHEST GUST SPEED    18   HIGHEST GUST DIRECTION     N (360)
  AVERAGE WIND SPEED     5.1


SKY COVER
  AVERAGE SKY COVER 0.4


WEATHER CONDITIONS
 THE FOLLOWING WEATHER WAS RECORDED YESTERDAY.
  FOG
  FOG W/VISIBILITY <= 1/4 MILE


RELATIVE HUMIDITY (PERCENT)
 HIGHEST   100          1200 AM
 LOWEST     37           300 PM
 AVERAGE    69

..........................................................


THE MUSKEGON MI CLIMATE NORMALS FOR TODAY
                         NORMAL    RECORD    YEAR
 MAXIMUM TEMPERATURE (F)   74        89      2002
                                             1964
                                             1947
 MINIMUM TEMPERATURE (F)   55        38      1949


SUNRISE AND SUNSET
SEPTEMBER  9 2017.....SUNRISE   718 AM EDT   SUNSET   805 PM EDT
SEPTEMBER 10 2017.....SUNRISE   719 AM EDT   SUNSET   803 PM EDT


-  INDICATES NEGATIVE NUMBERS.
R  INDICATES RECORD WAS SET OR TIED.
MM INDICATES DATA IS MISSING.
T  INDICATES TRACE AMOUNT.




$$
