000
CDUS43 KGRR 182239
CLIMKG


CLIMATE REPORT
NATIONAL WEATHER SERVICE GRAND RAPIDS, MI
535 PM EST TUE NOV 18 2014


...................................

...THE MUSKEGON MI CLIMATE SUMMARY FOR NOVEMBER 18 2014...
VALID TODAY AS OF 0500 PM LOCAL TIME.

CLIMATE NORMAL PERIOD 1981 TO 2010
CLIMATE RECORD PERIOD 1896 TO 2014


WEATHER ITEM   OBSERVED TIME   RECORD YEAR NORMAL DEPARTURE LAST
                VALUE   (LST)  VALUE       VALUE  FROM      YEAR
                                                  NORMAL
..................................................................
TEMPERATURE (F)
 TODAY
  MAXIMUM         23    322 PM  71    1958  45    -22       46
  MINIMUM         18   1217 AM  15    1932  33    -15       35
  AVERAGE         21                        39    -18       41

PRECIPITATION (IN)
  TODAY            0.07          1.71 2003   0.11  -0.04      T
  MONTH TO DATE    1.71                      2.06  -0.35     2.94
  SINCE SEP 1      7.81                      9.06  -1.25     9.36
  SINCE JAN 1     34.42                     29.64   4.78    40.61

SNOWFALL (IN)
  TODAY            1.5           3.0  1928   0.2    1.3       T
  MONTH TO DATE   16.1                       2.1   14.0      0.1
  SINCE SEP 1     16.1                       2.3   13.8      0.1
  SINCE JUL 1     16.1                       2.3   13.8      0.1
  SNOW DEPTH       7

DEGREE DAYS
 HEATING
  TODAY           44                        26     18       24
  MONTH TO DATE  480                       407     73      363
  SINCE SEP 1   1052                      1000     52      836
  SINCE JUL 1   1101                      1030     71      871

 COOLING
  TODAY            0                         0      0        0
  MONTH TO DATE    0                         0      0        0
  SINCE SEP 1     46                        59    -13       87
  SINCE JAN 1    442                       566   -124      626
..................................................................


WIND (MPH)
  RESULTANT WIND SPEED  18   RESULTANT WIND DIRECTION   W (280)
  HIGHEST WIND SPEED    26   HIGHEST WIND DIRECTION     W (280)
  HIGHEST GUST SPEED    37   HIGHEST GUST DIRECTION     W (260)
  AVERAGE WIND SPEED    18.5


SKY COVER
  AVERAGE SKY COVER 1.0


WEATHER CONDITIONS
 THE FOLLOWING WEATHER WAS RECORDED TODAY.
  SNOW
  LIGHT SNOW
  HAZE
  BLOWING SNOW


RELATIVE HUMIDITY (PERCENT)
 HIGHEST    77           400 PM
 LOWEST     62           700 AM
 AVERAGE    70

..........................................................


THE MUSKEGON MI CLIMATE NORMALS FOR TOMORROW
                         NORMAL    RECORD    YEAR
 MAXIMUM TEMPERATURE (F)   45        74      1930
 MINIMUM TEMPERATURE (F)   33        10      1986


SUNRISE AND SUNSET
NOVEMBER 18 2014......SUNRISE   742 AM EST   SUNSET   518 PM EST
NOVEMBER 19 2014......SUNRISE   743 AM EST   SUNSET   518 PM EST


-  INDICATES NEGATIVE NUMBERS.
R  INDICATES RECORD WAS SET OR TIED.
MM INDICATES DATA IS MISSING.
T  INDICATES TRACE AMOUNT.




$$

jam
