000
CDUS43 KGRR 160523
CLIMKG


CLIMATE REPORT
NATIONAL WEATHER SERVICE GRAND RAPIDS, MI
122 AM EDT SAT JUL 16 2016


...................................

...THE MUSKEGON MI CLIMATE SUMMARY FOR JULY 15 2016...

CLIMATE NORMAL PERIOD 1981 TO 2010
CLIMATE RECORD PERIOD 1896 TO 2016


WEATHER ITEM   OBSERVED TIME   RECORD YEAR NORMAL DEPARTURE LAST
                VALUE   (LST)  VALUE       VALUE  FROM      YEAR
                                                  NORMAL
..................................................................
TEMPERATURE (F)
 YESTERDAY
  MAXIMUM         74    110 PM  93    1995  81     -7       78
  MINIMUM         58   1159 PM  48    1960  62     -4       57
  AVERAGE         66                        71     -5       68

PRECIPITATION (IN)
  YESTERDAY        T             1.00 1986   0.07  -0.07     0.00
  MONTH TO DATE    1.01                      1.07  -0.06     3.36
  SINCE JUN 1      3.35                      3.62  -0.27     6.66
  SINCE JAN 1     17.28                     15.89   1.39    19.09

SNOWFALL (IN)
  YESTERDAY        0.0          MM      MM   0.0    0.0      0.0
  MONTH TO DATE    0.0                       0.0    0.0      0.0
  SINCE JUN 1      0.0                       0.0    0.0      0.0
  SINCE JUL 1      0.0                       0.0    0.0      0.0
  SNOW DEPTH       0

DEGREE DAYS
 HEATING
  YESTERDAY        0                         0      0        0
  MONTH TO DATE    8                         4      4       15
  SINCE JUN 1     46                        70    -24       48
  SINCE JUL 1      8                         4      4       15

 COOLING
  YESTERDAY        1                         7     -6        3
  MONTH TO DATE   97                        96      1       39
  SINCE JUN 1    214                       201     13      102
  SINCE JAN 1    258                       230     28      141
..................................................................


WIND (MPH)
  RESULTANT WIND SPEED   8   RESULTANT WIND DIRECTION  NW (330)
  HIGHEST WIND SPEED    18   HIGHEST WIND DIRECTION     W (280)
  HIGHEST GUST SPEED    23   HIGHEST GUST DIRECTION     W (290)
  AVERAGE WIND SPEED     8.9


SKY COVER
  AVERAGE SKY COVER 0.9


WEATHER CONDITIONS
 THE FOLLOWING WEATHER WAS RECORDED YESTERDAY.
  NO SIGNIFICANT WEATHER WAS OBSERVED.


RELATIVE HUMIDITY (PERCENT)
 HIGHEST    87           400 AM
 LOWEST     57           100 PM
 AVERAGE    72

..........................................................


THE MUSKEGON MI CLIMATE NORMALS FOR TODAY
                         NORMAL    RECORD    YEAR
 MAXIMUM TEMPERATURE (F)   81        95      1988
 MINIMUM TEMPERATURE (F)   62        42      1945


SUNRISE AND SUNSET
JULY 16 2016..........SUNRISE   620 AM EDT   SUNSET   921 PM EDT
JULY 17 2016..........SUNRISE   621 AM EDT   SUNSET   921 PM EDT


-  INDICATES NEGATIVE NUMBERS.
R  INDICATES RECORD WAS SET OR TIED.
MM INDICATES DATA IS MISSING.
T  INDICATES TRACE AMOUNT.




$$
