000
CDUS43 KGRR 042124
CLIMKG


CLIMATE REPORT
NATIONAL WEATHER SERVICE GRAND RAPIDS, MI
524 PM EDT MON SEP 4 2017


...................................

...THE MUSKEGON MI CLIMATE SUMMARY FOR SEPTEMBER 4 2017...
VALID TODAY AS OF 0500 PM LOCAL TIME.

CLIMATE NORMAL PERIOD 1981 TO 2010
CLIMATE RECORD PERIOD 1896 TO 2017


WEATHER ITEM   OBSERVED TIME   RECORD YEAR NORMAL DEPARTURE LAST
                VALUE   (LST)  VALUE       VALUE  FROM      YEAR
                                                  NORMAL
..................................................................
TEMPERATURE (F)
 TODAY
  MAXIMUM         76   1111 AM  90    1999  76      0       80
  MINIMUM         67    240 PM  36    1974  57     10       54
  AVERAGE         72                        66      6       67

PRECIPITATION (IN)
  TODAY            0.02          3.25 2008   0.12  -0.10     0.00
  MONTH TO DATE    0.10                      0.47  -0.37     0.00
  SINCE SEP 1      0.10                      0.47  -0.37     0.00
  SINCE JAN 1     21.26                     21.05   0.21    25.15

SNOWFALL (IN)
  TODAY            0.0          MM      MM   0.0    0.0      0.0
  MONTH TO DATE    0.0                       0.0    0.0      0.0
  SINCE SEP 1      0.0                       0.0    0.0      0.0
  SINCE JUL 1      0.0                       0.0    0.0      0.0
  SNOW DEPTH       0

DEGREE DAYS
 HEATING
  TODAY            0                         2     -2        0
  MONTH TO DATE   13                         8      5        1
  SINCE SEP 1     13                         8      5        1
  SINCE JUL 1     26                        38    -12       10

 COOLING
  TODAY            7                         3      4        2
  MONTH TO DATE    9                        14     -5        7
  SINCE SEP 1      9                        14     -5        7
  SINCE JAN 1    503                       521    -18      671
..................................................................


WIND (MPH)
  RESULTANT WIND SPEED  14   RESULTANT WIND DIRECTION  SW (220)
  HIGHEST WIND SPEED    22   HIGHEST WIND DIRECTION    SW (220)
  HIGHEST GUST SPEED    29   HIGHEST GUST DIRECTION    SW (210)
  AVERAGE WIND SPEED    15.5


SKY COVER
  AVERAGE SKY COVER 0.8


WEATHER CONDITIONS
 THE FOLLOWING WEATHER WAS RECORDED TODAY.
  LIGHT RAIN
  FOG


RELATIVE HUMIDITY (PERCENT)
 HIGHEST    79           100 PM
 LOWEST     64           900 AM
 AVERAGE    72

..........................................................


THE MUSKEGON MI CLIMATE NORMALS FOR TOMORROW
                         NORMAL    RECORD    YEAR
 MAXIMUM TEMPERATURE (F)   75        92      1948
 MINIMUM TEMPERATURE (F)   57        37      1900


SUNRISE AND SUNSET
SEPTEMBER  4 2017.....SUNRISE   713 AM EDT   SUNSET   814 PM EDT
SEPTEMBER  5 2017.....SUNRISE   714 AM EDT   SUNSET   812 PM EDT


-  INDICATES NEGATIVE NUMBERS.
R  INDICATES RECORD WAS SET OR TIED.
MM INDICATES DATA IS MISSING.
T  INDICATES TRACE AMOUNT.




$$
