000
CDUS43 KGRR 070521
CLIMKG


CLIMATE REPORT
NATIONAL WEATHER SERVICE GRAND RAPIDS, MI
119 AM EDT FRI JUL 7 2017


...................................

...THE MUSKEGON MI CLIMATE SUMMARY FOR JULY 6 2017...

CLIMATE NORMAL PERIOD 1981 TO 2010
CLIMATE RECORD PERIOD 1896 TO 2017


WEATHER ITEM   OBSERVED TIME   RECORD YEAR NORMAL DEPARTURE LAST
                VALUE   (LST)  VALUE       VALUE  FROM      YEAR
                                                  NORMAL
..................................................................
TEMPERATURE (F)
 YESTERDAY
  MAXIMUM         84   1141 AM  99    2012  80      4       81
  MINIMUM         63    406 AM  41    1983  61      2       66
  AVERAGE         74                        71      3       74

PRECIPITATION (IN)
  YESTERDAY        0.00          2.74 2015   0.07  -0.07      T
  MONTH TO DATE    0.13                      0.44  -0.31     0.25
  SINCE JUN 1      3.77                      2.99   0.78     2.59
  SINCE JAN 1     18.25                     15.26   2.99    16.52

SNOWFALL (IN)
  YESTERDAY        0.0          MM      MM   0.0    0.0      0.0
  MONTH TO DATE    0.0                       0.0    0.0      0.0
  SINCE JUN 1      0.0                       0.0    0.0      0.0
  SINCE JUL 1      0.0                       0.0    0.0      0.0
  SNOW DEPTH       0

DEGREE DAYS
 HEATING
  YESTERDAY        0                         0      0        0
  MONTH TO DATE    0                         4     -4        8
  SINCE JUN 1     34                        70    -36       46
  SINCE JUL 1      0                         4     -4        8

 COOLING
  YESTERDAY        9                         6      3        9
  MONTH TO DATE   37                        36      1       17
  SINCE JUN 1    167                       141     26      134
  SINCE JAN 1    189                       170     19      178
..................................................................


WIND (MPH)
  RESULTANT WIND SPEED   6   RESULTANT WIND DIRECTION  SW (220)
  HIGHEST WIND SPEED    16   HIGHEST WIND DIRECTION    SW (220)
  HIGHEST GUST SPEED    19   HIGHEST GUST DIRECTION     S (200)
  AVERAGE WIND SPEED     7.1


SKY COVER
  AVERAGE SKY COVER 0.4


WEATHER CONDITIONS
 THE FOLLOWING WEATHER WAS RECORDED YESTERDAY.
  NO SIGNIFICANT WEATHER WAS OBSERVED.


RELATIVE HUMIDITY (PERCENT)
 HIGHEST    87           300 AM
 LOWEST     54           900 AM
 AVERAGE    71

..........................................................


THE MUSKEGON MI CLIMATE NORMALS FOR TODAY
                         NORMAL    RECORD    YEAR
 MAXIMUM TEMPERATURE (F)   80        93      1988
                                             1897
 MINIMUM TEMPERATURE (F)   61        45      1984
                                             1983


SUNRISE AND SUNSET
JULY  7 2017..........SUNRISE   613 AM EDT   SUNSET   927 PM EDT
JULY  8 2017..........SUNRISE   614 AM EDT   SUNSET   926 PM EDT


-  INDICATES NEGATIVE NUMBERS.
R  INDICATES RECORD WAS SET OR TIED.
MM INDICATES DATA IS MISSING.
T  INDICATES TRACE AMOUNT.




$$
