000
CDUS43 KGRR 101512
CLIMKG


CLIMATE REPORT
NATIONAL WEATHER SERVICE GRAND RAPIDS, MI
1011 AM EST FRI MAR 10 2017


...................................

...THE MUSKEGON MI CLIMATE SUMMARY FOR MARCH 10 2017...
VALID AS OF 0900 AM LOCAL TIME.

CLIMATE NORMAL PERIOD 1981 TO 2010
CLIMATE RECORD PERIOD 1896 TO 2017


WEATHER ITEM   OBSERVED TIME   RECORD YEAR NORMAL DEPARTURE LAST
                VALUE   (LST)  VALUE       VALUE  FROM      YEAR
                                                  NORMAL
..................................................................
TEMPERATURE (F)
 TODAY
  MAXIMUM         32    152 AM  64    1902  41     -9       50
  MINIMUM         22    809 AM   3    1950  25     -3       37
  AVERAGE         27                        33     -6       44

PRECIPITATION (IN)
  TODAY            0.00          0.70 1901   0.07  -0.07     0.00
  MONTH TO DATE    0.25                      0.72  -0.47     0.48
  SINCE MAR 1      0.25                      0.72  -0.47     0.48
  SINCE JAN 1      5.95                      4.58   1.37     4.69

SNOWFALL (IN)
  TODAY            0.0           6.4  1993   0.3   -0.3      0.0
  MONTH TO DATE    1.5                       4.1   -2.6      4.9
  SINCE MAR 1      1.5                       4.1   -2.6      4.9
  SINCE JUL 1     46.0                      86.5  -40.5     59.4
  SNOW DEPTH       0

DEGREE DAYS
 HEATING
  TODAY           38                        32      6       21
  MONTH TO DATE  288                       335    -47      282
  SINCE MAR 1    288                       335    -47      282
  SINCE JUL 1   4153                      5067   -914     4302

 COOLING
  TODAY            0                         0      0        0
  MONTH TO DATE    0                         0      0        0
  SINCE MAR 1      0                         0      0        0
  SINCE JAN 1      0                         0      0        0
..................................................................


WIND (MPH)
  RESULTANT WIND SPEED  14   RESULTANT WIND DIRECTION   N (340)
  HIGHEST WIND SPEED    24   HIGHEST WIND DIRECTION    NW (330)
  HIGHEST GUST SPEED    33   HIGHEST GUST DIRECTION    NW (320)
  AVERAGE WIND SPEED    14.3


SKY COVER
  AVERAGE SKY COVER 0.4


WEATHER CONDITIONS
 THE FOLLOWING WEATHER WAS RECORDED TODAY.
  LIGHT SNOW


RELATIVE HUMIDITY (PERCENT)
 HIGHEST    63           300 AM
 LOWEST     44           800 AM
 AVERAGE    54

..........................................................


THE MUSKEGON MI CLIMATE NORMALS FOR TOMORROW
                         NORMAL    RECORD    YEAR
 MAXIMUM TEMPERATURE (F)   41        70      1977
 MINIMUM TEMPERATURE (F)   25         2      1948


SUNRISE AND SUNSET
MARCH 10 2017.........SUNRISE   705 AM EST   SUNSET   646 PM EST
MARCH 11 2017.........SUNRISE   704 AM EST   SUNSET   647 PM EST


-  INDICATES NEGATIVE NUMBERS.
R  INDICATES RECORD WAS SET OR TIED.
MM INDICATES DATA IS MISSING.
T  INDICATES TRACE AMOUNT.




$$

jam
