000
CDUS43 KGRR 170519
CLIMKG


CLIMATE REPORT
NATIONAL WEATHER SERVICE GRAND RAPIDS, MI
118 AM EDT WED MAY 17 2017


...................................

...THE MUSKEGON MI CLIMATE SUMMARY FOR MAY 16 2017...

CLIMATE NORMAL PERIOD 1981 TO 2010
CLIMATE RECORD PERIOD 1896 TO 2017


WEATHER ITEM   OBSERVED TIME   RECORD YEAR NORMAL DEPARTURE LAST
                VALUE   (LST)  VALUE       VALUE  FROM      YEAR
                                                  NORMAL
..................................................................
TEMPERATURE (F)
 YESTERDAY
  MAXIMUM         82    600 PM  85    1977  67     15       65
  MINIMUM         59    418 AM  29    1997  47     12       44
  AVERAGE         71                        57     14       55

PRECIPITATION (IN)
  YESTERDAY        0.21          1.50 1923   0.10   0.11      T
  MONTH TO DATE    0.83                      1.65  -0.82     2.02
  SINCE MAR 1      8.11                      6.81   1.30     9.36
  SINCE JAN 1     13.81                     10.67   3.14    13.57

SNOWFALL (IN)
  YESTERDAY        0.0           0.0    MM   0.0    0.0      0.0
  MONTH TO DATE    0.0                       0.0    0.0      0.0
  SINCE MAR 1      4.5                      11.3   -6.8      7.3
  SINCE JUL 1     49.0                      93.7  -44.7     61.8
  SNOW DEPTH       0

DEGREE DAYS
 HEATING
  YESTERDAY        0                         9     -9       10
  MONTH TO DATE  201                       174     27      207
  SINCE MAR 1   1528                      1660   -132     1551
  SINCE JUL 1   5393                      6392   -999     5571

 COOLING
  YESTERDAY        6                         1      5        0
  MONTH TO DATE    6                         8     -2        0
  SINCE MAR 1     11                        12     -1        0
  SINCE JAN 1     11                        12     -1        0
..................................................................


WIND (MPH)
  RESULTANT WIND SPEED  14   RESULTANT WIND DIRECTION   S (190)
  HIGHEST WIND SPEED    24   HIGHEST WIND DIRECTION     S (200)
  HIGHEST GUST SPEED    37   HIGHEST GUST DIRECTION     S (190)
  AVERAGE WIND SPEED    14.7


SKY COVER
  AVERAGE SKY COVER 0.7


WEATHER CONDITIONS
 THE FOLLOWING WEATHER WAS RECORDED YESTERDAY.
  THUNDERSTORM
  RAIN
  LIGHT RAIN
  HAZE


RELATIVE HUMIDITY (PERCENT)
 HIGHEST    93           300 AM
 LOWEST     40           800 PM
 AVERAGE    67

..........................................................


THE MUSKEGON MI CLIMATE NORMALS FOR TODAY
                         NORMAL    RECORD    YEAR
 MAXIMUM TEMPERATURE (F)   67        88      1962
 MINIMUM TEMPERATURE (F)   47        28      1983


SUNRISE AND SUNSET
MAY 17 2017...........SUNRISE   619 AM EDT   SUNSET   904 PM EDT
MAY 18 2017...........SUNRISE   618 AM EDT   SUNSET   905 PM EDT


-  INDICATES NEGATIVE NUMBERS.
R  INDICATES RECORD WAS SET OR TIED.
MM INDICATES DATA IS MISSING.
T  INDICATES TRACE AMOUNT.




$$
