000
CDUS43 KGRR 100531
CLIMKG


CLIMATE REPORT
NATIONAL WEATHER SERVICE GRAND RAPIDS, MI
1231 AM EST TUE JAN 10 2017


...................................

...THE MUSKEGON MI CLIMATE SUMMARY FOR JANUARY 9 2017...

CLIMATE NORMAL PERIOD 1981 TO 2010
CLIMATE RECORD PERIOD 1896 TO 2017


WEATHER ITEM   OBSERVED TIME   RECORD YEAR NORMAL DEPARTURE LAST
                VALUE   (LST)  VALUE       VALUE  FROM      YEAR
                                                  NORMAL
..................................................................
TEMPERATURE (F)
 YESTERDAY
  MAXIMUM         30    338 PM  48    1928  31     -1       42
  MINIMUM         15    205 AM  -8    1977  20     -5       33
  AVERAGE         23                        26     -3       38

PRECIPITATION (IN)
  YESTERDAY        0.09          0.85 1946   0.07   0.02     0.39
  MONTH TO DATE    0.54                      0.65  -0.11     0.63
  SINCE DEC 1      2.76                      3.20  -0.44     5.53
  SINCE JAN 1      0.54                      0.65  -0.11     0.63

SNOWFALL (IN)
  YESTERDAY        1.2          11.4  1982   0.9    0.3      1.1
  MONTH TO DATE    9.7                       8.1    1.6      1.4
  SINCE DEC 1     30.1                      37.0   -6.9      6.3
  SINCE JUL 1     31.1                      43.2  -12.1     10.2
  SNOW DEPTH       5

DEGREE DAYS
 HEATING
  YESTERDAY       42                        39      3       27
  MONTH TO DATE  384                       349     35      302
  SINCE DEC 1   1444                      1428     16     1075
  SINCE JUL 1   2349                      2795   -446     2142

 COOLING
  YESTERDAY        0                         0      0        0
  MONTH TO DATE    0                         0      0        0
  SINCE DEC 1      0                         0      0        0
  SINCE JAN 1      0                         0      0        0
..................................................................


WIND (MPH)
  RESULTANT WIND SPEED   9   RESULTANT WIND DIRECTION   S (190)
  HIGHEST WIND SPEED    28   HIGHEST WIND DIRECTION    SW (220)
  HIGHEST GUST SPEED    35   HIGHEST GUST DIRECTION    SW (220)
  AVERAGE WIND SPEED    11.6


SKY COVER
  AVERAGE SKY COVER 1.0


WEATHER CONDITIONS
 THE FOLLOWING WEATHER WAS RECORDED YESTERDAY.
  LIGHT SNOW
  FOG
  BLOWING SNOW


RELATIVE HUMIDITY (PERCENT)
 HIGHEST    84          1100 PM
 LOWEST     61           100 AM
 AVERAGE    73

..........................................................


THE MUSKEGON MI CLIMATE NORMALS FOR TODAY
                         NORMAL    RECORD    YEAR
 MAXIMUM TEMPERATURE (F)   31        58      1975
 MINIMUM TEMPERATURE (F)   20        -4      1982


SUNRISE AND SUNSET
JANUARY 10 2017.......SUNRISE   816 AM EST   SUNSET   530 PM EST
JANUARY 11 2017.......SUNRISE   815 AM EST   SUNSET   531 PM EST


-  INDICATES NEGATIVE NUMBERS.
R  INDICATES RECORD WAS SET OR TIED.
MM INDICATES DATA IS MISSING.
T  INDICATES TRACE AMOUNT.




$$
