000
CDUS43 KGRR 240513
CLIMKG


CLIMATE REPORT
NATIONAL WEATHER SERVICE GRAND RAPIDS, MI
112 AM EDT SUN MAY 24 2015


...................................

...THE MUSKEGON MI CLIMATE SUMMARY FOR MAY 23 2015...

CLIMATE NORMAL PERIOD 1981 TO 2010
CLIMATE RECORD PERIOD 1896 TO 2015


WEATHER ITEM   OBSERVED TIME   RECORD YEAR NORMAL DEPARTURE LAST
                VALUE   (LST)  VALUE       VALUE  FROM      YEAR
                                                  NORMAL
..................................................................
TEMPERATURE (F)
 YESTERDAY
  MAXIMUM         75    446 PM  87    1972  69      6       63
  MINIMUM         37    500 AM  29    1913  49    -12       47
  AVERAGE         56                        59     -3       55

PRECIPITATION (IN)
  YESTERDAY        0.00          2.15 1955   0.11  -0.11     0.00
  MONTH TO DATE    2.28                      2.43  -0.15     3.71
  SINCE MAR 1      8.13                      7.59   0.54     8.16
  SINCE JAN 1     11.42                     11.45  -0.03    13.29

SNOWFALL (IN)
  YESTERDAY        0.0           T    1955   0.0    0.0      0.0
                                      1952
  MONTH TO DATE    0.0                       0.0    0.0      0.0
  SINCE MAR 1      4.0                      11.3   -7.3      9.1
  SINCE JUL 1     92.1                      93.7   -1.6    132.7
  SNOW DEPTH       0

DEGREE DAYS
 HEATING
  YESTERDAY        9                         7      2       10
  MONTH TO DATE  184                       229    -45      246
  SINCE MAR 1   1726                      1715     11     2011
  SINCE JUL 1   6851                      6447    404     7151

 COOLING
  YESTERDAY        0                         1     -1        0
  MONTH TO DATE   22                        15      7        7
  SINCE MAR 1     22                        19      3        7
  SINCE JAN 1     22                        19      3        7
..................................................................


WIND (MPH)
  RESULTANT WIND SPEED   4   RESULTANT WIND DIRECTION   S (200)
  HIGHEST WIND SPEED    16   HIGHEST WIND DIRECTION     S (200)
  HIGHEST GUST SPEED    21   HIGHEST GUST DIRECTION    SW (230)
  AVERAGE WIND SPEED     5.1


SKY COVER
  AVERAGE SKY COVER 0.2


WEATHER CONDITIONS
 THE FOLLOWING WEATHER WAS RECORDED YESTERDAY.
  NO SIGNIFICANT WEATHER WAS OBSERVED.


RELATIVE HUMIDITY (PERCENT)
 HIGHEST    85           500 AM
 LOWEST     18          1200 PM
 AVERAGE    52

..........................................................


THE MUSKEGON MI CLIMATE NORMALS FOR TODAY
                         NORMAL    RECORD    YEAR
 MAXIMUM TEMPERATURE (F)   69        89      2010
 MINIMUM TEMPERATURE (F)   49        32      1956


SUNRISE AND SUNSET
MAY 24 2015...........SUNRISE   613 AM EDT   SUNSET   911 PM EDT
MAY 25 2015...........SUNRISE   613 AM EDT   SUNSET   912 PM EDT


-  INDICATES NEGATIVE NUMBERS.
R  INDICATES RECORD WAS SET OR TIED.
MM INDICATES DATA IS MISSING.
T  INDICATES TRACE AMOUNT.




$$
