000
CDUS43 KGRR 240520
CLIMKG


CLIMATE REPORT
NATIONAL WEATHER SERVICE GRAND RAPIDS, MI
119 AM EDT SAT SEP 24 2016


...................................

...THE MUSKEGON MI CLIMATE SUMMARY FOR SEPTEMBER 23 2016...

CLIMATE NORMAL PERIOD 1981 TO 2010
CLIMATE RECORD PERIOD 1896 TO 2016


WEATHER ITEM   OBSERVED TIME   RECORD YEAR NORMAL DEPARTURE LAST
                VALUE   (LST)  VALUE       VALUE  FROM      YEAR
                                                  NORMAL
..................................................................
TEMPERATURE (F)
 YESTERDAY
  MAXIMUM         72    105 PM  85    2010  68      4       79
  MINIMUM         60   1043 PM  31    1896  50     10       51
  AVERAGE         66                        59      7       65

PRECIPITATION (IN)
  YESTERDAY        T             1.35 1946   0.14  -0.14     0.00
  MONTH TO DATE    5.18                      2.99   2.19     2.34
  SINCE SEP 1      5.18                      2.99   2.19     2.34
  SINCE JAN 1     30.33                     23.57   6.76    25.47

SNOWFALL (IN)
  YESTERDAY        0.0          MM      MM   0.0    0.0      0.0
  MONTH TO DATE    0.0                       0.0    0.0      0.0
  SINCE SEP 1      0.0                       0.0    0.0      0.0
  SINCE JUL 1      0.0                       0.0    0.0      0.0
  SNOW DEPTH       0

DEGREE DAYS
 HEATING
  YESTERDAY        0                         7     -7        0
  MONTH TO DATE    4                        86    -82       39
  SINCE SEP 1      4                        86    -82       39
  SINCE JUL 1     13                       116   -103       71

 COOLING
  YESTERDAY        1                         1      0        0
  MONTH TO DATE  100                        50     50      105
  SINCE SEP 1    100                        50     50      105
  SINCE JAN 1    764                       557    207      559
..................................................................


WIND (MPH)
  RESULTANT WIND SPEED   7   RESULTANT WIND DIRECTION  NE (50)
  HIGHEST WIND SPEED    17   HIGHEST WIND DIRECTION     E (70)
  HIGHEST GUST SPEED    21   HIGHEST GUST DIRECTION     E (80)
  AVERAGE WIND SPEED     8.2


SKY COVER
  AVERAGE SKY COVER 0.8


WEATHER CONDITIONS
 THE FOLLOWING WEATHER WAS RECORDED YESTERDAY.
  LIGHT RAIN
  FOG


RELATIVE HUMIDITY (PERCENT)
 HIGHEST   100           100 AM
 LOWEST     73           100 PM
 AVERAGE    87

..........................................................


THE MUSKEGON MI CLIMATE NORMALS FOR TODAY
                         NORMAL    RECORD    YEAR
 MAXIMUM TEMPERATURE (F)   68        86      2007
                                             1941
 MINIMUM TEMPERATURE (F)   50        28      1950


SUNRISE AND SUNSET
SEPTEMBER 24 2016.....SUNRISE   735 AM EDT   SUNSET   738 PM EDT
SEPTEMBER 25 2016.....SUNRISE   736 AM EDT   SUNSET   736 PM EDT


-  INDICATES NEGATIVE NUMBERS.
R  INDICATES RECORD WAS SET OR TIED.
MM INDICATES DATA IS MISSING.
T  INDICATES TRACE AMOUNT.




$$
