000
CDUS43 KGRR 260516
CLIMKG


CLIMATE REPORT
NATIONAL WEATHER SERVICE GRAND RAPIDS, MI
1216 AM EST MON JAN 26 2015


...................................

...THE MUSKEGON MI CLIMATE SUMMARY FOR JANUARY 25 2015...

CLIMATE NORMAL PERIOD 1981 TO 2010
CLIMATE RECORD PERIOD 1896 TO 2015


WEATHER ITEM   OBSERVED TIME   RECORD YEAR NORMAL DEPARTURE LAST
                VALUE   (LST)  VALUE       VALUE  FROM      YEAR
                                                  NORMAL
..................................................................
TEMPERATURE (F)
 YESTERDAY
  MAXIMUM         36   1235 AM  63    1950  30      6       31
  MINIMUM         16   1159 PM  -8    1948  20     -4       11
  AVERAGE         26                        25      1       21

PRECIPITATION (IN)
  YESTERDAY        0.00          1.03 1950   0.06  -0.06     0.09
  MONTH TO DATE    1.71                      1.67   0.04     2.75
  SINCE DEC 1      3.43                      4.22  -0.79     5.45
  SINCE JAN 1      1.71                      1.67   0.04     2.75

SNOWFALL (IN)
  YESTERDAY        0.0           9.4  2013   0.9   -0.9      3.0
  MONTH TO DATE   32.2                      22.6    9.6     34.0
  SINCE DEC 1     33.6                      51.5  -17.9     73.2
  SINCE JUL 1     58.1                      57.7    0.4     82.1
  SNOW DEPTH       4

DEGREE DAYS
 HEATING
  YESTERDAY       39                        40     -1       44
  MONTH TO DATE 1031                       987     44     1088
  SINCE DEC 1   2023                      2066    -43     2281
  SINCE JUL 1   3506                      3433     73     3552

 COOLING
  YESTERDAY        0                         0      0        0
  MONTH TO DATE    0                         0      0        0
  SINCE DEC 1      0                         0      0        0
  SINCE JAN 1      0                         0      0        0
..................................................................


WIND (MPH)
  RESULTANT WIND SPEED  11   RESULTANT WIND DIRECTION  NE (60)
  HIGHEST WIND SPEED    21   HIGHEST WIND DIRECTION    NE (50)
  HIGHEST GUST SPEED    27   HIGHEST GUST DIRECTION    NE (60)
  AVERAGE WIND SPEED    11.5


SKY COVER
  AVERAGE SKY COVER 0.7


WEATHER CONDITIONS
 THE FOLLOWING WEATHER WAS RECORDED YESTERDAY.
  FOG


RELATIVE HUMIDITY (PERCENT)
 HIGHEST    92          1200 AM
 LOWEST     46           200 PM
 AVERAGE    69

..........................................................


THE MUSKEGON MI CLIMATE NORMALS FOR TODAY
                         NORMAL    RECORD    YEAR
 MAXIMUM TEMPERATURE (F)   30        54      1944
 MINIMUM TEMPERATURE (F)   20       -10      1904


SUNRISE AND SUNSET
JANUARY 26 2015.......SUNRISE   806 AM EST   SUNSET   549 PM EST
JANUARY 27 2015.......SUNRISE   806 AM EST   SUNSET   550 PM EST


-  INDICATES NEGATIVE NUMBERS.
R  INDICATES RECORD WAS SET OR TIED.
MM INDICATES DATA IS MISSING.
T  INDICATES TRACE AMOUNT.




$$
