000
CDUS43 KGRR 112229
CLIMKG


CLIMATE REPORT
NATIONAL WEATHER SERVICE GRAND RAPIDS, MI
526 PM EST TUE NOV 11 2014


...................................

...THE MUSKEGON MI CLIMATE SUMMARY FOR NOVEMBER 11 2014...
VALID TODAY AS OF 0500 PM LOCAL TIME.

CLIMATE NORMAL PERIOD 1981 TO 2010
CLIMATE RECORD PERIOD 1896 TO 2014


WEATHER ITEM   OBSERVED TIME   RECORD YEAR NORMAL DEPARTURE LAST
                VALUE   (LST)  VALUE       VALUE  FROM      YEAR
                                                  NORMAL
..................................................................
TEMPERATURE (F)
 TODAY
  MAXIMUM         57   1224 AM  70    2012  49      8       47
                                      1911
  MINIMUM         39    459 PM  17    1987  35      4       27
  AVERAGE         48                        42      6       37

PRECIPITATION (IN)
  TODAY            0.25          0.80 1903   0.11   0.14     0.26
  MONTH TO DATE    0.76                      1.25  -0.49     1.35
  SINCE SEP 1      6.86                      8.25  -1.39     7.77
  SINCE JAN 1     33.47                     28.83   4.64    39.02

SNOWFALL (IN)
  TODAY            0.0           6.3  1995   0.1   -0.1      0.1
  MONTH TO DATE    T                         0.9   -0.9      0.1
  SINCE SEP 1      T                         1.1   -1.1      0.1
  SINCE JUL 1      T                         1.1   -1.1      0.1
  SNOW DEPTH       0

DEGREE DAYS
 HEATING
  TODAY           17                        23     -6       28
  MONTH TO DATE  224                       235    -11      215
  SINCE SEP 1    796                       828    -32      688
  SINCE JUL 1    845                       858    -13      723

 COOLING
  TODAY            0                         0      0        0
  MONTH TO DATE    0                         0      0        0
  SINCE SEP 1     46                        59    -13       87
  SINCE JAN 1    442                       566   -124      626
..................................................................


WIND (MPH)
  RESULTANT WIND SPEED  10   RESULTANT WIND DIRECTION  SW (210)
  HIGHEST WIND SPEED    23   HIGHEST WIND DIRECTION     W (290)
  HIGHEST GUST SPEED    29   HIGHEST GUST DIRECTION    NW (300)
  AVERAGE WIND SPEED    14.0


SKY COVER
  AVERAGE SKY COVER 1.0


WEATHER CONDITIONS
 THE FOLLOWING WEATHER WAS RECORDED TODAY.
  HEAVY RAIN
  RAIN
  LIGHT RAIN
  FOG
  HAZE


RELATIVE HUMIDITY (PERCENT)
 HIGHEST    89           100 PM
 LOWEST     51          1200 AM
 AVERAGE    70

..........................................................


THE MUSKEGON MI CLIMATE NORMALS FOR TOMORROW
                         NORMAL    RECORD    YEAR
 MAXIMUM TEMPERATURE (F)   48        70      1911
 MINIMUM TEMPERATURE (F)   35        17      1986


SUNRISE AND SUNSET
NOVEMBER 11 2014......SUNRISE   733 AM EST   SUNSET   525 PM EST
NOVEMBER 12 2014......SUNRISE   734 AM EST   SUNSET   524 PM EST


-  INDICATES NEGATIVE NUMBERS.
R  INDICATES RECORD WAS SET OR TIED.
MM INDICATES DATA IS MISSING.
T  INDICATES TRACE AMOUNT.




$$

63
