000
CDUS43 KGRR 070520
CLIMKG


CLIMATE REPORT
NATIONAL WEATHER SERVICE GRAND RAPIDS, MI
120 AM EDT THU JUL 7 2016


...................................

...THE MUSKEGON MI CLIMATE SUMMARY FOR JULY 6 2016...

CLIMATE NORMAL PERIOD 1981 TO 2010
CLIMATE RECORD PERIOD 1896 TO 2016


WEATHER ITEM   OBSERVED TIME   RECORD YEAR NORMAL DEPARTURE LAST
                VALUE   (LST)  VALUE       VALUE  FROM      YEAR
                                                  NORMAL
..................................................................
TEMPERATURE (F)
 YESTERDAY
  MAXIMUM         81    218 PM  99    2012  80      1       86
  MINIMUM         66   1159 PM  41    1983  61      5       63
  AVERAGE         74                        71      3       75

PRECIPITATION (IN)
  YESTERDAY        T             2.74 2015   0.07  -0.07     2.74
  MONTH TO DATE    0.25                      0.44  -0.19     2.74
  SINCE JUN 1      2.59                      2.99  -0.40     6.04
  SINCE JAN 1     16.52                     15.26   1.26    18.47

SNOWFALL (IN)
  YESTERDAY        0.0          MM      MM   0.0    0.0      0.0
  MONTH TO DATE    0.0                       0.0    0.0      0.0
  SINCE JUN 1      0.0                       0.0    0.0      0.0
  SINCE JUL 1      0.0                       0.0    0.0      0.0
  SNOW DEPTH       0

DEGREE DAYS
 HEATING
  YESTERDAY        0                         0      0        0
  MONTH TO DATE    8                         4      4       11
  SINCE JUN 1     46                        70    -24       44
  SINCE JUL 1      8                         4      4       11

 COOLING
  YESTERDAY        9                         6      3       10
  MONTH TO DATE   17                        36    -19       14
  SINCE JUN 1    134                       141     -7       77
  SINCE JAN 1    178                       170      8      116
..................................................................


WIND (MPH)
  RESULTANT WIND SPEED   7   RESULTANT WIND DIRECTION  SW (220)
  HIGHEST WIND SPEED    25   HIGHEST WIND DIRECTION     S (190)
  HIGHEST GUST SPEED    33   HIGHEST GUST DIRECTION     S (200)
  AVERAGE WIND SPEED     8.8


SKY COVER
  AVERAGE SKY COVER 0.7


WEATHER CONDITIONS
 THE FOLLOWING WEATHER WAS RECORDED YESTERDAY.
  NO SIGNIFICANT WEATHER WAS OBSERVED.


RELATIVE HUMIDITY (PERCENT)
 HIGHEST    93          1100 PM
 LOWEST     62           100 PM
 AVERAGE    78

..........................................................


THE MUSKEGON MI CLIMATE NORMALS FOR TODAY
                         NORMAL    RECORD    YEAR
 MAXIMUM TEMPERATURE (F)   80        93      1988
                                             1897
 MINIMUM TEMPERATURE (F)   61        45      1984
                                             1983


SUNRISE AND SUNSET
JULY  7 2016..........SUNRISE   613 AM EDT   SUNSET   927 PM EDT
JULY  8 2016..........SUNRISE   614 AM EDT   SUNSET   926 PM EDT


-  INDICATES NEGATIVE NUMBERS.
R  INDICATES RECORD WAS SET OR TIED.
MM INDICATES DATA IS MISSING.
T  INDICATES TRACE AMOUNT.




$$
