000
CDUS43 KGRR 182125
CLIMKG


CLIMATE REPORT
NATIONAL WEATHER SERVICE GRAND RAPIDS, MI
525 PM EDT WED MAR 18 2015


...................................

...THE MUSKEGON MI CLIMATE SUMMARY FOR MARCH 18 2015...
VALID TODAY AS OF 0500 PM LOCAL TIME.

CLIMATE NORMAL PERIOD 1981 TO 2010
CLIMATE RECORD PERIOD 1896 TO 2015


WEATHER ITEM   OBSERVED TIME   RECORD YEAR NORMAL DEPARTURE LAST
                VALUE   (LST)  VALUE       VALUE  FROM      YEAR
                                                  NORMAL
..................................................................
TEMPERATURE (F)
 TODAY
  MAXIMUM         43    212 PM  73    2012  44     -1       44
  MINIMUM         21    233 AM   5    1967  27     -6       22
  AVERAGE         32                        36     -4       33

PRECIPITATION (IN)
  TODAY            0.00          0.89 1952   0.07  -0.07     0.00
  MONTH TO DATE    0.46                      1.27  -0.81     0.35
  SINCE MAR 1      0.46                      1.27  -0.81     0.35
  SINCE JAN 1      3.75                      5.13  -1.38     5.48

SNOWFALL (IN)
  TODAY            0.0           6.0  1914   0.3   -0.3      0.0
  MONTH TO DATE    4.0                       6.5   -2.5      6.0
  SINCE MAR 1      4.0                       6.5   -2.5      6.0
  SINCE JUL 1     92.1                      88.9    3.2    129.6
  SNOW DEPTH       1

DEGREE DAYS
 HEATING
  TODAY           33                        29      4       32
  MONTH TO DATE  599                       581     18      763
  SINCE MAR 1    599                       581     18      763
  SINCE JUL 1   5724                      5313    411     5903

 COOLING
  TODAY            0                         0      0        0
  MONTH TO DATE    0                         0      0        0
  SINCE MAR 1      0                         0      0        0
  SINCE JAN 1      0                         0      0        0
..................................................................


WIND (MPH)
  RESULTANT WIND SPEED   6   RESULTANT WIND DIRECTION   W (280)
  HIGHEST WIND SPEED    14   HIGHEST WIND DIRECTION     W (270)
  HIGHEST GUST SPEED    17   HIGHEST GUST DIRECTION    NW (300)
  AVERAGE WIND SPEED     6.7


SKY COVER
  AVERAGE SKY COVER 0.3


WEATHER CONDITIONS
 THE FOLLOWING WEATHER WAS RECORDED TODAY.
  NO SIGNIFICANT WEATHER WAS OBSERVED.


RELATIVE HUMIDITY (PERCENT)
 HIGHEST    88           100 AM
 LOWEST     39           400 PM
 AVERAGE    64

..........................................................


THE MUSKEGON MI CLIMATE NORMALS FOR TOMORROW
                         NORMAL    RECORD    YEAR
 MAXIMUM TEMPERATURE (F)   44        76      2012
 MINIMUM TEMPERATURE (F)   28        -1      1923


SUNRISE AND SUNSET
MARCH 18 2015.........SUNRISE   752 AM EDT   SUNSET   755 PM EDT
MARCH 19 2015.........SUNRISE   750 AM EDT   SUNSET   756 PM EDT


-  INDICATES NEGATIVE NUMBERS.
R  INDICATES RECORD WAS SET OR TIED.
MM INDICATES DATA IS MISSING.
T  INDICATES TRACE AMOUNT.




$$

CAS
