000
CDUS43 KGRR 050516
CLIMKG


CLIMATE REPORT
NATIONAL WEATHER SERVICE GRAND RAPIDS, MI
115 AM EDT THU OCT 5 2017


...................................

...THE MUSKEGON MI CLIMATE SUMMARY FOR OCTOBER 4 2017...

CLIMATE NORMAL PERIOD 1981 TO 2010
CLIMATE RECORD PERIOD 1896 TO 2017


WEATHER ITEM   OBSERVED TIME   RECORD YEAR NORMAL DEPARTURE LAST
                VALUE   (LST)  VALUE       VALUE  FROM      YEAR
                                                  NORMAL
..................................................................
TEMPERATURE (F)
 YESTERDAY
  MAXIMUM         70    155 PM  83    1951  64      6       75
  MINIMUM         50   1111 PM  30    2008  46      4       55
                                      1996
  AVERAGE         60                        55      5       65

PRECIPITATION (IN)
  YESTERDAY        0.01          2.58 1991   0.10  -0.09     0.00
  MONTH TO DATE    0.01                      0.42  -0.41     0.31
  SINCE SEP 1      0.83                      4.31  -3.48     6.23
  SINCE JAN 1     21.99                     24.89  -2.90    31.38

SNOWFALL (IN)
  YESTERDAY        0.0           T    1968   0.0    0.0      0.0
  MONTH TO DATE    0.0                       0.0    0.0      0.0
  SINCE SEP 1      0.0                       0.0    0.0      0.0
  SINCE JUL 1      0.0                       0.0    0.0      0.0
  SNOW DEPTH       0

DEGREE DAYS
 HEATING
  YESTERDAY        5                        11     -6        0
  MONTH TO DATE   15                        41    -26       11
  SINCE SEP 1    107                       184    -77       36
  SINCE JUL 1    120                       214    -94       45

 COOLING
  YESTERDAY        0                         0      0        0
  MONTH TO DATE    3                         2      1        0
  SINCE SEP 1    114                        56     58      101
  SINCE JAN 1    608                       563     45      765
..................................................................


WIND (MPH)
  RESULTANT WIND SPEED   7   RESULTANT WIND DIRECTION  SW (230)
  HIGHEST WIND SPEED    21   HIGHEST WIND DIRECTION     S (190)
  HIGHEST GUST SPEED    27   HIGHEST GUST DIRECTION     S (190)
  AVERAGE WIND SPEED     9.7


SKY COVER
  AVERAGE SKY COVER 0.6


WEATHER CONDITIONS
 THE FOLLOWING WEATHER WAS RECORDED YESTERDAY.
  LIGHT RAIN
  FOG


RELATIVE HUMIDITY (PERCENT)
 HIGHEST    96          1000 PM
 LOWEST     53           200 PM
 AVERAGE    75

..........................................................


THE MUSKEGON MI CLIMATE NORMALS FOR TODAY
                         NORMAL    RECORD    YEAR
 MAXIMUM TEMPERATURE (F)   63        83      2007
 MINIMUM TEMPERATURE (F)   46        28      2004


SUNRISE AND SUNSET
OCTOBER  5 2017.......SUNRISE   747 AM EDT   SUNSET   719 PM EDT
OCTOBER  6 2017.......SUNRISE   748 AM EDT   SUNSET   717 PM EDT


-  INDICATES NEGATIVE NUMBERS.
R  INDICATES RECORD WAS SET OR TIED.
MM INDICATES DATA IS MISSING.
T  INDICATES TRACE AMOUNT.




$$
