000
CDUS43 KGRR 050521
CLIMKG


CLIMATE REPORT
NATIONAL WEATHER SERVICE GRAND RAPIDS, MI
120 AM EDT SAT AUG 5 2017


...................................

...THE MUSKEGON MI CLIMATE SUMMARY FOR AUGUST 4 2017...

CLIMATE NORMAL PERIOD 1981 TO 2010
CLIMATE RECORD PERIOD 1896 TO 2017


WEATHER ITEM   OBSERVED TIME   RECORD YEAR NORMAL DEPARTURE LAST
                VALUE   (LST)  VALUE       VALUE  FROM      YEAR
                                                  NORMAL
..................................................................
TEMPERATURE (F)
 YESTERDAY
  MAXIMUM         72    134 AM  92    1988  80     -8       89
  MINIMUM         58    858 AM  41    1907  62     -4       68
  AVERAGE         65                        71     -6       79

PRECIPITATION (IN)
  YESTERDAY        0.34          3.14 1924   0.10   0.24     0.00
  MONTH TO DATE    0.42                      0.41   0.01     0.00
  SINCE JUN 1      5.69                      5.33   0.36     8.36
  SINCE JAN 1     20.17                     17.60   2.57    22.29

SNOWFALL (IN)
  YESTERDAY        0.0          MM      MM   0.0    0.0      0.0
  MONTH TO DATE    0.0                       0.0    0.0      0.0
  SINCE JUN 1      0.0                       0.0    0.0      0.0
  SINCE JUL 1      0.0                       0.0    0.0      0.0
  SNOW DEPTH       0

DEGREE DAYS
 HEATING
  YESTERDAY        0                         0      0        0
  MONTH TO DATE    0                         0      0        0
  SINCE JUN 1     34                        77    -43       47
  SINCE JUL 1      0                        11    -11        9

 COOLING
  YESTERDAY        0                         6     -6       14
  MONTH TO DATE   28                        24      4       41
  SINCE JUN 1    369                       331     38      399
  SINCE JAN 1    391                       360     31      443
..................................................................


WIND (MPH)
  RESULTANT WIND SPEED  11   RESULTANT WIND DIRECTION   W (260)
  HIGHEST WIND SPEED    25   HIGHEST WIND DIRECTION    NW (320)
  HIGHEST GUST SPEED    35   HIGHEST GUST DIRECTION     W (290)
  AVERAGE WIND SPEED    13.9


SKY COVER
  AVERAGE SKY COVER 0.9


WEATHER CONDITIONS
 THE FOLLOWING WEATHER WAS RECORDED YESTERDAY.
  RAIN
  LIGHT RAIN
  FOG


RELATIVE HUMIDITY (PERCENT)
 HIGHEST    90           100 AM
 LOWEST     63          1000 PM
 AVERAGE    77

..........................................................


THE MUSKEGON MI CLIMATE NORMALS FOR TODAY
                         NORMAL    RECORD    YEAR
 MAXIMUM TEMPERATURE (F)   80        93      1947
 MINIMUM TEMPERATURE (F)   62        44      1912


SUNRISE AND SUNSET
AUGUST  5 2017........SUNRISE   640 AM EDT   SUNSET   901 PM EDT
AUGUST  6 2017........SUNRISE   641 AM EDT   SUNSET   900 PM EDT


-  INDICATES NEGATIVE NUMBERS.
R  INDICATES RECORD WAS SET OR TIED.
MM INDICATES DATA IS MISSING.
T  INDICATES TRACE AMOUNT.




$$
