000
CDUS43 KGRR 020513
CLIMKG


CLIMATE REPORT
NATIONAL WEATHER SERVICE GRAND RAPIDS, MI
113 AM EDT WED JUL 2 2014


...................................

...THE MUSKEGON MI CLIMATE SUMMARY FOR JULY 1 2014...

CLIMATE NORMAL PERIOD 1981 TO 2010
CLIMATE RECORD PERIOD 1895 TO 2014


WEATHER ITEM   OBSERVED TIME   RECORD YEAR NORMAL DEPARTURE LAST
                VALUE   (LST)  VALUE       VALUE  FROM      YEAR
                                                  NORMAL
..................................................................
TEMPERATURE (F)
 YESTERDAY
  MAXIMUM         76    311 PM  93    1966  80     -4       83
                                      1963
  MINIMUM         64    505 AM  44    1982  61      3       56
  AVERAGE         70                        70      0       70

PRECIPITATION (IN)
  YESTERDAY        0.13          1.45 1938   0.08   0.05     0.00
  MONTH TO DATE    0.13                      0.08   0.05     0.00
  SINCE JUN 1      7.15                      2.63   4.52     4.33
  SINCE JAN 1     20.45                     14.90   5.55    27.02

SNOWFALL (IN)
  YESTERDAY        0.0          MM      MM   0.0    0.0      0.0
  MONTH TO DATE    0.0                       0.0    0.0      0.0
  SINCE JUN 1      0.0                       0.0    0.0      0.0
  SINCE JUL 1      0.0                       0.0    0.0      0.0
  SNOW DEPTH       0

DEGREE DAYS
 HEATING
  YESTERDAY        0                         1     -1        0
  MONTH TO DATE    0                         1     -1        0
  SINCE JUN 1     31                        67    -36       52
  SINCE JUL 1      0                         1     -1        0

 COOLING
  YESTERDAY        5                         6     -1        5
  MONTH TO DATE    5                         6     -1        5
  SINCE JUN 1    137                       111     26      105
  SINCE JAN 1    154                       140     14      165
..................................................................


WIND (MPH)
  RESULTANT WIND SPEED  14   RESULTANT WIND DIRECTION  SW (220)
  HIGHEST WIND SPEED    24   HIGHEST WIND DIRECTION    SW (220)
  HIGHEST GUST SPEED    32   HIGHEST GUST DIRECTION     W (290)
  AVERAGE WIND SPEED    14.6


SKY COVER
  AVERAGE SKY COVER 0.7


WEATHER CONDITIONS
 THE FOLLOWING WEATHER WAS RECORDED YESTERDAY.
  THUNDERSTORM
  RAIN
  LIGHT RAIN
  FOG


RELATIVE HUMIDITY (PERCENT)
 HIGHEST    93           100 AM
 LOWEST     60           200 PM
 AVERAGE    77

..........................................................


THE MUSKEGON MI CLIMATE NORMALS FOR TODAY
                         NORMAL    RECORD    YEAR
 MAXIMUM TEMPERATURE (F)   80        95      1966
                                             1949
                                             1921
 MINIMUM TEMPERATURE (F)   61        39      2001


SUNRISE AND SUNSET
JULY  2 2014..........SUNRISE   610 AM EDT   SUNSET   928 PM EDT
JULY  3 2014..........SUNRISE   610 AM EDT   SUNSET   928 PM EDT


-  INDICATES NEGATIVE NUMBERS.
R  INDICATES RECORD WAS SET OR TIED.
MM INDICATES DATA IS MISSING.
T  INDICATES TRACE AMOUNT.




$$
