000
CDUS43 KGRR 290521
CLIMKG


CLIMATE REPORT
NATIONAL WEATHER SERVICE GRAND RAPIDS, MI
121 AM EDT FRI JUL 29 2016


...................................

...THE MUSKEGON MI CLIMATE SUMMARY FOR JULY 28 2016...

CLIMATE NORMAL PERIOD 1981 TO 2010
CLIMATE RECORD PERIOD 1896 TO 2016


WEATHER ITEM   OBSERVED TIME   RECORD YEAR NORMAL DEPARTURE LAST
                VALUE   (LST)  VALUE       VALUE  FROM      YEAR
                                                  NORMAL
..................................................................
TEMPERATURE (F)
 YESTERDAY
  MAXIMUM         86   1214 PM  91    1941  80      6       89
                                      1916
  MINIMUM         67    545 AM  47    1978  62      5       63
  AVERAGE         77                        71      6       76

PRECIPITATION (IN)
  YESTERDAY        0.47          1.53 1993   0.09   0.38     0.00
  MONTH TO DATE    4.65                      2.11   2.54     5.05
  SINCE JUN 1      6.99                      4.66   2.33     8.35
  SINCE JAN 1     20.92                     16.93   3.99    20.78

SNOWFALL (IN)
  YESTERDAY        0.0          MM      MM   0.0    0.0      0.0
  MONTH TO DATE    0.0                       0.0    0.0      0.0
  SINCE JUN 1      0.0                       0.0    0.0      0.0
  SINCE JUL 1      0.0                       0.0    0.0      0.0
  SNOW DEPTH       0

DEGREE DAYS
 HEATING
  YESTERDAY        0                         0      0        0
  MONTH TO DATE    9                         4      5       15
  SINCE JUN 1     47                        70    -23       48
  SINCE JUL 1      9                         4      5       15

 COOLING
  YESTERDAY       12                         7      5       11
  MONTH TO DATE  221                       187     34      141
  SINCE JUN 1    338                       292     46      204
  SINCE JAN 1    382                       321     61      243
..................................................................


WIND (MPH)
  RESULTANT WIND SPEED   5   RESULTANT WIND DIRECTION   E (70)
  HIGHEST WIND SPEED    18   HIGHEST WIND DIRECTION    SW (230)
  HIGHEST GUST SPEED    24   HIGHEST GUST DIRECTION    SW (220)
  AVERAGE WIND SPEED     6.2


SKY COVER
  AVERAGE SKY COVER 0.6


WEATHER CONDITIONS
 THE FOLLOWING WEATHER WAS RECORDED YESTERDAY.
  THUNDERSTORM
  HEAVY RAIN
  RAIN
  LIGHT RAIN
  FOG


RELATIVE HUMIDITY (PERCENT)
 HIGHEST    93          1200 AM
 LOWEST     59           100 PM
 AVERAGE    76

..........................................................


THE MUSKEGON MI CLIMATE NORMALS FOR TODAY
                         NORMAL    RECORD    YEAR
 MAXIMUM TEMPERATURE (F)   80        95      1916
 MINIMUM TEMPERATURE (F)   62        48      1971
                                             1956
                                             1952


SUNRISE AND SUNSET
JULY 29 2016..........SUNRISE   633 AM EDT   SUNSET   909 PM EDT
JULY 30 2016..........SUNRISE   634 AM EDT   SUNSET   908 PM EDT


-  INDICATES NEGATIVE NUMBERS.
R  INDICATES RECORD WAS SET OR TIED.
MM INDICATES DATA IS MISSING.
T  INDICATES TRACE AMOUNT.




$$
