000
CDUS43 KGRR 260518
CLIMKG


CLIMATE REPORT
NATIONAL WEATHER SERVICE GRAND RAPIDS, MI
118 AM EDT WED JUL 26 2017


...................................

...THE MUSKEGON MI CLIMATE SUMMARY FOR JULY 25 2017...

CLIMATE NORMAL PERIOD 1981 TO 2010
CLIMATE RECORD PERIOD 1896 TO 2017


WEATHER ITEM   OBSERVED TIME   RECORD YEAR NORMAL DEPARTURE LAST
                VALUE   (LST)  VALUE       VALUE  FROM      YEAR
                                                  NORMAL
..................................................................
TEMPERATURE (F)
 YESTERDAY
  MAXIMUM         79    317 PM  94    1940  80     -1       85
  MINIMUM         57    504 AM  47    1920  62     -5       65
  AVERAGE         68                        71     -3       75

PRECIPITATION (IN)
  YESTERDAY        0.00          1.52 1985   0.09  -0.09      T
  MONTH TO DATE    1.54                      1.85  -0.31     4.18
  SINCE JUN 1      5.18                      4.40   0.78     6.52
  SINCE JAN 1     19.66                     16.67   2.99    20.45

SNOWFALL (IN)
  YESTERDAY        0.0          MM      MM   0.0    0.0      0.0
  MONTH TO DATE    0.0                       0.0    0.0      0.0
  SINCE JUN 1      0.0                       0.0    0.0      0.0
  SINCE JUL 1      0.0                       0.0    0.0      0.0
  SNOW DEPTH       0

DEGREE DAYS
 HEATING
  YESTERDAY        0                         0      0        0
  MONTH TO DATE    0                         4     -4        9
  SINCE JUN 1     34                        70    -36       47
  SINCE JUL 1      0                         4     -4        9

 COOLING
  YESTERDAY        3                         7     -4       10
  MONTH TO DATE  166                       166      0      188
  SINCE JUN 1    296                       271     25      305
  SINCE JAN 1    318                       300     18      349
..................................................................


WIND (MPH)
  RESULTANT WIND SPEED   4   RESULTANT WIND DIRECTION   S (200)
  HIGHEST WIND SPEED    16   HIGHEST WIND DIRECTION    SW (230)
  HIGHEST GUST SPEED    20   HIGHEST GUST DIRECTION    SW (220)
  AVERAGE WIND SPEED     7.0


SKY COVER
  AVERAGE SKY COVER 0.5


WEATHER CONDITIONS
 THE FOLLOWING WEATHER WAS RECORDED YESTERDAY.
  NO SIGNIFICANT WEATHER WAS OBSERVED.


RELATIVE HUMIDITY (PERCENT)
 HIGHEST    93           400 AM
 LOWEST     48           100 PM
 AVERAGE    71

..........................................................


THE MUSKEGON MI CLIMATE NORMALS FOR TODAY
                         NORMAL    RECORD    YEAR
 MAXIMUM TEMPERATURE (F)   80        93      1955
                                             1917
 MINIMUM TEMPERATURE (F)   62        47      1946


SUNRISE AND SUNSET
JULY 26 2017..........SUNRISE   629 AM EDT   SUNSET   913 PM EDT
JULY 27 2017..........SUNRISE   630 AM EDT   SUNSET   912 PM EDT


-  INDICATES NEGATIVE NUMBERS.
R  INDICATES RECORD WAS SET OR TIED.
MM INDICATES DATA IS MISSING.
T  INDICATES TRACE AMOUNT.




$$
