000
CDUS43 KGRR 030526
CLIMKG


CLIMATE REPORT
NATIONAL WEATHER SERVICE GRAND RAPIDS, MI
126 AM EDT MON AUG 3 2015


...................................

...THE MUSKEGON MI CLIMATE SUMMARY FOR AUGUST 2 2015...

CLIMATE NORMAL PERIOD 1981 TO 2010
CLIMATE RECORD PERIOD 1896 TO 2015


WEATHER ITEM   OBSERVED TIME   RECORD YEAR NORMAL DEPARTURE LAST
                VALUE   (LST)  VALUE       VALUE  FROM      YEAR
                                                  NORMAL
..................................................................
TEMPERATURE (F)
 YESTERDAY
  MAXIMUM         87    345 PM  94    1988  80      7       80
  MINIMUM         64    326 AM  42    1927  62      2       55
  AVERAGE         76                        71      5       68

PRECIPITATION (IN)
  YESTERDAY        0.43          1.21 2004   0.10   0.33     0.00
  MONTH TO DATE    0.43                      0.20   0.23     0.00
  SINCE JUN 1      8.78                      5.12   3.66    10.75
  SINCE JAN 1     21.21                     17.39   3.82    24.05

SNOWFALL (IN)
  YESTERDAY        0.0          MM      MM   0.0    0.0      0.0
  MONTH TO DATE    0.0                       0.0    0.0      0.0
  SINCE JUN 1      0.0                       0.0    0.0      0.0
  SINCE JUL 1      0.0                       0.0    0.0      0.0
  SNOW DEPTH       0

DEGREE DAYS
 HEATING
  YESTERDAY        0                         0      0        0
  MONTH TO DATE    0                         0      0        0
  SINCE JUN 1     48                        77    -29       62
  SINCE JUL 1     15                        11      4       31

 COOLING
  YESTERDAY       11                         6      5        3
  MONTH TO DATE   20                        12      8        7
  SINCE JUN 1    260                       319    -59      216
  SINCE JAN 1    299                       348    -49      233
..................................................................


WIND (MPH)
  RESULTANT WIND SPEED  13   RESULTANT WIND DIRECTION  SW (210)
  HIGHEST WIND SPEED    32   HIGHEST WIND DIRECTION    SW (210)
  HIGHEST GUST SPEED    44   HIGHEST GUST DIRECTION     S (200)
  AVERAGE WIND SPEED    12.9


SKY COVER
  AVERAGE SKY COVER 0.6


WEATHER CONDITIONS
 THE FOLLOWING WEATHER WAS RECORDED YESTERDAY.
  THUNDERSTORM
  HEAVY RAIN
  LIGHT RAIN
  FOG


RELATIVE HUMIDITY (PERCENT)
 HIGHEST    87          1100 PM
 LOWEST     51           200 PM
 AVERAGE    69

..........................................................


THE MUSKEGON MI CLIMATE NORMALS FOR TODAY
                         NORMAL    RECORD    YEAR
 MAXIMUM TEMPERATURE (F)   80        99      1964
 MINIMUM TEMPERATURE (F)   62        46      1965


SUNRISE AND SUNSET
AUGUST  3 2015........SUNRISE   637 AM EDT   SUNSET   904 PM EDT
AUGUST  4 2015........SUNRISE   638 AM EDT   SUNSET   903 PM EDT


-  INDICATES NEGATIVE NUMBERS.
R  INDICATES RECORD WAS SET OR TIED.
MM INDICATES DATA IS MISSING.
T  INDICATES TRACE AMOUNT.




$$
