734
CDUS43 KGRR 250522
CLIMKG


CLIMATE REPORT
NATIONAL WEATHER SERVICE GRAND RAPIDS, MI
121 AM EDT SUN SEP 25 2016


...................................

...THE MUSKEGON MI CLIMATE SUMMARY FOR SEPTEMBER 24 2016...

CLIMATE NORMAL PERIOD 1981 TO 2010
CLIMATE RECORD PERIOD 1896 TO 2016


WEATHER ITEM   OBSERVED TIME   RECORD YEAR NORMAL DEPARTURE LAST
                VALUE   (LST)  VALUE       VALUE  FROM      YEAR
                                                  NORMAL
..................................................................
TEMPERATURE (F)
 YESTERDAY
  MAXIMUM         71    458 PM  86    2007  68      3       76
                                      1941
  MINIMUM         53    616 AM  28    1950  50      3       53
  AVERAGE         62                        59      3       65

PRECIPITATION (IN)
  YESTERDAY        0.00          1.29 1977   0.14  -0.14     0.00
  MONTH TO DATE    5.18                      3.13   2.05     2.34
  SINCE SEP 1      5.18                      3.13   2.05     2.34
  SINCE JAN 1     30.33                     23.71   6.62    25.47

SNOWFALL (IN)
  YESTERDAY        0.0           T    1942   0.0    0.0      0.0
  MONTH TO DATE    0.0                       0.0    0.0      0.0
  SINCE SEP 1      0.0                       0.0    0.0      0.0
  SINCE JUL 1      0.0                       0.0    0.0      0.0
  SNOW DEPTH       0

DEGREE DAYS
 HEATING
  YESTERDAY        3                         7     -4        0
  MONTH TO DATE    7                        93    -86       39
  SINCE SEP 1      7                        93    -86       39
  SINCE JUL 1     16                       123   -107       71

 COOLING
  YESTERDAY        0                         1     -1        0
  MONTH TO DATE  100                        51     49      105
  SINCE SEP 1    100                        51     49      105
  SINCE JAN 1    764                       558    206      559
..................................................................


WIND (MPH)
  RESULTANT WIND SPEED   9   RESULTANT WIND DIRECTION   E (80)
  HIGHEST WIND SPEED    17   HIGHEST WIND DIRECTION     E (70)
  HIGHEST GUST SPEED    22   HIGHEST GUST DIRECTION     E (90)
  AVERAGE WIND SPEED     8.8


SKY COVER
  AVERAGE SKY COVER 0.3


WEATHER CONDITIONS
 THE FOLLOWING WEATHER WAS RECORDED YESTERDAY.
  NO SIGNIFICANT WEATHER WAS OBSERVED.


RELATIVE HUMIDITY (PERCENT)
 HIGHEST    89           500 AM
 LOWEST     47           400 PM
 AVERAGE    68

..........................................................


THE MUSKEGON MI CLIMATE NORMALS FOR TODAY
                         NORMAL    RECORD    YEAR
 MAXIMUM TEMPERATURE (F)   67        86      1920
 MINIMUM TEMPERATURE (F)   49        28      1947


SUNRISE AND SUNSET
SEPTEMBER 25 2016.....SUNRISE   736 AM EDT   SUNSET   736 PM EDT
SEPTEMBER 26 2016.....SUNRISE   737 AM EDT   SUNSET   734 PM EDT


-  INDICATES NEGATIVE NUMBERS.
R  INDICATES RECORD WAS SET OR TIED.
MM INDICATES DATA IS MISSING.
T  INDICATES TRACE AMOUNT.




$$
