000
CXUS53 KGRR 011635
CLMMKG

CLIMATE REPORT
NATIONAL WEATHER SERVICE GRAND RAPIDS, MI
1220 PM EDT SUN JUN 1 2014

...................................

...THE MUSKEGON MI CLIMATE SUMMARY FOR THE MONTH OF MAY 2014...

CLIMATE NORMAL PERIOD 1981 TO 2010
CLIMATE RECORD PERIOD 1895 TO 2014

WEATHER         OBSERVED          NORMAL  DEPART  LAST YEAR`S
                 VALUE   DATE(S)  VALUE   FROM    VALUE  DATE(S)
                                          NORMAL
................................................................
TEMPERATURE (F)
RECORD
 HIGH              93   05/29/1962
 LOW               22   05/10/1947
HIGHEST            85   05/31        83       2       87  05/19
LOWEST             30   05/16        31      -1       28  05/13
AVG. MAXIMUM     67.0              66.9     0.1     71.2
AVG. MINIMUM     46.9              46.9     0.0     50.1
MEAN             57.0              56.9     0.1     60.6
DAYS MAX >= 90      0               0.0     0.0        0
DAYS MAX <= 32      0               0.0     0.0        0
DAYS MIN <= 32      1               0.7     0.3        1
DAYS MIN <= 0       0               0.0     0.0        0

PRECIPITATION (INCHES)
RECORD
 MAXIMUM         9.59   2004
 MINIMUM         0.23   1936
TOTALS           3.72              3.25    0.47     4.57
DAILY AVG.       0.12              0.10    0.02     0.15
DAYS >= .01        14              10.7     3.3       11
DAYS >= .10         8               6.2     1.8        7
DAYS >= .50         2               2.3    -0.3        4
DAYS >= 1.00        1               0.7     0.3        2
GREATEST
 24 HR. TOTAL    1.20   05/09 TO 05/09           05/22 TO 05/23

SNOWFALL (INCHES)
RECORDS
 TOTAL            5.0   1923
 24 HR TOTAL      5.0   05/09/1923 TO 05/09/1923
 SNOW DEPTH         2   05/10/1902
TOTALS            0.0               0.0     0.0      0.0
SINCE 7/1       132.7              93.7    39.0     98.6
SNOWDEPTH AVG.      0                MM      MM        0
DAYS >= TRACE       0               0.0     0.0        0
DAYS >= 1.0         0               0.0     0.0        0
GREATEST
 SNOW DEPTH         0   MM                             0  MM
 24 HR TOTAL      0.0   MM                       05/31 TO 05/31

DEGREE_DAYS
HEATING TOTAL     259               276     -17      182
 SINCE 7/1       7164              6494     670     6272
COOLING TOTAL      17                25      -8       56
 SINCE 1/1         17                29     -12       60

FREEZE DATES
RECORD
 EARLIEST     09/22/1976
 LATEST       06/22/1992
EARLIEST                        10/14
LATEST                          05/04
..................................................

WIND (MPH)
AVERAGE WIND SPEED              9.0
RESULTANT WIND SPEED/DIRECTION   3/226
HIGHEST WIND SPEED/DIRECTION    32/200    DATE  05/09
HIGHEST GUST SPEED/DIRECTION    44/210    DATE  05/09

SKY COVER
POSSIBLE SUNSHINE (PERCENT)   MM
AVERAGE SKY COVER           0.60
NUMBER OF DAYS FAIR            6
NUMBER OF DAYS PC             15
NUMBER OF DAYS CLOUDY         10

AVERAGE RH (PERCENT)     66

WEATHER CONDITIONS. NUMBER OF DAYS WITH
THUNDERSTORM              6     MIXED PRECIP               0
HEAVY RAIN                4     RAIN                       6
LIGHT RAIN               17     FREEZING RAIN              0
LT FREEZING RAIN          0     HAIL                       0
HEAVY SNOW                0     SNOW                       0
LIGHT SNOW                0     SLEET                      0
FOG                      10     FOG W/VIS <= 1/4 MILE      1
HAZE                      3

-  INDICATES NEGATIVE NUMBERS.
R  INDICATES RECORD WAS SET OR TIED.
MM INDICATES DATA IS MISSING.
T  INDICATES TRACE AMOUNT.

&&

MAY 2014 EXPERIENCED TEMPERATURES AROUND NORMAL AND PRECIPITATION
AROUND TO 50 PERCENT ABOVE NORMAL. NO MONTHLY RECORDS WERE ACHIEVED
AT ANY OF THE MAIN CLIMATE SITES.

THE BEGINNING OF THE MONTH WAS DOMINATED BY SLOW MOVING FRONTAL
SYSTEMS. THIS LEAD TO SIGNIFICANT PRECIPITATION AND LARGE
VARIABILITY IN TEMPERATURES. THE LAST LARGE PUSH OF COLD AIR FROM
CANADA CAME NEAR MID MONTH WITH NEAR FREEZING TEMPERATURES. A
TRANSITION TO SPRING FOLLOWED WITH A SLOW WARM UP. TEMPERATURES WERE
LESS VARIABLE FOR THE REST OF MAY WITH VALUES MOSTLY ABOVE NORMAL.

NO SNOW FELL IN MAY EVEN THOUGH MOST OF THE PRECIPITATION FELL IN
THE FIRST HALF OF THE MONTH... AS WINTER GAVE ITS LAST GASP. THOUGH
LITTLE PRECIPITATION FELL LATER IN MAY... PRECIPITATION TOTALS WERE
NEAR TO ABOVE NORMAL THANKS TO THE ACTIVE WEATHER EARLY IN THE MONTH.

LITTLE IN THE WAY OF SEVERE WEATHER OCCURRED IN MAY 2014. A FEW OF
THE SYSTEMS THAT PASSED THROUGH THE AREA HAD HAIL WITH DIAMETERS OF
AN INCH TO AN INCH AND A HALF. STRONG WINDS ALSO KNOCKED OVER A TREE
OR TWO. THE MAIN HAZARD FOR THE MONTH WAS AREAL AND RIVER FLOODING.
THE MAIN FLOOD AREA STRETCHED FROM WEST CENTRAL LOWER MICHIGAN INTO
SOUTH EAST LOWER MICHIGAN.

$$

63
