408
CXUS53 KGRR 011631
CLMMKG


CLIMATE REPORT
NATIONAL WEATHER SERVICE GRAND RAPIDS, MI
1214 PM EDT WED JUN 1 2016

...................................

...THE MUSKEGON MI CLIMATE SUMMARY FOR THE MONTH OF MAY 2016...

CLIMATE NORMAL PERIOD 1981 TO 2010
CLIMATE RECORD PERIOD 1896 TO 2016

WEATHER         OBSERVED          NORMAL  DEPART  LAST YEAR`S
                 VALUE   DATE(S)  VALUE   FROM    VALUE  DATE(S)
                                          NORMAL
................................................................
TEMPERATURE (F)
RECORD
 HIGH              93   05/29/1962
 LOW               22   05/10/1947
HIGHEST            88   05/31        83       5       82  05/17
                                                          05/07
LOWEST             33   05/19        31       2       35  05/20
                        05/15                             05/01
AVG. MAXIMUM     69.0              66.9     2.1     69.0
AVG. MINIMUM     46.8              46.9    -0.1     49.2
MEAN             57.9              56.9     1.0     59.1
DAYS MAX >= 90      0               0.0     0.0        0
DAYS MAX <= 32      0               0.0     0.0        0
DAYS MIN <= 32      0               0.7    -0.7        0
DAYS MIN <= 0       0               0.0     0.0        0

PRECIPITATION (INCHES)
RECORD
 MAXIMUM         9.59   2004
 MINIMUM         0.23   1936
TOTALS           2.38              3.25   -0.87     3.29
DAILY AVG.       0.08              0.10   -0.02     0.11
DAYS >= .01         8              10.7    -2.7       13
DAYS >= .10         7               6.2     0.8        9
DAYS >= .50         2               2.3    -0.3        3
DAYS >= 1.00        0               0.7    -0.7        0
GREATEST
 24 HR. TOTAL    0.64   05/10 TO 05/10
                        05/04 TO 05/04

SNOWFALL (INCHES)
RECORDS
 TOTAL            5.0   1923
 24 HR TOTAL      5.0   05/09/1923 TO 05/09/1923
 SNOW DEPTH         2   05/10/1902
TOTALS            0.0               0.0     0.0      0.0
SINCE 7/1        61.8              93.7   -31.9     92.1
SNOWDEPTH AVG.      0                MM      MM        0
DAYS >= TRACE       0               0.0     0.0        0
DAYS >= 1.0         0               0.0     0.0        0
GREATEST
 SNOW DEPTH         0   MM                             0  MM
 24 HR TOTAL      0.0   05/31 TO 05/31

DEGREE_DAYS
HEATING TOTAL     255               276     -21      211
 SINCE 7/1       5619              6494    -875     6878
COOLING TOTAL      44                25      19       39
 SINCE 1/1         44                29      15       39

FREEZE DATES
RECORD
 EARLIEST     09/22/1976
 LATEST       06/22/1992
EARLIEST                        10/14
LATEST                          05/04
.................................................................

WIND (MPH)
AVERAGE WIND SPEED              8.5
RESULTANT WIND SPEED/DIRECTION   2/233
HIGHEST WIND SPEED/DIRECTION    29/340    DATE  05/04
HIGHEST GUST SPEED/DIRECTION    39/340    DATE  05/04

SKY COVER
POSSIBLE SUNSHINE (PERCENT)   MM
AVERAGE SKY COVER           0.60
NUMBER OF DAYS FAIR            6
NUMBER OF DAYS PC             18
NUMBER OF DAYS CLOUDY          7

AVERAGE RH (PERCENT)     62

WEATHER CONDITIONS. NUMBER OF DAYS WITH
THUNDERSTORM              2     MIXED PRECIP               0
HEAVY RAIN                3     RAIN                       5
LIGHT RAIN               14     FREEZING RAIN              0
LT FREEZING RAIN          0     HAIL                       0
HEAVY SNOW                0     SNOW                       0
LIGHT SNOW                0     SLEET                      0
FOG                      10     FOG W/VIS <= 1/4 MILE      1
HAZE                      5

-  INDICATES NEGATIVE NUMBERS.
R  INDICATES RECORD WAS SET OR TIED.
MM INDICATES DATA IS MISSING.
T  INDICATES TRACE AMOUNT.

$$
