000
CXUS53 KGRR 301602
CLMMKG

CLIMATE REPORT
NATIONAL WEATHER SERVICE GRAND RAPIDS, MI
206 PM EDT SAT JUL 1 2017

...................................

...THE MUSKEGON MI CLIMATE SUMMARY FOR THE MONTH OF JUNE 2017...

CLIMATE NORMAL PERIOD 1981 TO 2010
CLIMATE RECORD PERIOD 1896 TO 2017

WEATHER         OBSERVED          NORMAL  DEPART  LAST YEAR`S
                 VALUE   DATE(S)  VALUE   FROM    VALUE  DATE(S)
                                          NORMAL
................................................................
TEMPERATURE (F)
RECORD
 HIGH              98   06/20/1995
 LOW               31   06/11/1972
HIGHEST            90   06/14        89       1       87  06/25
                                                          06/18
LOWEST             45   06/01        41       4       43  06/09
                                                          06/08
AVG. MAXIMUM     77.7              76.0     1.7     78.0
AVG. MINIMUM     58.3              56.6     1.7     56.8
MEAN             68.0              66.3     1.7     67.4
DAYS MAX >= 90      1               0.5     0.5        0
DAYS MAX <= 32      0               0.0     0.0        0
DAYS MIN <= 32      0               0.0     0.0        0
DAYS MIN <= 0       0               0.0     0.0        0

PRECIPITATION (INCHES)
RECORD
 MAXIMUM         8.18   1921
 MINIMUM         0.19   1959
TOTALS           3.64              2.55    1.09     2.34
DAILY AVG.       0.12              0.09    0.03     0.08
DAYS >= .01         9               9.0     0.0       13
DAYS >= .10         7               5.0     2.0        5
DAYS >= .50         2               1.8     0.2        1
DAYS >= 1.00        1               0.5     0.5        0
GREATEST
 24 HR. TOTAL    1.24   06/28 TO 06/28

SNOWFALL (INCHES)
RECORDS
 TOTAL            0.0   MM
 24 HR TOTAL      0.0   MM
 SNOW DEPTH         0   MM
TOTALS            0.0               0.0     0.0      0.0
SINCE 7/1        49.0              93.7   -44.7     61.8
SNOWDEPTH AVG.      0                MM      MM        0
DAYS >= TRACE       0               0.0     0.0        0
DAYS >= 1.0         0               0.0     0.0        0
GREATEST
 SNOW DEPTH         0   MM                             0  MM
 24 HR TOTAL      0.0   06/30 TO 06/30

DEGREE_DAYS
HEATING TOTAL      34                66     -32       38
 SINCE 7/1       5505              6560   -1055     5657
COOLING TOTAL     130               105      25      117
 SINCE 1/1        152               134      18      161

FREEZE DATES
RECORD
 EARLIEST     09/22/1976
 LATEST       06/22/1992
EARLIEST      03/01             10/14
LATEST        05/09             05/04
.................................................................

WIND (MPH)
AVERAGE WIND SPEED              9.1
RESULTANT WIND SPEED/DIRECTION   5/228
HIGHEST WIND SPEED/DIRECTION    36/210    DATE  06/14
HIGHEST GUST SPEED/DIRECTION    44/210    DATE  06/14

SKY COVER
POSSIBLE SUNSHINE (PERCENT)   MM
AVERAGE SKY COVER           0.50
NUMBER OF DAYS FAIR            4
NUMBER OF DAYS PC             23
NUMBER OF DAYS CLOUDY          3

AVERAGE RH (PERCENT)     68

WEATHER CONDITIONS. NUMBER OF DAYS WITH
THUNDERSTORM              7     MIXED PRECIP               0
HEAVY RAIN                4     RAIN                       7
LIGHT RAIN               14     FREEZING RAIN              0
LT FREEZING RAIN          0     HAIL                       0
HEAVY SNOW                0     SNOW                       0
LIGHT SNOW                0     SLEET                      0
FOG                      11     FOG W/VIS <= 1/4 MILE      0
HAZE                      0

-  INDICATES NEGATIVE NUMBERS.
R  INDICATES RECORD WAS SET OR TIED.
MM INDICATES DATA IS MISSING.
T  INDICATES TRACE AMOUNT.

&&

JUNE 2017 TEMPERATURES LARGELY AVERAGED ABOVE NORMAL THROUGH MUCH OF
LOWER MICHIGAN. PRECIPITATION VARIED BETWEEN GREATER THAN NORMAL
RAINFALL OVER CENTRAL LOWER MICHIGAN AND BELOW NORMAL RAINFALL OVER
PORTIONS OF SOUTHERN LOWER MICHIGAN. THUNDERSTORMS HAD LOCALIZED
IMPACTS ON MONTHLY TALLIES, WHICH MAY NOT BE AS ACCURATELY REFLECTED
IN GENERAL GRAPHICS.

MUCH OF LOWER MICHIGAN`S TEMPERATURE DEPARTURES AVERAGED 1-2 DEGREES
ABOVE NORMAL. DEPARTURES WERE AFFECTED BY THE LOCALIZED VARIATIONS
IN EVENT-DRIVEN PRECIPITATION AMOUNTS AND EVENT FREQUENCY. LANSING`S
CAPITAL REGION INTERNATIONAL AIRPORT TIED (1934) ITS 5TH WARMEST
JUNE ON RECORD WITH A MONTHLY TEMPERATURE AVERAGE OF 71.1 DEGREES.
THIS WAS 3.5 DEGREES WARMER THAN NORMAL. THE WARMEST JUNE ON RECORD
OCCURRED IN 2005, WHEN AN AVERAGE OF 72.7 DEGREES WAS RECORDED.

THE HOTTEST PART OF THE MONTH SPANNED A 5 DAY PERIOD FROM JUNE 10TH
THROUGH JUNE 14TH. HIGH TEMPERATURES CONSISTENTLY RANGED FROM THE
UPPER 80S TO MID-90S THROUGH SOUTHWEST MICHIGAN. THUNDERSTORMS
BROUGHT HEAVY RAIN TO THE AREA ON JUNE 17TH WITH AMOUNTS GENERALLY
UP TO 2 INCHES. LOCALIZED AMOUNTS RANGED FROM 3-4 INCHES. A FEW
THUNDERSTORM EVENTS RESULTED IN LOCALIZED WIND DAMAGE WITH NO
WIDESPREAD HAIL OR WIND EVENTS TO RECALL.

THE BIGGEST STORY OF THE MONTH OCCURRED NEAR AND AROUND MT.
PLEASANT, WHERE SEVERAL INCHES OF RAIN FELL ON THE NIGHT OF JUNE
22ND INTO THE EARLY MORNING HOURS OF JUNE 23RD. MANY ROADS WERE
REPORTED WASHED OUT OR CLOSED. SOME RESIDENTIAL AREAS ACCUMULATED
ENOUGH WATER TO REACH THE HOODS OF VEHICLES. LOCAL IMPACTS WERE
GREAT ENOUGH TO REQUIRE SEVERAL DAYS IN RECOVERY EFFORTS.

$$

63/JAM
WRKCLMMKG 000 TTAA00 KGRR 011957


CLIMATE REPORT
NATIONAL WEATHER SERVICE GRAND RAPIDS, MI
349 PM EDT THU JUN 1 2017

...................................

...THE MUSKEGON MI CLIMATE SUMMARY FOR THE SEASON, FROM
3/1/2017 TO 5/31/2017...

CLIMATE NORMAL PERIOD 1981 TO 2010
CLIMATE RECORD PERIOD 1896 TO 2017

WEATHER         OBSERVED          NORMAL  DEPART  LAST YEAR`S
                 VALUE   DATE(S)  VALUE   FROM    VALUE  DATE(S)
                                          NORMAL
................................................................
TEMPERATURE (F)
RECORD
 HIGH              93   05/29/1962
 LOW              -11   03/16/1897
HIGHEST            83   05/17        83       0       88  05/31
LOWEST             14   03/04         7       7        7  03/04
AVG. MAXIMUM     56.5              55.2     1.3     57.5
AVG. MINIMUM     38.6              37.1     1.5     38.1
MEAN             47.6              46.2     1.4     47.8
DAYS MAX >= 90      0               0.0     0.0        0
DAYS MAX <= 32      8               4.9     3.1        3
DAYS MIN <= 32     28              31.1    -3.1       27
DAYS MIN <= 0       0               0.0     0.0        0

PRECIPITATION (INCHES)
RECORD
 MAXIMUM        16.61   2004
 MINIMUM         1.93   1930
TOTALS           8.78              8.41    0.37     9.72
DAILY AVG.       0.10              0.09    0.01     0.11
DAYS >= .01        45              34.0    11.0       34
DAYS >= .10        23              18.7     4.3       23
DAYS >= .50         4               5.0    -1.0        6
DAYS >= 1.00        2               1.3     0.7        2
GREATEST
 24 HR. TOTAL    1.20   04/29 TO 04/30

SNOWFALL (INCHES)
RECORDS
 TOTAL           41.8   1965
 24 HR TOTAL     12.0   04/05/1982 TO 04/05/1982
 SNOW DEPTH        24   03/05/2014
TOTALS            4.5              11.3    -6.8      7.3
SINCE 7/1        46.4              93.7   -47.3     61.8
SNOWDEPTH AVG.      0                MM      MM        0
DAYS >= TRACE      10               8.0     2.0       12
DAYS >= 1.0         2               3.3    -1.3        2
GREATEST
 SNOW DEPTH         2   03/14                          4  03/02
 24 HR TOTAL      1.8   03/13 TO 03/13

DEGREE_DAYS
HEATING TOTAL    1606              1761    -155     1599
 SINCE 7/1         MM              6494      MM       MM
COOLING TOTAL      22                28      -6       44
 SINCE 1/1         22                29      -7       44

FREEZE DATES
RECORD
 EARLIEST     09/22/1976
 LATEST       06/22/1992
EARLIEST                        10/14
LATEST                          05/04
.................................................................

WIND (MPH)
AVERAGE WIND SPEED              10.6
RESULTANT WIND SPEED/DIRECTION   1/257
HIGHEST WIND SPEED/DIRECTION    38/200    DATE  04/27
HIGHEST GUST SPEED/DIRECTION    52/200    DATE  03/07

SKY COVER
POSSIBLE SUNSHINE (PERCENT)   MM
AVERAGE SKY COVER           0.70
NUMBER OF DAYS FAIR           15
NUMBER OF DAYS PC             37
NUMBER OF DAYS CLOUDY         40

AVERAGE RH (PERCENT)     66

WEATHER CONDITIONS. NUMBER OF DAYS WITH
THUNDERSTORM              9     MIXED PRECIP               0
HEAVY RAIN                9     RAIN                      18
LIGHT RAIN               55     FREEZING RAIN              0
LT FREEZING RAIN          0     HAIL                       0
HEAVY SNOW                1     SNOW                       3
LIGHT SNOW               10     SLEET                      0
FOG                      42     FOG W/VIS <= 1/4 MILE      6
HAZE                      7

-  INDICATES NEGATIVE NUMBERS.
R  INDICATES RECORD WAS SET OR TIED.
MM INDICATES DATA IS MISSING.
T  INDICATES TRACE AMOUNT.

$$
