000
CXHW52 PHFO 011250
CF6MKK
PRELIMINARY LOCAL CLIMATOLOGICAL DATA (WS FORM: F-6)
STATION: MOLOKAI HI
MONTH: JUNE
YEAR: 2023
LATITUDE: 21 8 N
LONGITUDE: 157 6 W
TEMPERATURE IN F: :PCPN: SNOW: WIND :SUNSHINE: SKY :PK WND
================================================================================
1 2 3 4 5 6A 6B 7 8 9 10 11 12 13 14 15 16 17 18
12Z AVG MX 2MIN
DY MAX MIN AVG DEP HDD CDD WTR SNW DPTH SPD SPD DIR MIN PSBL S-S WX SPD DR
================================================================================
1 83 68 76 -1 0 11 T M M 8.9 21 50 M M 5 28 40
2 83 72 78 1 0 13 0.00 M M 10.8 20 30 M M 3 28 40
3 82 67 75 -2 0 10 0.00 M M 8.6 20 30 M M 2 27 30
4 83 68 76 -1 0 11 0.05 M M 8.1 22 60 M M 3 30 60
5 86 68 77 -1 0 12 0.00 M M 9.2 18 60 M M 1 26 40
6 85 70 78 0 0 13 0.00 M M 9.7 20 50 M M 3 26 40
7 87 65 76 -2 0 11 0.00 M M 7.2 17 360 M M 0 23 50
8 86 67 77 -1 0 12 T M M 10.3 21 30 M M 1 28 30
9 84 71 78 0 0 13 T M M 10.8 25 60 M M 1 37 50
10 86 73 80 2 0 15 0.00 M M 11.8 25 50 M M 1 35 50
11 86 72 79 1 0 14 0.00 M M 11.9 23 50 M M 1 30 50
12 86 72 79 1 0 14 0.00 M M 13.2 23 50 M M 0 30 40
13 86 71 79 1 0 14 0.00 M M 11.3 23 50 M M 4 31 50
14 87 72 80 2 0 15 T M M 10.7 23 50 M M 3 30 40
15 85 71 78 0 0 13 T M M 11.2 22 50 M M 4 1 32 50
16 88 71 80 2 0 15 0.00 M M 10.5 21 50 M M 1 28 40
17 87 70 79 1 0 14 0.00 M M 8.7 18 50 M M 1 26 50
18 87 71 79 1 0 14 0.00 M M 11.2 21 50 M M 3 26 50
19 85 72 79 1 0 14 0.00 M M 10.1 18 30 M M 3 25 30
20 87 65 76 -2 0 11 0.00 M M 7.1 16 50 M M 1 24 360
21 87 67 77 -1 0 12 T M M 11.8 23 50 M M 1 33 50
22 85 73 79 1 0 14 T M M 13.8 26 50 M M 2 35 50
23 85 73 79 1 0 14 0.14 M M 14.3 23 50 M M 5 1 34 50
24 84 74 79 0 0 14 0.00 M M 17.9 29 50 M M 0 39 50
25 85 72 79 0 0 14 T M M 15.6 26 50 M M 5 34 60
26 85 73 79 0 0 14 T M M 16.2 24 50 M M 3 34 50
27 85 73 79 0 0 14 T M M 13.6 23 50 M M 3 30 50
28 86 73 80 1 0 15 0.01 M M 11.8 23 60 M M 4 31 50
29 86 72 79 0 0 14 T M M 10.4 22 30 M M 3 31 50
30 85 70 78 -1 0 13 0.10 M M 10.9 21 30 M M 6 1 28 30
================================================================================
SM 2562 2116 0 397 0.30 M 337.6 M 73
================================================================================
AV 85.4 70.5 11.3 FASTST M M 2 MAX(MPH)
MISC ----> 29 50 39 50
================================================================================
NOTES:
# LAST OF SEVERAL OCCURRENCES
COLUMN 17 PEAK WIND IN M.P.H.
PRELIMINARY LOCAL CLIMATOLOGICAL DATA (WS FORM: F-6) , PAGE 2
STATION: MOLOKAI HI
MONTH: JUNE
YEAR: 2023
LATITUDE: 21 8 N
LONGITUDE: 157 6 W
[TEMPERATURE DATA] [PRECIPITATION DATA] SYMBOLS USED IN COLUMN 16
AVERAGE MONTHLY: 78.0 TOTAL FOR MONTH: 0.30 1 = FOG OR MIST
DPTR FM NORMAL: -0.1 DPTR FM NORMAL: -0.31 2 = FOG REDUCING VISIBILITY
HIGHEST: 88 ON 16 GRTST 24HR 0.14 ON 22-23 TO 1/4 MILE OR LESS
LOWEST: 65 ON 20, 7 3 = THUNDER
SNOW, ICE PELLETS, HAIL 4 = ICE PELLETS
TOTAL MONTH: M 5 = HAIL
GRTST 24HR M ON M 6 = FREEZING RAIN OR DRIZZLE
GRTST DEPTH: M ON M 7 = DUSTSTORM OR SANDSTORM:
VSBY 1/2 MILE OR LESS
8 = SMOKE OR HAZE
[NO. OF DAYS WITH] [WEATHER - DAYS WITH] 9 = BLOWING SNOW
X = TORNADO
MAX 32 OR BELOW: 0 0.01 INCH OR MORE: 4
MAX 90 OR ABOVE: 0 0.10 INCH OR MORE: 2
MIN 32 OR BELOW: 0 0.50 INCH OR MORE: 0
MIN 0 OR BELOW: 0 1.00 INCH OR MORE: 0
[HDD (BASE 65) ]
TOTAL THIS MO. 0 CLEAR (SCALE 0-3) 20
DPTR FM NORMAL 0 PTCLDY (SCALE 4-7) 10
TOTAL FM JUL 1 0 CLOUDY (SCALE 8-10) 0
DPTR FM NORMAL 0
[CDD (BASE 65) ]
TOTAL THIS MO. 397
DPTR FM NORMAL 4 [PRESSURE DATA]
TOTAL FM JAN 1 1668 HIGHEST SLP 30.17 ON 25
DPTR FM NORMAL 47 LOWEST SLP 29.94 ON 19
[REMARKS]
#FINAL-06-23#