000
CXHW52 PHFO 011250
CF6MKK
PRELIMINARY LOCAL CLIMATOLOGICAL DATA (WS FORM: F-6)
STATION: MOLOKAI HI
MONTH: DECEMBER
YEAR: 2022
LATITUDE: 21 8 N
LONGITUDE: 157 6 W
TEMPERATURE IN F: :PCPN: SNOW: WIND :SUNSHINE: SKY :PK WND
================================================================================
1 2 3 4 5 6A 6B 7 8 9 10 11 12 13 14 15 16 17 18
12Z AVG MX 2MIN
DY MAX MIN AVG DEP HDD CDD WTR SNW DPTH SPD SPD DIR MIN PSBL S-S WX SPD DR
================================================================================
1 80 70 75 0 0 10 0.00 M M 7.8 17 360 M M 4 23 360
2 84 70 77 2 0 12 T M M 5.4 13 50 M M 5 17 50
3 83 69 76 1 0 11 0.00 M M 8.6 16 40 M M 3 22 50
4 84 65 75 0 0 10 T M M 4.5 13 60 M M 2 19 310
5 84 63 74 -1 0 9 0.00 M M 3.1 12 130 M M 3 17 350
6 86 66 76 2 0 11 T M M 5.7 20 50 M M 3 29 50
7 81 74 78 4 0 13 0.00 M M 14.6 24 50 M M 1 33 30
8 81 73 77 3 0 12 0.00 M M 15.8 30 60 M M 3 42 50
9 82 72 77 3 0 12 0.00 M M 14.9 26 60 M M 1 40 60
10 81 72 77 3 0 12 T M M 14.5 26 50 M M 2 36 40
11 81 71 76 2 0 11 T M M 13.4 24 60 M M 2 33 50
12 80 71 76 2 0 11 0.06 M M 13.9 21 50 M M 6 1 31 40
13 80 70 75 1 0 10 0.00 M M 13.5 24 50 M M 2 34 50
14 85 65 75 1 0 10 0.00 M M 6.4 16 120 M M 1 21 120
15 82 63 73 -1 0 8 0.00 M M 3.6 15 180 M M 2 18 180
16 80 65 73 -1 0 8 0.17 M M 5.9 13 60 M M 6 1 18 260
17 82 61 72 -1 0 7 0.00 M M 2.7 10 360 M M 1 14 10
18 74 66 70 -3 0 5 4.41 M M 9.2 25 180 M M 9 1 34 180
19 78 62 70 -3 0 5 0.70 M M 11.0 30 270 M M 7 1 41 260
20 79 66 73 0 0 8 T M M 10.7 23 250 M M 3 30 230
21 81 64 73 0 0 8 0.00 M M 5.5 15 190 M M 2 18 180
22 79 63 71 -2 0 6 T M M 7.6 15 160 M M 3 18 160
23 79 67 73 0 0 8 0.03 M M 6.9 14 160 M M 4 1 16 160
24 80 70 75 2 0 10 0.00 M M 8.7 16 160 M M 5 21 170
25 81 68 75 2 0 10 0.02 M M 4.5 10 360 M M 5 14 140
26 82 65 74 1 0 9 0.00 M M 7.0 16 50 M M 1 20 50
27 83 63 73 1 0 8 0.00 M M 7.6 17 50 M M 0 23 50
28 83 61 72 0 0 7 0.00 M M 3.8 15 150 M M 3 20 160
29 83 61 72 0 0 7 0.00 M M 2.9 9 330 M M 3 12 330
30 80 66 73 1 0 8 T M M 7.5 17 50 M M 6 23 30
31 80 65 73 1 0 8 0.00 M M 5.4 14 10 M M 4 20 360
================================================================================
SM 2518 2067 0 284 5.39 M 252.6 M 102
================================================================================
AV 81.2 66.7 8.1 FASTST M M 3 MAX(MPH)
MISC ----> # 30 60 42 50
================================================================================
NOTES:
# LAST OF SEVERAL OCCURRENCES
COLUMN 17 PEAK WIND IN M.P.H.
PRELIMINARY LOCAL CLIMATOLOGICAL DATA (WS FORM: F-6) , PAGE 2
STATION: MOLOKAI HI
MONTH: DECEMBER
YEAR: 2022
LATITUDE: 21 8 N
LONGITUDE: 157 6 W
[TEMPERATURE DATA] [PRECIPITATION DATA] SYMBOLS USED IN COLUMN 16
AVERAGE MONTHLY: 74.0 TOTAL FOR MONTH: 5.39 1 = FOG OR MIST
DPTR FM NORMAL: 0.5 DPTR FM NORMAL: 2.52 2 = FOG REDUCING VISIBILITY
HIGHEST: 86 ON 6 GRTST 24HR 4.96 ON 18-19 TO 1/4 MILE OR LESS
LOWEST: 61 ON 29,28 3 = THUNDER
SNOW, ICE PELLETS, HAIL 4 = ICE PELLETS
TOTAL MONTH: M 5 = HAIL
GRTST 24HR M ON M 6 = FREEZING RAIN OR DRIZZLE
GRTST DEPTH: M ON M 7 = DUSTSTORM OR SANDSTORM:
VSBY 1/2 MILE OR LESS
8 = SMOKE OR HAZE
[NO. OF DAYS WITH] [WEATHER - DAYS WITH] 9 = BLOWING SNOW
X = TORNADO
MAX 32 OR BELOW: 0 0.01 INCH OR MORE: 6
MAX 90 OR ABOVE: 0 0.10 INCH OR MORE: 3
MIN 32 OR BELOW: 0 0.50 INCH OR MORE: 2
MIN 0 OR BELOW: 0 1.00 INCH OR MORE: 1
[HDD (BASE 65) ]
TOTAL THIS MO. 0 CLEAR (SCALE 0-3) 16
DPTR FM NORMAL 0 PTCLDY (SCALE 4-7) 14
TOTAL FM JUL 1 0 CLOUDY (SCALE 8-10) 1
DPTR FM NORMAL 0
[CDD (BASE 65) ]
TOTAL THIS MO. 284
DPTR FM NORMAL 19 [PRESSURE DATA]
TOTAL FM JAN 1 4100 HIGHEST SLP 30.20 ON 8
DPTR FM NORMAL 119 LOWEST SLP 29.51 ON 19
[REMARKS]
#FINAL-12-22#