000
CXHW52 PHFO 011250
CF6MKK
PRELIMINARY LOCAL CLIMATOLOGICAL DATA (WS FORM: F-6)
STATION: MOLOKAI HI
MONTH: FEBRUARY
YEAR: 2024
LATITUDE: 21 8 N
LONGITUDE: 157 6 W
TEMPERATURE IN F: :PCPN: SNOW: WIND :SUNSHINE: SKY :PK WND
================================================================================
1 2 3 4 5 6A 6B 7 8 9 10 11 12 13 14 15 16 17 18
12Z AVG MX 2MIN
DY MAX MIN AVG DEP HDD CDD WTR SNW DPTH SPD SPD DIR MIN PSBL S-S WX SPD DR
================================================================================
1 81 66 74 2 0 9 0.80 M M 6.0 14 330 M M 10 1 19 310
2 76 65 71 -1 0 6 0.15 M M 14.9 24 350 M M 8 1 34 360
3 75 66 71 -1 0 6 0.00 M M 14.6 24 50 M M 6 36 30
4 78 66 72 0 0 7 0.01 M M 16.1 28 60 M M 5 40 60
5 81 61 71 -1 0 6 0.00 M M 9.2 17 50 M M 1 27 40
6 80 60 70 -2 0 5 0.00 M M 8.9 21 40 M M 1 31 50
7 81 65 73 1 0 8 0.00 M M 8.8 21 50 M M 0 32 50
8 81 62 72 0 0 7 0.00 M M 6.7 17 100 M M 3 21 110
9 80 67 74 2 0 9 T M M 6.2 15 290 M M 7 21 50
10 79 63 71 -1 0 6 T M M 4.0 14 30 M M 5 19 30
11 81 59 70 -2 0 5 0.00 M M 3.3 13 270 M M 3 16 270
12 80 58 69 -3 0 4 0.00 M M 3.7 16 270 M M 1 21 270
13 80 61 71 -1 0 6 T M M 1.8 9 160 M M 4 12 320
14 80 62 71 -1 0 6 0.02 M M 8.5 22 180 M M 5 1 27 220
15 72 65 69 -3 0 4 0.44 M M 9.6 17 350 M M 8 18 23 320
16 76 67 72 0 0 7 T M M 11.6 20 350 M M 8 27 360
17 76 66 71 -1 0 6 T M M 12.6 18 30 M M 2 28 30
18 76 67 72 0 0 7 T M M 14.6 24 60 M M 5 33 60
19 78 66 72 0 0 7 0.00 M M 12.2 24 50 M M 3 8 31 40
20 80 63 72 0 0 7 0.00 M M 6.0 17 50 M M 7 21 60
21 81 64 73 1 0 8 0.00 M M 8.6 17 50 M M 6 24 50
22 83 63 73 1 0 8 0.00 M M 6.7 21 50 M M 7 8 24 40
23 80 62 71 -1 0 6 0.00 M M 9.4 22 30 M M 4 33 40
24 74 60 67 -5 0 2 T M M 12.2 24 50 M M 4 18 34 50
25 79 67 73 1 0 8 0.00 M M 15.7 26 50 M M 2 37 60
26 80 67 74 2 0 9 0.04 M M 15.0 26 60 M M 4 35 50
27 79 67 73 1 0 8 0.01 M M 15.5 29 60 M M 3 39 60
28 79 66 73 1 0 8 0.02 M M 12.6 26 50 M M 4 18 38 50
29 80 67 74 2 0 9 0.00 M M 12.9 23 50 M M 4 36 40
================================================================================
SM 2286 1858 0 194 1.49 M 287.9 M 130
================================================================================
AV 78.8 64.1 9.9 FASTST M M 4 MAX(MPH)
MISC ----> 29 60 40 60
================================================================================
NOTES:
# LAST OF SEVERAL OCCURRENCES
COLUMN 17 PEAK WIND IN M.P.H.
PRELIMINARY LOCAL CLIMATOLOGICAL DATA (WS FORM: F-6) , PAGE 2
STATION: MOLOKAI HI
MONTH: FEBRUARY
YEAR: 2024
LATITUDE: 21 8 N
LONGITUDE: 157 6 W
[TEMPERATURE DATA] [PRECIPITATION DATA] SYMBOLS USED IN COLUMN 16
AVERAGE MONTHLY: 71.4 TOTAL FOR MONTH: 1.49 1 = FOG OR MIST
DPTR FM NORMAL: -0.3 DPTR FM NORMAL: -0.82 2 = FOG REDUCING VISIBILITY
HIGHEST: 83 ON 22 GRTST 24HR 0.95 ON 1- 2 TO 1/4 MILE OR LESS
LOWEST: 58 ON 12 3 = THUNDER
SNOW, ICE PELLETS, HAIL 4 = ICE PELLETS
TOTAL MONTH: M 5 = HAIL
GRTST 24HR M ON M 6 = FREEZING RAIN OR DRIZZLE
GRTST DEPTH: M ON M 7 = DUSTSTORM OR SANDSTORM:
VSBY 1/2 MILE OR LESS
8 = SMOKE OR HAZE
[NO. OF DAYS WITH] [WEATHER - DAYS WITH] 9 = BLOWING SNOW
X = TORNADO
MAX 32 OR BELOW: 0 0.01 INCH OR MORE: 8
MAX 90 OR ABOVE: 0 0.10 INCH OR MORE: 3
MIN 32 OR BELOW: 0 0.50 INCH OR MORE: 1
MIN 0 OR BELOW: 0 1.00 INCH OR MORE: 0
[HDD (BASE 65) ]
TOTAL THIS MO. 0 CLEAR (SCALE 0-3) 9
DPTR FM NORMAL 0 PTCLDY (SCALE 4-7) 18
TOTAL FM JUL 1 0 CLOUDY (SCALE 8-10) 2
DPTR FM NORMAL 0
[CDD (BASE 65) ]
TOTAL THIS MO. 194
DPTR FM NORMAL 6 [PRESSURE DATA]
TOTAL FM JAN 1 422 HIGHEST SLP 30.26 ON 18
DPTR FM NORMAL 31 LOWEST SLP 29.88 ON 14
[REMARKS]
#FINAL-02-24#