000
CXHW52 PHFO 011250
CF6MKK
PRELIMINARY LOCAL CLIMATOLOGICAL DATA (WS FORM: F-6)
STATION: MOLOKAI HI
MONTH: APRIL
YEAR: 2022
LATITUDE: 21 8 N
LONGITUDE: 157 6 W
TEMPERATURE IN F: :PCPN: SNOW: WIND :SUNSHINE: SKY :PK WND
================================================================================
1 2 3 4 5 6A 6B 7 8 9 10 11 12 13 14 15 16 17 18
12Z AVG MX 2MIN
DY MAX MIN AVG DEP HDD CDD WTR SNW DPTH SPD SPD DIR MIN PSBL S-S WX SPD DR
================================================================================
1 80 70 75 2 0 10 T M M 15.0 25 60 M M 4 36 50
2 81 71 76 3 0 11 T M M 16.4 29 50 M M 3 41 60
3 80 71 76 2 0 11 T M M 17.5 31 50 M M 2 44 50
4 82 69 76 2 0 11 0.00 M M 11.7 25 50 M M 1 36 50
5 83 70 77 3 0 12 0.00 M M 9.9 21 50 M M 3 28 50
6 82 69 76 2 0 11 0.00 M M 11.8 23 40 M M 4 31 30
7 83 70 77 3 0 12 0.00 M M 14.8 28 50 M M 1 37 40
8 79 71 75 1 0 10 T M M 11.7 26 50 M M 5 36 50
9 84 66 75 1 0 10 0.00 M M 10.1 22 50 M M 4 30 50
10 84 68 76 2 0 11 0.00 M M 7.3 20 50 M M 4 30 50
11 83 70 77 3 0 12 0.00 M M 9.8 21 50 M M 4 26 50
12 84 69 77 3 0 12 0.00 M M 10.8 21 50 M M 1 29 40
13 85 67 76 2 0 11 0.00 M M 8.8 20 60 M M 2 26 40
14 83 70 77 3 0 12 0.00 M M 14.5 26 50 M M 2 37 50
15 81 71 76 2 0 11 0.00 M M 15.3 26 50 M M 3 36 30
16 82 71 77 3 0 12 T M M 12.1 22 50 M M 4 31 50
17 82 71 77 3 0 12 T M M 14.1 28 60 M M 2 36 70
18 80 71 76 2 0 11 T M M 13.4 24 60 M M 4 32 40
19 78 69 74 0 0 9 0.01 M M 13.6 23 60 M M 5 1 31 360
20 81 69 75 1 0 10 0.00 M M 14.3 23 40 M M 1 35 30
21 82 67 75 1 0 10 0.00 M M 13.5 25 50 M M 3 36 60
22 82 72 77 3 0 12 0.00 M M 14.1 28 50 M M 3 40 40
23 80 71 76 2 0 11 0.00 M M 14.4 25 50 M M 5 8 34 50
24 82 71 77 3 0 12 0.00 M M 16.0 26 50 M M 3 36 50
25 82 70 76 2 0 11 0.00 M M 15.1 25 60 M M 2 34 50
26 82 69 76 2 0 11 0.00 M M 14.0 23 60 M M 2 35 50
27 81 69 75 1 0 10 T M M 10.1 23 50 M M 4 8 28 50
28 85 64 75 0 0 10 0.00 M M 7.6 17 20 M M 2 27 30
29 83 69 76 1 0 11 0.00 M M 12.4 28 50 M M 1 34 50
30 81 71 76 1 0 11 T M M 14.2 25 50 M M 5 38 50
================================================================================
SM 2457 2086 0 330 0.01 M 384.3 M 89
================================================================================
AV 81.9 69.5 12.8 FASTST M M 3 MAX(MPH)
MISC ----> 31 50 44 50
================================================================================
NOTES:
# LAST OF SEVERAL OCCURRENCES
COLUMN 17 PEAK WIND IN M.P.H.
PRELIMINARY LOCAL CLIMATOLOGICAL DATA (WS FORM: F-6) , PAGE 2
STATION: MOLOKAI HI
MONTH: APRIL
YEAR: 2022
LATITUDE: 21 8 N
LONGITUDE: 157 6 W
[TEMPERATURE DATA] [PRECIPITATION DATA] SYMBOLS USED IN COLUMN 16
AVERAGE MONTHLY: 75.7 TOTAL FOR MONTH: 0.01 1 = FOG OR MIST
DPTR FM NORMAL: 1.7 DPTR FM NORMAL: -1.53 2 = FOG REDUCING VISIBILITY
HIGHEST: 85 ON 28,13 GRTST 24HR 0.01 ON 18-19 TO 1/4 MILE OR LESS
LOWEST: 64 ON 28 3 = THUNDER
SNOW, ICE PELLETS, HAIL 4 = ICE PELLETS
TOTAL MONTH: M 5 = HAIL
GRTST 24HR M ON M 6 = FREEZING RAIN OR DRIZZLE
GRTST DEPTH: M ON M 7 = DUSTSTORM OR SANDSTORM:
VSBY 1/2 MILE OR LESS
8 = SMOKE OR HAZE
[NO. OF DAYS WITH] [WEATHER - DAYS WITH] 9 = BLOWING SNOW
X = TORNADO
MAX 32 OR BELOW: 0 0.01 INCH OR MORE: 1
MAX 90 OR ABOVE: 0 0.10 INCH OR MORE: 0
MIN 32 OR BELOW: 0 0.50 INCH OR MORE: 0
MIN 0 OR BELOW: 0 1.00 INCH OR MORE: 0
[HDD (BASE 65) ]
TOTAL THIS MO. 0 CLEAR (SCALE 0-3) 17
DPTR FM NORMAL 0 PTCLDY (SCALE 4-7) 13
TOTAL FM JUL 1 0 CLOUDY (SCALE 8-10) 0
DPTR FM NORMAL 0
[CDD (BASE 65) ]
TOTAL THIS MO. 330
DPTR FM NORMAL 58 [PRESSURE DATA]
TOTAL FM JAN 1 990 HIGHEST SLP 30.22 ON 19
DPTR FM NORMAL 94 LOWEST SLP 29.92 ON 28
[REMARKS]
#FINAL-04-22#