000
CXUS54 KMEG 020049
CF6MKL
PRELIMINARY LOCAL CLIMATOLOGICAL DATA (WS FORM: F-6)
STATION: JACKSON
MONTH: MARCH
YEAR: 2020
LATITUDE: 35 35 N
LONGITUDE: 88 55 W
TEMPERATURE IN F: :PCPN: SNOW: WIND :SUNSHINE: SKY :PK WND
================================================================================
1 2 3 4 5 6A 6B 7 8 9 10 11 12 13 14 15 16 17 18
12Z AVG MX 2MIN
DY MAX MIN AVG DEP HDD CDD WTR SNW DPTH SPD SPD DIR MIN PSBL S-S WX SPD DR
================================================================================
1 69 36 53 7 12 0 0.29 0.0 0 10.0 24 190 M M 3 13 32 200
2 68 52 60 13 5 0 0.04 0.0 0 9.9 21 200 M M 8 3 30 210
3 67 47 57 10 8 0 0.59 0.0 0 7.4 38 260 M M 4 13 49 260
4 63 47 55 8 10 0 0.00 0.0 0 3.5 13 40 M M 0 16 40
5 65 45 55 7 10 0 0.00 0.0 0 8.1 22 320 M M 0 30 300
6 53 32 43 -5 22 0 0.00 0.0 0 11.3 23 320 M M 0 29 320
7 58 26 42 -6 23 0 0.00 0.0 0 2.7 13 100 M M 0 15 90
8 69 31 50 1 15 0 0.00 0.0 0 7.9 20 190 M M 0 26 190
9 65 55 60 11 5 0 0.26 0.0 0 12.4 23 200 M M 4 1 30 190
10 63 40 52 3 13 0 0.07 0.0 0 7.6 20 200 M M 7 1 25 210
11 63 38 51 1 14 0 0.17 0.0 0 3.0 29 330 M M 6 123 38 310
12 77 57 67 17 0 2 0.28 0.0 0 10.4 24 210 M M 7 13 35 210
13 68 50 59 9 6 0 0.03 0.0 0 11.6 20 30 M M 7 1 26 20
14 59 45 52 2 13 0 0.94 0.0 0 7.2 24 330 M M 10 1 28 320
15 46 42 44 -7 21 0 0.42 0.0 0 10.4 17 30 M M 9 1 22 30
16 50 42 46 -5 19 0 0.11 0.0 0 3.5 9 110 M M 10 1 11 110
17 54 47 51 0 14 0 0.63 0.0 0 5.8 10 40 M M 9 1 14 30
18 72 51 62 10 3 0 0.99 0.0 0 6.0 14 190 M M 8 13 19 170
19 79 63 71 19 0 6 0.23 0.0 0 9.8 23 210 M M 6 13 30 200
20 72 46 59 7 6 0 0.80 0.0 0 11.5 21 350 M M 8 13 26 240
21 53 43 48 -4 17 0 0.00 0.0 0 7.9 15 350 M M 7 20 360
22 54 40 47 -6 18 0 0.77 0.0 0 5.4 12 60 M M 5 1 15 60
23 62 48 55 2 10 0 0.63 0.0 0 4.7 15 330 M M 5 1 17 330
24 64 50 57 4 8 0 0.80 0.0 0 6.5 18 340 M M 9 13 23 340
25 63 45 54 0 11 0 0.00 0.0 0 5.0 12 360 M M 6 1 14 360
26 86 43 65 11 0 0 0.00 0.0 0 9.2 24 200 M M 0 1 34 200
27 84 68 76 22 0 11 0.00 0.0 0 10.5 21 250 M M 1 29 260
28 81 66 74 20 0 9 0.56 0.0 0 11.3 35 280 M M 5 13 47 290
29 69 48 59 4 6 0 0.00 0.0 0 10.0 20 270 M M 0 24 260
30 65 44 55 0 10 0 0.19 0.0 0 1.5 7 10 M M 3 1 9 20
31 60 41 51 -4 14 0 0.76 0.0 0 9.7 20 350 M M 7 1 26 40
================================================================================
SM 2021 1428 313 28 9.56 0.0 241.7 M 154
================================================================================
AV 65.2 46.1 7.8 FASTST M M 5 MAX(MPH)
MISC ----> # 38 260 # 49 260
================================================================================
NOTES:
# LAST OF SEVERAL OCCURRENCES
COLUMN 17 PEAK WIND IN M.P.H.
PRELIMINARY LOCAL CLIMATOLOGICAL DATA (WS FORM: F-6) , PAGE 2
STATION: JACKSON
MONTH: MARCH
YEAR: 2020
LATITUDE: 35 35 N
LONGITUDE: 88 55 W
[TEMPERATURE DATA] [PRECIPITATION DATA] SYMBOLS USED IN COLUMN 16
AVERAGE MONTHLY: 55.6 TOTAL FOR MONTH: 9.56 1 = FOG OR MIST
DPTR FM NORMAL: 4.6 DPTR FM NORMAL: 4.81 2 = FOG REDUCING VISIBILITY
HIGHEST: 86 ON 26 GRTST 24HR 0.99 ON 18-18 TO 1/4 MILE OR LESS
LOWEST: 26 ON 7 3 = THUNDER
SNOW, ICE PELLETS, HAIL 4 = ICE PELLETS
TOTAL MONTH: 0.0 INCH 5 = HAIL
GRTST 24HR 0.0 6 = FREEZING RAIN OR DRIZZLE
GRTST DEPTH: 0 7 = DUSTSTORM OR SANDSTORM:
VSBY 1/2 MILE OR LESS
8 = SMOKE OR HAZE
[NO. OF DAYS WITH] [WEATHER - DAYS WITH] 9 = BLOWING SNOW
X = TORNADO
MAX 32 OR BELOW: 0 0.01 INCH OR MORE: 21
MAX 90 OR ABOVE: 0 0.10 INCH OR MORE: 18
MIN 32 OR BELOW: 3 0.50 INCH OR MORE: 10
MIN 0 OR BELOW: 0 1.00 INCH OR MORE: 0
[HDD (BASE 65) ]
TOTAL THIS MO. 313 CLEAR (SCALE 0-3) 9
DPTR FM NORMAL -131 PTCLDY (SCALE 4-7) 16
TOTAL FM JUL 1 2966 CLOUDY (SCALE 8-10) 6
DPTR FM NORMAL -362
[CDD (BASE 65) ]
TOTAL THIS MO. 28
DPTR FM NORMAL 18 [PRESSURE DATA]
TOTAL FM JAN 1 28 HIGHEST SLP 30.60 ON 7
DPTR FM NORMAL 17 LOWEST SLP 29.64 ON 3
[REMARKS]
#FINAL-03-20#