000
CXUS54 KTSA 010950
CF6MKO
PRELIMINARY LOCAL CLIMATOLOGICAL DATA (WS FORM: F-6)
STATION: MUSKOGEE OKLAHOMA
MONTH: NOVEMBER
YEAR: 2021
LATITUDE: 35 40 N
LONGITUDE: 95 22 W
TEMPERATURE IN F: :PCPN: SNOW: WIND :SUNSHINE: SKY :PK WND
================================================================================
1 2 3 4 5 6A 6B 7 8 9 10 11 12 13 14 15 16 17 18
12Z AVG MX 2MIN
DY MAX MIN AVG DEP HDD CDD WTR SNW DPTH SPD SPD DIR MIN PSBL S-S WX SPD DR
================================================================================
1 58 44 51 -5 14 0 0.02 0.0 M 9.4 16 110 M M 8 3 22 120
2 50 45 48 -8 17 0 0.28 0.0 M 8.7 17 30 M M 10 1 21 30
3 49 44 47 -8 18 0 0.29 0.0 M 4.6 16 110 M M 10 1 19 110
4 59 42 51 -4 14 0 0.00 0.0 M 2.3 7 160 M M 8 1 9 170
5 59 37 48 -6 17 0 0.00 0.0 M 5.8 13 150 M M 1 1 17 160
6 65 36 51 -3 14 0 0.00 0.0 M 5.6 12 200 M M 0 16 200
7 74 39 57 3 8 0 0.00 0.0 M 8.3 15 160 M M 0 1 23 200
8 77 47 62 9 3 0 0.00 0.0 M 8.9 21 190 M M 0 31 190
9 72 52 62 9 3 0 0.00 0.0 M 6.6 16 210 M M 3 22 220
10 69 54 62 10 3 0 1.01 0.0 M 9.6 32 290 M M 10 13 44 290
11 63 41 52 0 13 0 0.00 0.0 M 9.2 23 330 M M 2 29 320
12 56 35 46 -6 19 0 0.02 0.0 M 9.9 26 320 M M 2 36 330
13 56 29 43 -8 22 0 0.00 0.0 M 5.3 10 160 M M 0 14 150
14 62 36 49 -2 16 0 0.00 0.0 M 5.1 15 20 M M 0 19 20
15 73 38 56 6 9 0 0.00 0.0 M 7.0 14 190 M M 0 18 190
16 78 50 64 14 1 0 0.00 0.0 M 13.0 24 180 M M 0 38 170
17 75 47 61 11 4 0 0.00 0.0 M 16.4 28 10 M M 6 38 20
18 57 29 43 -6 22 0 0.00 0.0 M 7.5 20 360 M M 0 26 20
19 57 27 42 -7 23 0 0.00 0.0 M 8.5 17 140 M M 0 26 150
20 65 41 53 4 12 0 0.00 0.0 M 9.0 16 140 M M 2 22 130
21 60 40 50 2 15 0 0.03 0.0 M 8.8 23 350 M M 5 1 29 340
22 61 33 47 -1 18 0 0.00 0.0 M 5.0 10 340 M M 0 14 220
23 70 36 53 5 12 0 0.00 0.0 M 10.4 18 190 M M 0 28 190
24 67 51 59 12 6 0 0.07 0.0 M 14.5 33 190 M M 4 13 50 180
25 61 31 46 -1 19 0 0.03 0.0 M 14.7 28 340 M M 1 13 39 330
26 59 24 42 -4 23 0 0.00 0.0 M 6.6 16 190 M M 0 24 210
27 64 36 50 4 15 0 0.00 0.0 M 6.3 16 220 M M 0 22 210
28 60 35 48 2 17 0 0.00 0.0 M 7.2 14 10 M M 0 20 360
29 69 33 51 5 14 0 0.00 0.0 M 8.0 20 190 M M 0 26 180
30 71 42 57 12 8 0 0.00 0.0 M 5.2 10 150 M M 0 15 170
================================================================================
SM 1916 1174 399 0 1.75 0.0 247.4 M 72
================================================================================
AV 63.9 39.1 8.2 FASTST M M 2 MAX(MPH)
MISC ----> 33 190 50 180
================================================================================
NOTES:
# LAST OF SEVERAL OCCURRENCES
COLUMN 17 PEAK WIND IN M.P.H.
PRELIMINARY LOCAL CLIMATOLOGICAL DATA (WS FORM: F-6) , PAGE 2
STATION: MUSKOGEE OKLAHOMA
MONTH: NOVEMBER
YEAR: 2021
LATITUDE: 35 40 N
LONGITUDE: 95 22 W
[TEMPERATURE DATA] [PRECIPITATION DATA] SYMBOLS USED IN COLUMN 16
AVERAGE MONTHLY: 51.5 TOTAL FOR MONTH: 1.75 1 = FOG OR MIST
DPTR FM NORMAL: 1.1 DPTR FM NORMAL: -1.60 2 = FOG REDUCING VISIBILITY
HIGHEST: 78 ON 16 GRTST 24HR 1.01 ON 10-10 TO 1/4 MILE OR LESS
LOWEST: 24 ON 26 3 = THUNDER
SNOW, ICE PELLETS, HAIL 4 = ICE PELLETS
TOTAL MONTH: 0.0 INCH 5 = HAIL
GRTST 24HR 0.0 6 = FREEZING RAIN OR DRIZZLE
GRTST DEPTH: M ON M 7 = DUSTSTORM OR SANDSTORM:
VSBY 1/2 MILE OR LESS
8 = SMOKE OR HAZE
[NO. OF DAYS WITH] [WEATHER - DAYS WITH] 9 = BLOWING SNOW
X = TORNADO
MAX 32 OR BELOW: 0 0.01 INCH OR MORE: 8
MAX 90 OR ABOVE: 0 0.10 INCH OR MORE: 3
MIN 32 OR BELOW: 5 0.50 INCH OR MORE: 1
MIN 0 OR BELOW: 0 1.00 INCH OR MORE: 1
[HDD (BASE 65) ]
TOTAL THIS MO. 399 CLEAR (SCALE 0-3) 22
DPTR FM NORMAL -45 PTCLDY (SCALE 4-7) 4
TOTAL FM JUL 1 506 CLOUDY (SCALE 8-10) 4
DPTR FM NORMAL -113
[CDD (BASE 65) ]
TOTAL THIS MO. 0
DPTR FM NORMAL -6 [PRESSURE DATA]
TOTAL FM JAN 1 1921 HIGHEST SLP 30.58 ON 18
DPTR FM NORMAL 3 LOWEST SLP 29.72 ON 10
[REMARKS]
#FINAL-11-21#