372
CXUS53 KMPX 012324
CF6MKT
PRELIMINARY LOCAL CLIMATOLOGICAL DATA (WS FORM: F-6)
STATION: MANKATO MN
MONTH: JANUARY
YEAR: 2021
LATITUDE: 44 13 N
LONGITUDE: 93 55 W
TEMPERATURE IN F: :PCPN: SNOW: WIND :SUNSHINE: SKY :PK WND
================================================================================
1 2 3 4 5 6A 6B 7 8 9 10 11 12 13 14 15 16 17 18
12Z AVG MX 2MIN
DY MAX MIN AVG DEP HDD CDD WTR SNW DPTH SPD SPD DIR MIN PSBL S-S WX SPD DR
================================================================================
1 29 11 20 5 45 0 0.00 M M 5.2 16 190 M M 2 18 22 190
2 30 7 19 4 46 0 0.00 M M 7.1 13 170 M M 4 1 M M
3 30 11 21 6 44 0 0.00 M M 8.6 12 180 M M 3 1 M M
4 39 18 29 15 36 0 0.00 M M 11.9 16 300 M M 3 1 21 180
5 34 15 25 11 40 0 0.00 M M 6.8 12 120 M M 0 M M
6 36 26 31 17 34 0 0.00 M M 10.2 14 130 M M 7 M M
7 29 21 25 11 40 0 0.00 M M 5.3 15 130 M M 8 1 M M
8 26 17 22 8 43 0 T M M 6.0 9 10 M M 10 12 M M
9 21 14 18 4 47 0 T M M 6.1 10 310 M M 10 12 M M
10 32 21 27 13 38 0 0.00 M M 9.3 15 290 M M 10 1 M M
11 38 24 31 17 34 0 0.00 M M 8.9 14 210 M M 0 M M
12 43 20 32 18 33 0 0.00 M M 6.5 10 250 M M 0 M M
13 42 28 35 21 30 0 0.00 M M 6.5 10 160 M M 4 M M
14 37 32 35 21 30 0 0.11 M M 14.0 24 330 M M 8 1 32 320
15 34 28 31 17 34 0 0.70 M M 19.2 25 350 M M 10 1 31 350
16 28 19 24 10 41 0 0.11 M M 14.4 18 320 M M 10 1 M M
17 26 17 22 8 43 0 T M M 6.4 12 300 M M 6 M M
18 23 17 20 6 45 0 T M M 8.6 13 320 M M 7 1 M M
19 23 1 12 -2 53 0 0.11 M M 10.5 24 320 M M 8 1 30 330
20 39 1 20 6 45 0 0.04 M M 15.0 23 200 M M 0 1 35 210
21 36 8 22 8 43 0 0.00 M M 18.2 27 310 M M 3 40 310
22 16 1 9 -5 56 0 T M M 7.4 15 320 M M 0 M M
23 19 7 13 -1 52 0 0.00 M M 10.6 17 130 M M 7 1 M M
24 35 9 22 8 43 0 0.27 M M 4.6 12 350 M M 6 1 M M
25 19 10 15 0 50 0 0.00 M M 12.5 17 50 M M 6 M M
26 21 8 15 0 50 0 0.00 M M 10.9 15 10 M M 5 M M
27 24 5 15 0 50 0 0.00 M M 4.5 8 30 M M 7 M M
28 21 5 13 -2 52 0 0.00 M M 11.4 17 150 M M 7 22 170
29 24 17 21 6 44 0 T M M 15.6 24 130 M M 10 1 30 130
30 30 24 27 12 38 0 T M M 15.5 22 120 M M 10 1 23 90
31 32 25 29 13 36 0 T M M 12.5 17 340 M M 10 M M
================================================================================
SM 916 467 1315 0 1.34 M 310.2 M 181
================================================================================
AV 29.5 15.1 10.0 FASTST M M 6 MAX(MPH)
MISC ----> 27 310 40 310
================================================================================
NOTES:
# LAST OF SEVERAL OCCURRENCES
COLUMN 17 PEAK WIND IN M.P.H.
PRELIMINARY LOCAL CLIMATOLOGICAL DATA (WS FORM: F-6) , PAGE 2
STATION: MANKATO MN
MONTH: JANUARY
YEAR: 2021
LATITUDE: 44 13 N
LONGITUDE: 93 55 W
[TEMPERATURE DATA] [PRECIPITATION DATA] SYMBOLS USED IN COLUMN 16
AVERAGE MONTHLY: 22.3 TOTAL FOR MONTH: 1.34 1 = FOG OR MIST
DPTR FM NORMAL: 7.9 DPTR FM NORMAL: 0.40 2 = FOG REDUCING VISIBILITY
HIGHEST: 43 ON 12 GRTST 24HR 0.70 ON 15-15 TO 1/4 MILE OR LESS
LOWEST: 1 ON 20,19 3 = THUNDER
SNOW, ICE PELLETS, HAIL 4 = ICE PELLETS
TOTAL MONTH: M 5 = HAIL
GRTST 24HR M ON M 6 = FREEZING RAIN OR DRIZZLE
GRTST DEPTH: M ON M 7 = DUSTSTORM OR SANDSTORM:
VSBY 1/2 MILE OR LESS
8 = SMOKE OR HAZE
[NO. OF DAYS WITH] [WEATHER - DAYS WITH] 9 = BLOWING SNOW
X = TORNADO
MAX 32 OR BELOW: 20 0.01 INCH OR MORE: 6
MAX 90 OR ABOVE: 0 0.10 INCH OR MORE: 5
MIN 32 OR BELOW: 31 0.50 INCH OR MORE: 1
MIN 0 OR BELOW: 0 1.00 INCH OR MORE: 0
[HDD (BASE 65) ]
TOTAL THIS MO. 1315 CLEAR (SCALE 0-3) 8
DPTR FM NORMAL -254 PTCLDY (SCALE 4-7) 14
TOTAL FM JUL 1 4197 CLOUDY (SCALE 8-10) 9
DPTR FM NORMAL -462
[CDD (BASE 65) ]
TOTAL THIS MO. 0
DPTR FM NORMAL 0 [PRESSURE DATA]
TOTAL FM JAN 1 0 HIGHEST SLP M ON M
DPTR FM NORMAL 0 LOWEST SLP M ON M
[REMARKS]
#FINAL-01-21#
THE PRECIPITATION DATA ARE FROM THE 4 INCH DIAMETER RAIN GAUGE AT COCORAHS STATION MN-BU-23 WITH AN OBSERVATION TIME OF 7AM.