000
CXUS53 KMPX 011947
CF6MKT
PRELIMINARY LOCAL CLIMATOLOGICAL DATA (WS FORM: F-6)
STATION: MANKATO MN
MONTH: FEBRUARY
YEAR: 2022
LATITUDE: 44 13 N
LONGITUDE: 93 55 W
TEMPERATURE IN F: :PCPN: SNOW: WIND :SUNSHINE: SKY :PK WND
================================================================================
1 2 3 4 5 6A 6B 7 8 9 10 11 12 13 14 15 16 17 18
12Z AVG MX 2MIN
DY MAX MIN AVG DEP HDD CDD WTR SNW DPTH SPD SPD DIR MIN PSBL S-S WX SPD DR
================================================================================
1 37 1 19 3 46 0 0.00 M M 19.5 31 300 M M 4 1 44 290
2 4 -8 -2 -18 67 0 T M M 14.5 23 340 M M 0 M M
3 3 -13 -5 -21 70 0 0.00 M M 3.8 9 340 M M 0 M M
4 5 -9 -2 -18 67 0 0.02 M M 12.9 23 310 M M 7 18 31 300
5 30 -6 12 -5 53 0 0.02 M M 11.8 21 180 M M 4 35 180
6 28 0 14 -3 51 0 T M M 12.9 25 310 M M 7 1 33 310
7 21 -5 8 -9 57 0 T M M 8.0 15 150 M M 4 M M
8 42 14 28 10 37 0 0.00 M M 12.2 20 290 M M 3 31 300
9 36 17 27 9 38 0 0.00 M M 21.6 30 320 M M 10 38 300
10 42 9 26 8 39 0 T M M 14.6 27 190 M M 6 1 33 180
11 38 0 19 1 46 0 0.05 M M 22.8 37 300 M M 8 51 290
12 7 -8 0 -19 65 0 T M M 7.3 18 320 M M 5 1 M M
13 10 -5 3 -16 62 0 T M M 8.3 15 170 M M 6 1 23 180
14 16 8 12 -7 53 0 T M M 7.9 15 190 M M 4 M M
15 35 12 24 4 41 0 0.00 M M 13.9 29 130 M M 1 37 130
16 29 14 22 2 43 0 0.00 M M 14.4 23 340 M M 6 1 27 340
17 13 -1 6 -14 59 0 0.00 M M 12.3 22 340 M M 2 32 340
18 40 5 23 2 42 0 0.00 M M 21.9 36 310 M M 6 47 310
19 26 1 14 -7 51 0 T M M 14.0 24 180 M M 1 33 310
20 47 26 37 15 28 0 0.00 M M 14.4 24 190 M M 2 36 190
21 28 16 22 0 43 0 0.00 M M 17.6 22 30 M M 7 31 20
22 16 -1 8 -14 57 0 T M M 19.0 23 20 M M 10 1 35 20
23 5 -9 -2 -25 67 0 0.26 M M 10.2 17 310 M M 3 M M
24 9 -5 2 -21 63 0 0.00 M M 9.2 15 20 M M 8 1 M M
25 12 -4 4 -20 61 0 0.10 M M 7.0 10 260 M M 2 1 M M
26 33 1 17 -7 48 0 0.00 M M 11.6 21 240 M M 0 24 250
27 35 14 25 1 40 0 0.00 M M 7.1 15 290 M M 0 M M
28 47 22 35 10 30 0 0.00 M M 7.5 15 260 M M 0 M M
================================================================================
SM 694 86 1424 0 0.45 M 358.2 M 116
================================================================================
AV 24.8 3.1 12.8 FASTST M M 4 MAX(MPH)
MISC ----> 37 300 51 290
================================================================================
NOTES:
# LAST OF SEVERAL OCCURRENCES
COLUMN 17 PEAK WIND IN M.P.H.
PRELIMINARY LOCAL CLIMATOLOGICAL DATA (WS FORM: F-6) , PAGE 2
STATION: MANKATO MN
MONTH: FEBRUARY
YEAR: 2022
LATITUDE: 44 13 N
LONGITUDE: 93 55 W
[TEMPERATURE DATA] [PRECIPITATION DATA] SYMBOLS USED IN COLUMN 16
AVERAGE MONTHLY: 13.9 TOTAL FOR MONTH: 0.45 1 = FOG OR MIST
DPTR FM NORMAL: -5.9 DPTR FM NORMAL: -0.29 2 = FOG REDUCING VISIBILITY
HIGHEST: 47 ON 28,20 GRTST 24HR 0.26 ON 23-23 TO 1/4 MILE OR LESS
LOWEST: -13 ON 3 3 = THUNDER
SNOW, ICE PELLETS, HAIL 4 = ICE PELLETS
TOTAL MONTH: M 5 = HAIL
GRTST 24HR M ON M 6 = FREEZING RAIN OR DRIZZLE
GRTST DEPTH: M ON M 7 = DUSTSTORM OR SANDSTORM:
VSBY 1/2 MILE OR LESS
8 = SMOKE OR HAZE
[NO. OF DAYS WITH] [WEATHER - DAYS WITH] 9 = BLOWING SNOW
X = TORNADO
MAX 32 OR BELOW: 17 0.01 INCH OR MORE: 5
MAX 90 OR ABOVE: 0 0.10 INCH OR MORE: 2
MIN 32 OR BELOW: 28 0.50 INCH OR MORE: 0
MIN 0 OR BELOW: 14 1.00 INCH OR MORE: 0
[HDD (BASE 65) ]
TOTAL THIS MO. 1424 CLEAR (SCALE 0-3) 12
DPTR FM NORMAL 160 PTCLDY (SCALE 4-7) 14
TOTAL FM JUL 1 5236 CLOUDY (SCALE 8-10) 2
DPTR FM NORMAL -687
[CDD (BASE 65) ]
TOTAL THIS MO. 0
DPTR FM NORMAL 0 [PRESSURE DATA]
TOTAL FM JAN 1 0 HIGHEST SLP M ON M
DPTR FM NORMAL 0 LOWEST SLP M ON M
[REMARKS]
#FINAL-02-22#
THE PRECIPITATION VALUES ARE FROM COCORAHS
STATION MN-BU-23 WITH AN OBSERVATION TIME OF 7 AM.