000
CXUS52 KMLB 010736
CF6MLB
PRELIMINARY LOCAL CLIMATOLOGICAL DATA (WS FORM: F-6)
STATION: MELBOURNE
MONTH: OCTOBER
YEAR: 2020
LATITUDE: 28 6 N
LONGITUDE: 80 39 W
TEMPERATURE IN F: :PCPN: SNOW: WIND :SUNSHINE: SKY :PK WND
================================================================================
1 2 3 4 5 6A 6B 7 8 9 10 11 12 13 14 15 16 17 18
12Z AVG MX 2MIN
DY MAX MIN AVG DEP HDD CDD WTR SNW DPTH SPD SPD DIR MIN PSBL S-S WX SPD DR
================================================================================
1 82 73 78 -1 0 13 0.00 0.0 0 9.9 18 30 M M 7 23 30
2 81 70 76 -3 0 11 0.00 0.0 0 7.8 15 350 M M 3 18 20
3 80 72 76 -3 0 11 0.94 0.0 0 7.5 16 100 M M 8 1 20 100
4 84 74 79 0 0 14 0.01 0.0 0 8.1 18 20 M M 6 24 20
5 85 76 81 3 0 16 0.12 0.0 0 9.8 14 70 M M 5 1 18 50
6 88 79 84 6 0 19 0.00 0.0 0 9.9 17 140 M M 3 23 140
7 87 78 83 5 0 18 0.00 0.0 0 8.3 16 100 M M 1 20 100
8 87 74 81 3 0 16 T 0.0 0 5.8 14 70 M M 2 17 50
9 87 78 83 5 0 18 0.05 0.0 0 10.4 18 110 M M 2 1 26 110
10 85 76 81 3 0 16 1.42 0.0 0 7.9 22 110 M M 4 13 28 120
11 90 75 83 6 0 18 0.17 0.0 0 7.3 24 240 M M 3 13 30 240
12 89 73 81 4 0 16 0.00 0.0 0 6.4 14 290 M M 4 1 16 290
13 86 70 78 1 0 13 0.00 0.0 0 6.3 15 40 M M 2 18 40
14 86 69 78 1 0 13 0.00 0.0 0 6.9 14 40 M M 1 18 50
15 86 71 79 3 0 14 0.00 0.0 0 7.2 15 100 M M 2 19 100
16 87 73 80 4 0 15 0.00 0.0 0 7.1 16 20 M M 2 20 30
17 86 76 81 5 0 16 T 0.0 0 12.9 22 40 M M 2 27 50
18 85 78 82 6 0 17 0.01 0.0 0 17.5 26 50 M M 5 138 37 40
19 84 74 79 4 0 14 0.25 0.0 0 15.9 26 70 M M 7 18 32 70
20 83 77 80 5 0 15 0.08 0.0 0 15.3 24 70 M M 5 138 29 70
21 83 73 78 3 0 13 0.41 0.0 0 12.6 24 120 M M 4 18 33 110
22 84 75 80 5 0 15 0.12 0.0 0 12.5 29 110 M M 5 18 36 110
23 82 74 78 4 0 13 0.53 0.0 0 10.3 18 100 M M 6 1 22 100
24 84 71 78 4 0 13 0.14 0.0 0 8.7 21 140 M M 4 1 26 130
25 83 71 77 3 0 12 0.62 0.0 0 5.2 23 90 M M 5 13 28 80
26 85 71 78 4 0 13 0.00 0.0 0 7.1 17 70 M M 4 1 20 70
27 85 78 82 9 0 17 0.00 0.0 0 9.8 15 100 M M 3 20 100
28 85 78 82 9 0 17 0.01 0.0 0 10.6 17 140 M M 3 1 22 130
29 90 75 83 10 0 18 T 0.0 0 9.2 20 220 M M 2 1 26 220
30 80 69 75 2 0 10 0.01 0.0 0 10.2 21 280 M M 5 1 24 280
31 83 72 78 6 0 13 0.00 0.0 0 12.2 21 100 M M 6 27 100
================================================================================
SM 2632 2293 0 457 4.89 0.0 296.6 M 121
================================================================================
AV 84.9 74.0 9.6 FASTST M M 4 MAX(MPH)
MISC ----> 29 110 37 40
================================================================================
NOTES:
# LAST OF SEVERAL OCCURRENCES
COLUMN 17 PEAK WIND IN M.P.H.
PRELIMINARY LOCAL CLIMATOLOGICAL DATA (WS FORM: F-6) , PAGE 2
STATION: MELBOURNE
MONTH: OCTOBER
YEAR: 2020
LATITUDE: 28 6 N
LONGITUDE: 80 39 W
[TEMPERATURE DATA] [PRECIPITATION DATA] SYMBOLS USED IN COLUMN 16
AVERAGE MONTHLY: 79.4 TOTAL FOR MONTH: 4.89 1 = FOG OR MIST
DPTR FM NORMAL: 3.4 DPTR FM NORMAL: -0.17 2 = FOG REDUCING VISIBILITY
HIGHEST: 90 ON 29,11 GRTST 24HR 1.47 ON 9-10 TO 1/4 MILE OR LESS
LOWEST: 69 ON 30,14 3 = THUNDER
SNOW, ICE PELLETS, HAIL 4 = ICE PELLETS
TOTAL MONTH: 0.0 INCH 5 = HAIL
GRTST 24HR 0.0 6 = FREEZING RAIN OR DRIZZLE
GRTST DEPTH: 0 7 = DUSTSTORM OR SANDSTORM:
VSBY 1/2 MILE OR LESS
8 = SMOKE OR HAZE
[NO. OF DAYS WITH] [WEATHER - DAYS WITH] 9 = BLOWING SNOW
X = TORNADO
MAX 32 OR BELOW: 0 0.01 INCH OR MORE: 16
MAX 90 OR ABOVE: 2 0.10 INCH OR MORE: 10
MIN 32 OR BELOW: 0 0.50 INCH OR MORE: 4
MIN 0 OR BELOW: 0 1.00 INCH OR MORE: 1
[HDD (BASE 65) ]
TOTAL THIS MO. 0 CLEAR (SCALE 0-3) 14
DPTR FM NORMAL -4 PTCLDY (SCALE 4-7) 17
TOTAL FM JUL 1 0 CLOUDY (SCALE 8-10) 0
DPTR FM NORMAL 0
[CDD (BASE 65) ]
TOTAL THIS MO. 457
DPTR FM NORMAL 112 [PRESSURE DATA]
TOTAL FM JAN 1 3674 HIGHEST SLP 30.14 ON 31
DPTR FM NORMAL 637 LOWEST SLP 29.82 ON 29
[REMARKS]
#FINAL-10-20#