000
CXUS54 KTSA 010850
CF6MLC
PRELIMINARY LOCAL CLIMATOLOGICAL DATA (WS FORM: F-6)
STATION: MCALESTER OKLAHOMA
MONTH: MARCH
YEAR: 2024
LATITUDE: 34 52 N
LONGITUDE: 95 47 W
TEMPERATURE IN F: :PCPN: SNOW: WIND :SUNSHINE: SKY :PK WND
================================================================================
1 2 3 4 5 6A 6B 7 8 9 10 11 12 13 14 15 16 17 18
12Z AVG MX 2MIN
DY MAX MIN AVG DEP HDD CDD WTR SNW DPTH SPD SPD DIR MIN PSBL S-S WX SPD DR
================================================================================
1 58 31 45 -4 20 0 0.00 0.0 M 4.0 14 220 M M 5 8 19 210
2 78 47 63 13 2 0 0.00 0.0 M 7.9 16 180 M M 2 28 170
3 80 62 71 21 0 6 0.00 0.0 M 10.8 20 210 M M 3 32 200
4 80 63 72 22 0 7 0.00 0.0 M 8.7 20 200 M M 5 36 200
5 71 52 62 12 3 0 0.00 0.0 M 7.4 15 20 M M 7 21 20
6 78 48 63 12 2 0 0.00 0.0 M 5.3 12 280 M M 5 21 290
7 70 58 64 13 1 0 0.30 0.0 M 8.1 18 180 M M 5 13 33 180
8 65 43 54 2 11 0 0.53 0.0 M 8.8 25 330 M M 8 12 33 330
9 57 31 44 -8 21 0 0.03 0.0 M 8.6 21 350 M M 5 1 27 350
10 65 29 47 -5 18 0 0.00 0.0 M 2.6 10 210 M M 1 17 210
11 70 35 53 1 12 0 0.00 0.0 M 5.8 21 220 M M 1 29 210
12 76 54 65 12 0 0 0.00 0.0 M 10.1 21 180 M M 2 35 190
13 79 62 71 18 0 6 0.00 0.0 M 9.8 18 190 M M 6 32 220
14 77 61 69 16 0 4 0.64 0.0 M 8.3 21 340 M M 8 13 31 160
15 65 44 55 1 10 0 T 0.0 M 10.0 28 360 M M 6 1 39 10
16 66 42 54 0 11 0 0.02 0.0 M 1.5 9 340 M M 6 1 13 340
17 65 49 57 3 8 0 T 0.0 M 10.4 24 360 M M 6 33 10
18 54 30 42 -12 23 0 0.00 0.0 M 8.9 21 350 M M 3 31 10
19 69 28 49 -6 16 0 0.00 0.0 M 8.2 21 220 M M 2 28 200
20 76 44 60 5 5 0 0.00 0.0 M 6.0 15 230 M M 2 23 220
21 68 52 60 5 5 0 0.22 0.0 M 4.0 10 80 M M 7 1 17 70
22 66 49 58 2 7 0 0.31 0.0 M 6.1 22 10 M M 9 1 31 350
23 67 41 54 -2 11 0 0.00 0.0 M 8.4 17 350 M M 3 24 340
24 68 50 59 3 6 0 0.50 0.0 M 10.7 18 250 M M 5 13 36 150
25 68 40 54 -2 11 0 0.34 0.0 M 10.4 23 260 M M 6 13 32 250
26 55 33 44 -13 21 0 0.00 0.0 M 7.2 18 290 M M 2 27 280
27 55 32 44 -13 21 0 T 0.0 M 4.2 16 10 M M 5 22 10
28 70 32 51 -6 14 0 0.00 0.0 M 5.1 16 220 M M 2 23 230
29 78 57 68 10 0 3 0.00 0.0 M 11.5 21 190 M M 2 38 170
30 77 60 69 11 0 4 0.00 0.0 M 9.3 17 220 M M 7 28 190
31 73 67 70 12 0 5 0.00 0.0 M 8.9 17 190 M M 10 28 190
================================================================================
SM 2144 1426 259 35 2.89 0.0 237.0 M 146
================================================================================
AV 69.2 46.0 7.6 FASTST M M 5 MAX(MPH)
MISC ----> 28 360 39 10
================================================================================
NOTES:
# LAST OF SEVERAL OCCURRENCES
COLUMN 17 PEAK WIND IN M.P.H.
PRELIMINARY LOCAL CLIMATOLOGICAL DATA (WS FORM: F-6) , PAGE 2
STATION: MCALESTER OKLAHOMA
MONTH: MARCH
YEAR: 2024
LATITUDE: 34 52 N
LONGITUDE: 95 47 W
[TEMPERATURE DATA] [PRECIPITATION DATA] SYMBOLS USED IN COLUMN 16
AVERAGE MONTHLY: 57.6 TOTAL FOR MONTH: 2.89 1 = FOG OR MIST
DPTR FM NORMAL: 3.7 DPTR FM NORMAL: -0.52 2 = FOG REDUCING VISIBILITY
HIGHEST: 80 ON 4, 3 GRTST 24HR 0.84 ON 24-25 TO 1/4 MILE OR LESS
LOWEST: 28 ON 19 3 = THUNDER
SNOW, ICE PELLETS, HAIL 4 = ICE PELLETS
TOTAL MONTH: 0.0 INCH 5 = HAIL
GRTST 24HR 0.0 6 = FREEZING RAIN OR DRIZZLE
GRTST DEPTH: M ON M 7 = DUSTSTORM OR SANDSTORM:
VSBY 1/2 MILE OR LESS
8 = SMOKE OR HAZE
[NO. OF DAYS WITH] [WEATHER - DAYS WITH] 9 = BLOWING SNOW
X = TORNADO
MAX 32 OR BELOW: 0 0.01 INCH OR MORE: 9
MAX 90 OR ABOVE: 0 0.10 INCH OR MORE: 7
MIN 32 OR BELOW: 7 0.50 INCH OR MORE: 3
MIN 0 OR BELOW: 0 1.00 INCH OR MORE: 0
[HDD (BASE 65) ]
TOTAL THIS MO. 259 CLEAR (SCALE 0-3) 12
DPTR FM NORMAL -105 PTCLDY (SCALE 4-7) 16
TOTAL FM JUL 1 2583 CLOUDY (SCALE 8-10) 3
DPTR FM NORMAL -303
[CDD (BASE 65) ]
TOTAL THIS MO. 35
DPTR FM NORMAL 16 [PRESSURE DATA]
TOTAL FM JAN 1 46 HIGHEST SLP 30.40 ON 18
DPTR FM NORMAL 23 LOWEST SLP 29.38 ON 25
[REMARKS]
#FINAL-03-24#