000
CXUS53 KDVN 011100
CF6MLI
PRELIMINARY LOCAL CLIMATOLOGICAL DATA (WS FORM: F-6)
STATION: MOLINE IL
MONTH: NOVEMBER
YEAR: 2023
LATITUDE: 41 27 N
LONGITUDE: 90 31 W
TEMPERATURE IN F: :PCPN: SNOW: WIND :SUNSHINE: SKY :PK WND
================================================================================
1 2 3 4 5 6A 6B 7 8 9 10 11 12 13 14 15 16 17 18
12Z AVG MX 2MIN
DY MAX MIN AVG DEP HDD CDD WTR SNW DPTH SPD SPD DIR MIN PSBL S-S WX SPD DR
================================================================================
1 44 22 33 -14 32 0 0.00 0.0 0 6.3 17 220 M M 0 24 200
2 58 32 45 -1 20 0 0.00 0.0 0 6.9 16 200 M M 0 22 210
3 57 38 48 2 17 0 0.00 0.0 0 8.0 18 210 M M 2 26 200
4 61 32 47 1 18 0 0.00 0.0 0 2.1 8 330 M M 0 18 11 310
5 64 29 47 2 18 0 0.00 0.0 0 6.7 20 180 M M 0 29 170
6 71 47 59 14 6 0 0.00 0.0 0 12.4 22 270 M M 1 31 210
7 58 38 48 4 17 0 0.00 0.0 0 9.6 21 100 M M 2 28 100
8 56 46 51 7 14 0 0.02 0.0 0 9.2 20 110 M M 9 1 26 100
9 59 34 47 4 18 0 0.00 0.0 0 10.3 29 300 M M 1 37 300
10 46 26 36 -7 29 0 0.00 0.0 0 7.6 18 300 M M 3 26 320
11 52 23 38 -4 27 0 0.00 0.0 0 6.2 17 160 M M 3 23 170
12 62 41 52 10 13 0 0.00 0.0 0 10.4 21 190 M M 3 29 160
13 64 30 47 6 18 0 0.00 0.0 0 3.7 17 310 M M 0 23 300
14 63 24 44 3 21 0 0.00 0.0 0 7.2 21 210 M M 0 29 200
15 68 38 53 13 12 0 0.00 0.0 0 5.4 15 200 M M 0 23 190
16 67 39 53 13 12 0 0.00 0.0 0 11.5 22 210 M M 3 31 200
17 60 26 43 3 22 0 0.00 0.0 0 7.1 23 310 M M 2 31 310
18 58 23 41 2 24 0 0.00 0.0 0 3.4 17 260 M M 0 22 260
19 61 27 44 5 21 0 0.00 0.0 0 6.5 18 80 M M 0 23 90
20 50 42 46 8 19 0 0.27 0.0 0 13.2 24 80 M M 8 1 31 90
21 48 38 43 5 22 0 0.12 0.0 0 12.3 20 310 M M 8 1 28 340
22 45 30 38 1 27 0 0.00 0.0 0 7.9 15 250 M M 3 22 250
23 48 30 39 2 26 0 0.00 0.0 0 8.1 17 320 M M 0 22 10
24 34 25 30 -7 35 0 0.00 0.0 0 8.5 16 10 M M 0 23 20
25 39 24 32 -4 33 0 T T 0 3.1 10 80 M M 6 13 80
26 33 30 32 -4 33 0 0.30 2.6 2 9.3 22 300 M M 9 1 36 310
27 30 17 24 -11 41 0 0.00 0.0 2 14.4 25 270 M M 4 35 270
28 24 11 18 -17 47 0 0.00 0.0 1 7.4 16 300 M M 0 22 300
29 43 21 32 -2 33 0 0.00 0.0 1 4.7 13 230 M M 0 19 230
30 53 27 40 6 25 0 0.00 0.0 T 7.1 20 270 M M 4 26 250
================================================================================
SM 1576 910 700 0 0.71 2.6 236.5 M 71
================================================================================
AV 52.5 30.3 7.9 FASTST M M 2 MAX(MPH)
MISC ----> 29 300 37 300
================================================================================
NOTES:
# LAST OF SEVERAL OCCURRENCES
COLUMN 17 PEAK WIND IN M.P.H.
PRELIMINARY LOCAL CLIMATOLOGICAL DATA (WS FORM: F-6) , PAGE 2
STATION: MOLINE IL
MONTH: NOVEMBER
YEAR: 2023
LATITUDE: 41 27 N
LONGITUDE: 90 31 W
[TEMPERATURE DATA] [PRECIPITATION DATA] SYMBOLS USED IN COLUMN 16
AVERAGE MONTHLY: 41.4 TOTAL FOR MONTH: 0.71 1 = FOG OR MIST
DPTR FM NORMAL: 1.0 DPTR FM NORMAL: -1.59 2 = FOG REDUCING VISIBILITY
HIGHEST: 71 ON 6 GRTST 24HR 0.39 ON 20-21 TO 1/4 MILE OR LESS
LOWEST: 11 ON 28 3 = THUNDER
SNOW, ICE PELLETS, HAIL 4 = ICE PELLETS
TOTAL MONTH: 2.6 INCHES 5 = HAIL
GRTST 24HR 2.6 ON 26-26 6 = FREEZING RAIN OR DRIZZLE
GRTST DEPTH: 2 ON 27,26 7 = DUSTSTORM OR SANDSTORM:
VSBY 1/2 MILE OR LESS
8 = SMOKE OR HAZE
[NO. OF DAYS WITH] [WEATHER - DAYS WITH] 9 = BLOWING SNOW
X = TORNADO
MAX 32 OR BELOW: 2 0.01 INCH OR MORE: 4
MAX 90 OR ABOVE: 0 0.10 INCH OR MORE: 3
MIN 32 OR BELOW: 20 0.50 INCH OR MORE: 0
MIN 0 OR BELOW: 0 1.00 INCH OR MORE: 0
[HDD (BASE 65) ]
TOTAL THIS MO. 700 CLEAR (SCALE 0-3) 20
DPTR FM NORMAL -40 PTCLDY (SCALE 4-7) 8
TOTAL FM JUL 1 1051 CLOUDY (SCALE 8-10) 2
DPTR FM NORMAL -146
[CDD (BASE 65) ]
TOTAL THIS MO. 0
DPTR FM NORMAL -1 [PRESSURE DATA]
TOTAL FM JAN 1 1141 HIGHEST SLP 30.56 ON 24
DPTR FM NORMAL 99 LOWEST SLP 29.63 ON 8
[REMARKS]
#FINAL-11-23#