000
CXUS55 KBYZ 231000
CF6MLS
PRELIMINARY LOCAL CLIMATOLOGICAL DATA (WS FORM: F-6)
STATION: MILES CITY MT
MONTH: APRIL
YEAR: 2024
LATITUDE: 46 25 N
LONGITUDE: 105 53 W
TEMPERATURE IN F: :PCPN: SNOW: WIND :SUNSHINE: SKY :PK WND
================================================================================
1 2 3 4 5 6A 6B 7 8 9 10 11 12 13 14 15 16 17 18
12Z AVG MX 2MIN
DY MAX MIN AVG DEP HDD CDD WTR SNW DPTH SPD SPD DIR MIN PSBL S-S WX SPD DR
================================================================================
1 55 25 40 -1 25 0 0.00 M M 7.8 14 300 M M 4 1 21 260
2 64 29 47 5 18 0 0.00 M M 5.2 13 140 M M 0 16 140
3 76 36 56 14 9 0 0.00 M M 7.5 15 330 M M 0 20 290
4 78 48 63 21 2 0 0.00 M M 17.3 30 140 M M 0 45 140
5 73 49 61 19 4 0 0.00 M M 17.9 30 140 M M 0 41 120
6 53 38 46 3 19 0 0.09 M M 16.0 31 310 M M 6 1 38 310
7 41 37 39 -4 26 0 0.23 M M 16.9 28 310 M M 10 1 36 310
8 51 36 44 1 21 0 0.05 M M 13.0 23 310 M M 8 30 320
9 62 30 46 2 19 0 0.00 M M 11.5 26 290 M M 3 35 310
10 54 30 42 -2 23 0 0.00 M M 18.1 33 310 M M 6 46 310
11 57 26 42 -2 23 0 0.00 M M 5.2 12 290 M M 0 20 290
12 78 37 58 14 7 0 0.00 M M 10.4 20 190 M M 0 25 210
13 76 42 59 14 6 0 0.00 M M 6.7 16 340 M M 0 22 330
14 81 41 61 16 4 0 0.00 M M 8.4 17 170 M M 0 25 140
15 66 46 56 11 9 0 0.00 M M 11.4 23 40 M M 0 26 40
16 65 42 54 8 11 0 0.00 M M 18.4 33 320 M M 4 45 330
17 46 30 38 -8 27 0 T M M 19.8 30 330 M M 8 38 330
18 45 22 34 -12 31 0 T M M 21.1 37 300 M M 5 1 57 290
19 37 20 29 -17 36 0 T M M 13.1 26 330 M M 7 34 330
20 50 19 35 -12 30 0 0.00 M M 5.0 14 340 M M 1 31 300
21 72 26 49 2 16 0 0.01 M M 11.4 30 310 M M 2 39 310
22 62 36 49 2 16 0 0.00 M M 18.5 36 290 M M 3 47 290
================================================================================
SM 1342 745 382 0 0.38 M 280.6 M 67
================================================================================
AV 61.0 33.9 12.8 FASTST M M 3 MAX(MPH)
MISC ----> 37 300 57 290
================================================================================
NOTES:
# LAST OF SEVERAL OCCURRENCES
COLUMN 17 PEAK WIND IN M.P.H.
PRELIMINARY LOCAL CLIMATOLOGICAL DATA (WS FORM: F-6) , PAGE 2
STATION: MILES CITY MT
MONTH: APRIL
YEAR: 2024
LATITUDE: 46 25 N
LONGITUDE: 105 53 W
[TEMPERATURE DATA] [PRECIPITATION DATA] SYMBOLS USED IN COLUMN 16
AVERAGE MONTHLY: 47.4 TOTAL FOR MONTH: 0.38 1 = FOG OR MIST
DPTR FM NORMAL: 3.2 DPTR FM NORMAL: -0.64 2 = FOG REDUCING VISIBILITY
HIGHEST: 81 ON 14 GRTST 24HR 0.29 ON 6- 7 TO 1/4 MILE OR LESS
LOWEST: 19 ON 20 3 = THUNDER
SNOW, ICE PELLETS, HAIL 4 = ICE PELLETS
TOTAL MONTH: M 5 = HAIL
GRTST 24HR M ON M 6 = FREEZING RAIN OR DRIZZLE
GRTST DEPTH: M ON M 7 = DUSTSTORM OR SANDSTORM:
VSBY 1/2 MILE OR LESS
8 = SMOKE OR HAZE
[NO. OF DAYS WITH] [WEATHER - DAYS WITH] 9 = BLOWING SNOW
X = TORNADO
MAX 32 OR BELOW: 0 0.01 INCH OR MORE: 4
MAX 90 OR ABOVE: 0 0.10 INCH OR MORE: 1
MIN 32 OR BELOW: 10 0.50 INCH OR MORE: 0
MIN 0 OR BELOW: 0 1.00 INCH OR MORE: 0
[HDD (BASE 65) ]
TOTAL THIS MO. 382 CLEAR (SCALE 0-3) 13
DPTR FM NORMAL -73 PTCLDY (SCALE 4-7) 7
TOTAL FM JUL 1 6446 CLOUDY (SCALE 8-10) 2
DPTR FM NORMAL -597
[CDD (BASE 65) ]
TOTAL THIS MO. 0
DPTR FM NORMAL 0 [PRESSURE DATA]
TOTAL FM JAN 1 0 HIGHEST SLP M ON M
DPTR FM NORMAL 0 LOWEST SLP 29.43 ON 5
[REMARKS]