000
CXUS51 KCAR 010700
CF6MLT
PRELIMINARY LOCAL CLIMATOLOGICAL DATA (WS FORM: F-6)
STATION: MILLINOCKET ME
MONTH: JANUARY
YEAR: 2023
LATITUDE: 45 39 N
LONGITUDE: 68 41 W
TEMPERATURE IN F: :PCPN: SNOW: WIND :SUNSHINE: SKY :PK WND
================================================================================
1 2 3 4 5 6A 6B 7 8 9 10 11 12 13 14 15 16 17 18
12Z AVG MX 2MIN
DY MAX MIN AVG DEP HDD CDD WTR SNW DPTH SPD SPD DIR MIN PSBL S-S WX SPD DR
================================================================================
1 41 32 37 19 28 0 0.39 M M 3.9 16 310 M M 9 12 23 310
2 36 29 33 15 32 0 0.00 M M 4.0 15 300 M M 8 25 310
3 39 31 35 17 30 0 0.00 M M 0.8 6 170 M M 10 10 150
4 43 29 36 19 29 0 0.01 M M 4.6 16 60 M M 8 1 25 60
5 29 19 24 7 41 0 0.28 M M 6.7 17 70 M M 10 12 25 60
6 28 22 25 8 40 0 T M M 1.5 7 70 M M 10 1 9 90
7 37 17 27 10 38 0 T M M 5.9 20 310 M M 10 1 31 310
8 25 10 18 2 47 0 0.00 M M 6.1 20 310 M M 1 1 32 310
9 27 15 21 5 44 0 0.02 M M 3.4 12 330 M M 6 1 16 290
10 27 10 19 3 46 0 T M M 6.8 16 310 M M 7 1 29 280
11 24 -3 11 -5 54 0 0.00 M M 1.5 7 330 M M 0 1 12 20
12 27 2 15 -1 50 0 0.15 M M 0.6 6 90 M M 8 1 9 100
13 34 27 31 15 34 0 1.30 M M 6.5 13 290 M M 10 16 22 310
14 30 22 26 11 39 0 T M M 10.3 16 20 M M 10 1 25 10
15 25 16 21 6 44 0 0.00 M M 11.9 20 10 M M 3 32 360
16 32 22 27 12 38 0 0.69 M M 12.3 21 360 M M 10 16 32 360
17 34 24 29 14 36 0 0.01 M M 7.9 15 310 M M 9 18 21 250
18 39 28 34 19 31 0 0.00 M M 8.7 20 310 M M 4 8 32 310
19 35 28 32 17 33 0 0.00 M M 8.4 16 310 M M 4 29 290
20 28 20 24 10 41 0 0.11 M M 7.7 14 10 M M 10 1 23 10
21 25 5 15 1 50 0 0.00 M M 5.3 14 310 M M 4 19 360
22 28 1 15 1 50 0 0.02 M M 2.4 8 160 M M 7 1 17 230
23 29 22 26 12 39 0 0.09 M M 8.0 20 350 M M 8 1 30 330
24 37 23 30 16 35 0 T M M 8.3 25 300 M M 8 38 300
25 23 4 14 0 51 0 0.15 M M 4.4 13 300 M M 3 1 21 300
26 33 14 24 10 41 0 0.94 M M 8.3 21 310 M M 9 126 28 290
27 28 4 16 2 49 0 T M M 3.9 16 290 M M 2 1 27 290
28 35 2 19 5 46 0 T M M 3.7 16 270 M M 7 1 30 250
29 34 19 27 13 38 0 0.24 M M 3.6 9 90 M M 9 128 13 270
30 34 11 23 9 42 0 T M M 4.3 18 300 M M 6 1 26 290
31 23 -2 11 -3 54 0 T M M 5.9 22 310 M M 6 1 30 310
================================================================================
SM 969 503 1270 0 4.40 M 177.6 M 216
================================================================================
AV 31.3 16.2 5.7 FASTST M M 7 MAX(MPH)
MISC ----> 25 300 38 300
================================================================================
NOTES:
# LAST OF SEVERAL OCCURRENCES
COLUMN 17 PEAK WIND IN M.P.H.
PRELIMINARY LOCAL CLIMATOLOGICAL DATA (WS FORM: F-6) , PAGE 2
STATION: MILLINOCKET ME
MONTH: JANUARY
YEAR: 2023
LATITUDE: 45 39 N
LONGITUDE: 68 41 W
[TEMPERATURE DATA] [PRECIPITATION DATA] SYMBOLS USED IN COLUMN 16
AVERAGE MONTHLY: 23.7 TOTAL FOR MONTH: 4.40 1 = FOG OR MIST
DPTR FM NORMAL: 8.2 DPTR FM NORMAL: 1.70 2 = FOG REDUCING VISIBILITY
HIGHEST: 43 ON 4 GRTST 24HR 1.30 ON 13-13 TO 1/4 MILE OR LESS
LOWEST: -3 ON 11 3 = THUNDER
SNOW, ICE PELLETS, HAIL 4 = ICE PELLETS
TOTAL MONTH: M 5 = HAIL
GRTST 24HR M ON M 6 = FREEZING RAIN OR DRIZZLE
GRTST DEPTH: M ON M 7 = DUSTSTORM OR SANDSTORM:
VSBY 1/2 MILE OR LESS
8 = SMOKE OR HAZE
[NO. OF DAYS WITH] [WEATHER - DAYS WITH] 9 = BLOWING SNOW
X = TORNADO
MAX 32 OR BELOW: 17 0.01 INCH OR MORE: 14
MAX 90 OR ABOVE: 0 0.10 INCH OR MORE: 9
MIN 32 OR BELOW: 31 0.50 INCH OR MORE: 3
MIN 0 OR BELOW: 2 1.00 INCH OR MORE: 1
[HDD (BASE 65) ]
TOTAL THIS MO. 1270 CLEAR (SCALE 0-3) 5
DPTR FM NORMAL -266 PTCLDY (SCALE 4-7) 12
TOTAL FM JUL 1 3826 CLOUDY (SCALE 8-10) 14
DPTR FM NORMAL -812
[CDD (BASE 65) ]
TOTAL THIS MO. 0
DPTR FM NORMAL 0 [PRESSURE DATA]
TOTAL FM JAN 1 0 HIGHEST SLP 30.44 ON 12
DPTR FM NORMAL 0 LOWEST SLP 29.14 ON 26
[REMARKS]
#FINAL-01-23#