000
CXUS56 KPQR 011550
CLMMMV
CLIMATE REPORT
NATIONAL WEATHER SERVICE PORTLAND OREGON
850 AM PDT SAT JUL 01 2023
...................................
...THE MCMINNVILLE OR CLIMATE SUMMARY FOR THE MONTH OF JUNE 2023...
CLIMATE NORMAL PERIOD 1991 TO 2020
CLIMATE RECORD PERIOD 1894 TO 2023
WEATHER OBSERVED NORMAL DEPART LAST YEAR`S
VALUE DATE(S) VALUE FROM VALUE DATE(S)
NORMAL
................................................................
TEMPERATURE (F)
HIGHEST 92 97 06/26
LOWEST 36 43 06/23
AVG. MAXIMUM 77.7 73.7 4.0 72.4
AVG. MINIMUM 47.3 48.3 -1.0 50.7
MEAN 62.5 61.0 1.5 61.5
DAYS MAX >= 90 1 1.8 -0.8 2
DAYS MAX <= 32 0 0.0 0.0 0
DAYS MIN <= 32 0 0.0 0.0 0
DAYS MIN <= 0 0 0.0 0.0 0
PRECIPITATION (INCHES)
RECORD
MAXIMUM 3.76 1913
MINIMUM T 1965
TOTALS 0.36 1.32 -0.96 2.93
DAYS >= .01 3 8.0 -5.0 11
DAYS >= .10 2 3.8 -1.8 5
DAYS >= .50 0 0.3 -0.3 2
DAYS >= 1.00 0 0.0 0.0 1
GREATEST
24 HR. TOTAL 0.24 06/19 TO 06/19
DEGREE DAYS
HEATING TOTAL 104 145 -41 134
SINCE 7/1 4616 4693 -77 MM
COOLING TOTAL 35 25 10 35
SINCE 1/1 79 34 45 MM
................................................................
WIND (MPH)
AVERAGE WIND SPEED 5.6
RESULTANT WIND SPEED/DIRECTION 2/290
HIGHEST WIND SPEED/DIRECTION 23/030 DATE 06/05
HIGHEST GUST SPEED/DIRECTION 29/020 DATE 06/05
SKY COVER
POSSIBLE SUNSHINE (PERCENT) MM
AVERAGE SKY COVER 0.19
AVERAGE RH (PERCENT) 63
WEATHER CONDITIONS. NUMBER OF DAYS WITH
THUNDERSTORM 1 MIXED PRECIP 0
HEAVY RAIN 1 RAIN 1
LIGHT RAIN 3 FREEZING RAIN 0
LT FREEZING RAIN 0 HAIL 0
HEAVY SNOW 0 SNOW 0
LIGHT SNOW 0 SLEET 0
FOG 3 FOG W/VIS <= 1/4 MILE 0
HAZE 3
- INDICATES NEGATIVE NUMBERS.
R INDICATES RECORD WAS SET OR TIED.
MM INDICATES DATA IS MISSING.
T INDICATES TRACE AMOUNT.
$$