000
CXUS55 KBOU 010759
CF6MNH
PRELIMINARY LOCAL CLIMATOLOGICAL DATA (WS FORM: F-6)
STATION: ELBERT 6W CO
MONTH: MAY
YEAR: 2020
LATITUDE: 39 13 N
LONGITUDE: 104 38 W
TEMPERATURE IN F: :PCPN: SNOW: WIND :SUNSHINE: SKY :PK WND
================================================================================
1 2 3 4 5 6A 6B 7 8 9 10 11 12 13 14 15 16 17 18
12Z AVG MX 2MIN
DY MAX MIN AVG DEP HDD CDD WTR SNW DPTH SPD SPD DIR MIN PSBL S-S WX SPD DR
================================================================================
1 77 41 59 M 6 0 M M M 10.5 20 160 M M 0 29 160
2 61 43 52 M 13 0 M M M 11.3 23 150 M M 7 123 28 150
3 70 43 57 M 8 0 M M M 10.1 18 330 M M 5 3 27 330
4 61 32 47 M 18 0 M M M 10.6 21 30 M M 2 30 30
5 61 32 47 M 18 0 M M M 5.6 12 30 M M 0 M M
6 61 28 45 M 20 0 M M M 14.5 27 150 M M 0 31 150
7 61 32 47 M 18 0 M M M 10.9 25 10 M M 1 36 10
8 50 30 40 M 25 0 M M M 15.3 30 160 M M 4 35 160
9 54 32 43 M 22 0 M M M 11.5 20 340 M M 5 25 360
10 57 28 43 M 22 0 M M M 10.6 22 180 M M 0 28 180
11 48 30 39 M 26 0 M M M 8.7 17 170 M M 1 20 180
12 68 32 50 M 15 0 M M M 12.1 22 180 M M 2 12 27 180
13 73 37 55 M 10 0 M M M 9.6 18 230 M M 0 32 260
14 68 36 52 M 13 0 M M M 8.4 20 180 M M 4 2 28 140
15 64 37 51 M 14 0 M M M 9.5 20 350 M M 4 3 27 160
16 59 39 49 M 16 0 M M M 5.6 12 50 M M 6 1 17 60
17 70 37 54 M 11 0 M M M 9.3 18 190 M M 1 25 190
18 81 45 63 M 2 0 M M M 11.2 23 140 M M 0 31 140
19 81 48 65 M 0 0 M M M 14.2 24 150 M M 0 46 160
20 77 45 61 M 4 0 M M M 19.0 35 170 M M 1 3 50 170
21 66 36 51 M 14 0 M M M 8.2 15 120 M M 0 23 120
22 72 41 57 M 8 0 M M M 13.1 25 180 M M 0 33 180
23 73 41 57 M 8 0 M M M 11.3 21 20 M M 0 25 20
24 52 32 42 M 23 0 M M M 8.5 20 360 M M 8 3 27 360
25 54 32 43 M 22 0 M M M 8.2 14 20 M M 3 17 330
26 68 36 52 M 13 0 M M M 8.2 14 360 M M 0 21 20
27 72 43 58 M 7 0 M M M 6.8 13 190 M M 4 3 18 30
28 66 45 56 M 9 0 M M M 8.0 14 300 M M 5 3 18 140
29 79 45 62 M 3 0 M M M 8.9 15 180 M M 2 3 22 190
30 75 52 64 M 1 0 M M M 8.7 16 220 M M 1 3 20 220
31 79 54 67 M 0 2 0.44 0.0 0 8.4 17 270 M M 2 3 32 90
================================================================================
SM 2058 1184 389 2 0.44 0.0 316.8 M 68
================================================================================
AV 66.4 38.2 10.2 FASTST M M 2 MAX(MPH)
MISC ----> # 35 170 # 50 170
================================================================================
NOTES:
# LAST OF SEVERAL OCCURRENCES
COLUMN 17 PEAK WIND IN M.P.H.
PRELIMINARY LOCAL CLIMATOLOGICAL DATA (WS FORM: F-6) , PAGE 2
STATION: ELBERT 6W CO
MONTH: MAY
YEAR: 2020
LATITUDE: 39 13 N
LONGITUDE: 104 38 W
[TEMPERATURE DATA] [PRECIPITATION DATA] SYMBOLS USED IN COLUMN 16
AVERAGE MONTHLY: 52.3 TOTAL FOR MONTH: 0.44 1 = FOG OR MIST
DPTR FM NORMAL: M DPTR FM NORMAL: M 2 = FOG REDUCING VISIBILITY
HIGHEST: 81 ON 19,18 GRTST 24HR 0.44 ON 31-31 TO 1/4 MILE OR LESS
LOWEST: 28 ON 10, 6 3 = THUNDER
SNOW, ICE PELLETS, HAIL 4 = ICE PELLETS
TOTAL MONTH: 0.0 INCH 5 = HAIL
GRTST 24HR 0.0 6 = FREEZING RAIN OR DRIZZLE
GRTST DEPTH: 0 7 = DUSTSTORM OR SANDSTORM:
VSBY 1/2 MILE OR LESS
8 = SMOKE OR HAZE
[NO. OF DAYS WITH] [WEATHER - DAYS WITH] 9 = BLOWING SNOW
X = TORNADO
MAX 32 OR BELOW: 0 0.01 INCH OR MORE: 1
MAX 90 OR ABOVE: 0 0.10 INCH OR MORE: 1
MIN 32 OR BELOW: 11 0.50 INCH OR MORE: 0
MIN 0 OR BELOW: 0 1.00 INCH OR MORE: 0
[HDD (BASE 65) ]
TOTAL THIS MO. 389 CLEAR (SCALE 0-3) 21
DPTR FM NORMAL M PTCLDY (SCALE 4-7) 10
TOTAL FM JUL 1 7183 CLOUDY (SCALE 8-10) 0
DPTR FM NORMAL M
[CDD (BASE 65) ]
TOTAL THIS MO. 2
DPTR FM NORMAL M [PRESSURE DATA]
TOTAL FM JAN 1 2 HIGHEST SLP M ON M
DPTR FM NORMAL M LOWEST SLP M ON M
[REMARKS]
#FINAL-05-20#