000
CXUS56 KSTO 020144
CF6MOD
PRELIMINARY LOCAL CLIMATOLOGICAL DATA (WS FORM: F-6)
STATION: MODESTO CA
MONTH: APRIL
YEAR: 2020
LATITUDE: 37 37 N
LONGITUDE: 120 57 W
TEMPERATURE IN F: :PCPN: SNOW: WIND :SUNSHINE: SKY :PK WND
================================================================================
1 2 3 4 5 6A 6B 7 8 9 10 11 12 13 14 15 16 17 18
12Z AVG MX 2MIN
DY MAX MIN AVG DEP HDD CDD WTR SNW DPTH SPD SPD DIR MIN PSBL S-S WX SPD DR
================================================================================
1 67 49 58 -1 7 0 0.00 0.0 0 11.3 20 320 M M 0 26 350
2 68 43 56 -3 9 0 0.00 0.0 0 12.0 22 320 M M 0 29 330
3 69 42 56 -4 9 0 0.00 0.0 0 8.1 18 300 M M 0 22 310
4 63 42 53 -7 12 0 T 0.0 0 4.6 15 120 M M 6 20 150
5 59 46 53 -7 12 0 0.88 0.0 0 8.0 18 150 M M 10 13 30 130
6 59 40 50 -10 15 0 0.10 0.0 0 3.1 12 90 M M 6 1 15 90
7 66 41 54 -6 11 0 0.00 0.0 0 7.8 20 300 M M 1 1 24 310
8 68 51 60 0 5 0 0.00 0.0 0 4.9 10 110 M M 5 16 140
9 62 50 56 -4 9 0 0.03 0.0 0 8.4 16 140 M M 9 1 22 150
10 68 51 60 -1 5 0 0.01 0.0 0 6.6 14 300 M M 5 1 17 290
11 74 49 62 1 3 0 0.00 0.0 0 5.2 13 340 M M 2 16 350
12 71 50 61 0 4 0 0.00 0.0 0 7.6 14 340 M M 3 19 330
13 74 50 62 1 3 0 0.00 0.0 0 8.6 20 300 M M 0 26 320
14 78 46 62 0 3 0 0.00 0.0 0 5.6 14 340 M M 0 18 340
15 84 46 65 3 0 0 0.00 0.0 0 3.6 8 80 M M 0 12 310
16 78 53 66 4 0 1 0.00 0.0 0 7.7 14 330 M M 0 16 360
17 73 53 63 1 2 0 T 0.0 0 7.2 14 330 M M 3 19 330
18 70 54 62 0 3 0 0.00 0.0 0 6.5 14 350 M M 7 17 360
19 74 52 63 0 2 0 0.00 0.0 0 8.1 15 320 M M 3 20 330
20 72 53 63 0 2 0 0.00 0.0 0 7.8 17 310 M M 6 8 22 310
21 77 49 63 0 2 0 0.00 0.0 0 9.1 18 300 M M 0 8 24 320
22 85 48 67 4 0 2 0.00 0.0 0 7.9 20 330 M M 0 24 330
23 85 60 73 9 0 8 0.00 0.0 0 14.0 24 320 M M 0 34 310
24 91 60 76 12 0 11 0.00 0.0 0 11.4 20 320 M M 0 28 290
25 91 57 74 10 0 9 0.00 0.0 0 8.6 16 330 M M 0 22 330
26 87 57 72 8 0 7 0.00 0.0 0 8.8 20 300 M M 0 24 300
27 87 57 72 7 0 7 0.00 0.0 0 11.2 22 330 M M 0 27 330
28 91 60 76 11 0 11 0.00 0.0 0 7.2 15 340 M M 0 21 320
29 83 62 73 8 0 8 0.00 0.0 0 8.8 17 320 M M 0 23 300
30 85 57 71 6 0 6 0.00 0.0 0 11.5 23 300 M M 0 27 300
================================================================================
SM 2259 1528 118 70 1.02 0.0 241.2 M 66
================================================================================
AV 75.3 50.9 8.0 FASTST M M 2 MAX(MPH)
MISC ----> # 24 320 # 34 310
================================================================================
NOTES:
# LAST OF SEVERAL OCCURRENCES
COLUMN 17 PEAK WIND IN M.P.H.
PRELIMINARY LOCAL CLIMATOLOGICAL DATA (WS FORM: F-6) , PAGE 2
STATION: MODESTO CA
MONTH: APRIL
YEAR: 2020
LATITUDE: 37 37 N
LONGITUDE: 120 57 W
[TEMPERATURE DATA] [PRECIPITATION DATA] SYMBOLS USED IN COLUMN 16
AVERAGE MONTHLY: 63.1 TOTAL FOR MONTH: 1.02 1 = FOG OR MIST
DPTR FM NORMAL: 1.1 DPTR FM NORMAL: 0.05 2 = FOG REDUCING VISIBILITY
HIGHEST: 91 ON 28,25 GRTST 24HR 0.88 ON 5- 5 TO 1/4 MILE OR LESS
LOWEST: 40 ON 6 3 = THUNDER
SNOW, ICE PELLETS, HAIL 4 = ICE PELLETS
TOTAL MONTH: 0.0 INCH 5 = HAIL
GRTST 24HR 0.0 6 = FREEZING RAIN OR DRIZZLE
GRTST DEPTH: 0 7 = DUSTSTORM OR SANDSTORM:
VSBY 1/2 MILE OR LESS
8 = SMOKE OR HAZE
[NO. OF DAYS WITH] [WEATHER - DAYS WITH] 9 = BLOWING SNOW
X = TORNADO
MAX 32 OR BELOW: 0 0.01 INCH OR MORE: 4
MAX 90 OR ABOVE: 3 0.10 INCH OR MORE: 2
MIN 32 OR BELOW: 0 0.50 INCH OR MORE: 1
MIN 0 OR BELOW: 0 1.00 INCH OR MORE: 0
[HDD (BASE 65) ]
TOTAL THIS MO. 118 CLEAR (SCALE 0-3) 21
DPTR FM NORMAL -11 PTCLDY (SCALE 4-7) 7
TOTAL FM JUL 1 2030 CLOUDY (SCALE 8-10) 2
DPTR FM NORMAL -104
[CDD (BASE 65) ]
TOTAL THIS MO. 70
DPTR FM NORMAL 31 [PRESSURE DATA]
TOTAL FM JAN 1 70 HIGHEST SLP 30.27 ON 22
DPTR FM NORMAL 26 LOWEST SLP 29.65 ON 5
[REMARKS]
#FINAL-04-20#