000
CXUS51 KBTV 010700
CF6MPV
PRELIMINARY LOCAL CLIMATOLOGICAL DATA (WS FORM: F-6)
STATION: MONTPELIER VT
MONTH: MAY
YEAR: 2022
LATITUDE: 44 12 N
LONGITUDE: 72 34 W
TEMPERATURE IN F: :PCPN: SNOW: WIND :SUNSHINE: SKY :PK WND
================================================================================
1 2 3 4 5 6A 6B 7 8 9 10 11 12 13 14 15 16 17 18
12Z AVG MX 2MIN
DY MAX MIN AVG DEP HDD CDD WTR SNW DPTH SPD SPD DIR MIN PSBL S-S WX SPD DR
================================================================================
1 69 30 50 2 15 0 0.00 M M 2.4 13 10 M M 0 15 10
2 56 37 47 -2 18 0 0.03 M M 3.8 16 180 M M 6 20 200
3 58 47 53 4 12 0 0.07 M M 8.3 16 160 M M 10 20 150
4 53 48 51 2 14 0 0.03 M M 4.8 15 170 M M 10 18 20 160
5 60 40 50 0 15 0 0.00 M M 7.4 18 300 M M 2 18 25 350
6 63 35 49 -1 16 0 0.00 M M 5.3 18 360 M M 1 22 300
7 59 34 47 -4 18 0 0.00 M M 4.7 14 50 M M 0 18 30
8 66 31 49 -2 16 0 0.00 M M 3.0 14 60 M M 0 18 60
9 74 32 53 2 12 0 0.00 M M 4.8 14 80 M M 0 18 40
10 78 34 56 4 9 0 0.00 M M 3.9 12 170 M M 0 14 30
11 83 39 61 9 4 0 0.00 M M 2.2 9 340 M M 0 12 340
12 87 43 65 13 0 0 0.00 M M 4.8 14 180 M M 0 18 180
13 87 55 71 18 0 6 0.00 M M 4.7 15 170 M M 0 21 200
14 87 58 73 20 0 8 0.05 M M 4.3 22 150 M M 3 13 28 150
15 76 60 68 15 0 3 0.69 M M 2.2 10 260 M M 6 123 17 270
16 81 56 69 15 0 4 0.74 M M 5.7 23 220 M M 7 123 37 220
17 66 48 57 3 8 0 0.14 M M 10.0 21 310 M M 8 35 280
18 62 41 52 -2 13 0 0.00 M M 7.7 21 300 M M 1 29 300
19 55 38 47 -7 18 0 0.13 M M 4.2 21 170 M M 8 18 27 150
20 78 47 63 8 2 0 T M M 8.6 22 160 M M 5 128 28 160
21 90 61 76 21 0 11 0.00 M M 7.9 18 160 M M 5 25 230
22 86 55 71 16 0 6 T M M 7.2 17 320 M M 4 18 25 260
23 64 44 54 -2 11 0 T M M 7.5 17 20 M M 3 22 20
24 68 38 53 -3 12 0 T M M 1.8 9 350 M M 3 128 13 340
25 75 43 59 3 6 0 0.00 M M 1.2 9 360 M M 2 13 340
26 76 53 65 9 0 0 T M M 9.4 24 160 M M 3 33 170
27 79 63 71 14 0 6 0.00 M M 9.8 15 180 M M 6 16 210
28 77 50 64 7 1 0 0.08 M M 8.1 23 310 M M 4 1 32 310
29 77 48 63 6 2 0 0.00 M M 2.3 12 310 M M 1 19 20
30 83 50 67 9 0 2 0.00 M M 3.6 12 310 M M 1 16 250
31 77 59 68 10 0 3 T M M 5.4 14 50 M M 4 21 310
================================================================================
SM 2250 1417 222 49 1.96 M 167.0 M 103
================================================================================
AV 72.6 45.7 5.4 FASTST M M 3 MAX(MPH)
MISC ----> 24 160 37 220
================================================================================
NOTES:
# LAST OF SEVERAL OCCURRENCES
COLUMN 17 PEAK WIND IN M.P.H.
PRELIMINARY LOCAL CLIMATOLOGICAL DATA (WS FORM: F-6) , PAGE 2
STATION: MONTPELIER VT
MONTH: MAY
YEAR: 2022
LATITUDE: 44 12 N
LONGITUDE: 72 34 W
[TEMPERATURE DATA] [PRECIPITATION DATA] SYMBOLS USED IN COLUMN 16
AVERAGE MONTHLY: 59.1 TOTAL FOR MONTH: 1.96 1 = FOG OR MIST
DPTR FM NORMAL: 5.8 DPTR FM NORMAL: -1.56 2 = FOG REDUCING VISIBILITY
HIGHEST: 90 ON 21 GRTST 24HR 0.75 ON 16-17 TO 1/4 MILE OR LESS
LOWEST: 30 ON 1 3 = THUNDER
SNOW, ICE PELLETS, HAIL 4 = ICE PELLETS
TOTAL MONTH: M 5 = HAIL
GRTST 24HR M ON M 6 = FREEZING RAIN OR DRIZZLE
GRTST DEPTH: M ON M 7 = DUSTSTORM OR SANDSTORM:
VSBY 1/2 MILE OR LESS
8 = SMOKE OR HAZE
[NO. OF DAYS WITH] [WEATHER - DAYS WITH] 9 = BLOWING SNOW
X = TORNADO
MAX 32 OR BELOW: 0 0.01 INCH OR MORE: 9
MAX 90 OR ABOVE: 1 0.10 INCH OR MORE: 4
MIN 32 OR BELOW: 3 0.50 INCH OR MORE: 2
MIN 0 OR BELOW: 0 1.00 INCH OR MORE: 0
[HDD (BASE 65) ]
TOTAL THIS MO. 222 CLEAR (SCALE 0-3) 16
DPTR FM NORMAL -147 PTCLDY (SCALE 4-7) 13
TOTAL FM JUL 1 7112 CLOUDY (SCALE 8-10) 2
DPTR FM NORMAL -1100
[CDD (BASE 65) ]
TOTAL THIS MO. 49
DPTR FM NORMAL 41 [PRESSURE DATA]
TOTAL FM JAN 1 49 HIGHEST SLP M ON M
DPTR FM NORMAL 40 LOWEST SLP 29.47 ON 16
[REMARKS]
#FINAL-05-22#