000
CXUS51 KBTV 010700
CF6MPV
PRELIMINARY LOCAL CLIMATOLOGICAL DATA (WS FORM: F-6)
STATION: MONTPELIER VT
MONTH: SEPTEMBER
YEAR: 2020
LATITUDE: 44 12 N
LONGITUDE: 72 34 W
TEMPERATURE IN F: :PCPN: SNOW: WIND :SUNSHINE: SKY :PK WND
================================================================================
1 2 3 4 5 6A 6B 7 8 9 10 11 12 13 14 15 16 17 18
12Z AVG MX 2MIN
DY MAX MIN AVG DEP HDD CDD WTR SNW DPTH SPD SPD DIR MIN PSBL S-S WX SPD DR
================================================================================
1 73 45 59 -3 6 0 T M M 7.3 20 160 M M 9 12 26 170
2 68 59 64 2 1 0 0.22 M M 11.5 23 180 M M 9 1 33 170
3 75 56 66 4 0 1 T M M 2.9 9 300 M M 2 12 14 280
4 71 56 64 2 1 0 0.00 M M 6.5 17 300 M M 3 26 310
5 70 47 59 -2 6 0 0.00 M M 5.3 16 290 M M 3 23 290
6 68 43 56 -5 9 0 T M M 2.7 13 300 M M 1 12 17 310
7 76 45 61 0 4 0 T M M 11.4 28 170 M M 4 1 39 160
8 79 57 68 8 0 3 0.00 M M 3.3 12 170 M M 4 14 170
9 86 60 73 13 0 8 0.00 M M 3.1 12 170 M M 3 12 16 200
10 84 55 70 10 0 5 0.00 M M 5.5 15 340 M M 6 12 20 340
11 62 40 51 -8 14 0 T M M 6.2 15 30 M M 5 19 50
12 68 38 53 -6 12 0 0.00 M M 5.3 16 180 M M 4 12 21 190
13 69 48 59 0 6 0 0.02 M M 7.7 22 170 M M 3 29 140
14 63 40 52 -6 13 0 0.00 M M 10.2 21 300 M M 5 30 340
15 60 34 47 -11 18 0 0.00 M M 1.9 8 310 M M 1 12 12 130
16 75 44 60 3 5 0 0.00 M M 10.6 21 170 M M 0 29 230
17 63 44 54 -3 11 0 0.01 M M 1.8 13 220 M M 7 1 19 220
18 59 32 46 -11 19 0 0.00 M M 6.0 17 350 M M 1 1 24 340
19 53 27 40 -16 25 0 0.00 M M 4.2 15 300 M M 1 20 360
20 57 27 42 -14 23 0 T M M 2.7 15 310 M M 2 12 21 310
21 61 26 44 -11 21 0 0.00 M M 1.3 7 360 M M 1 12 10 20
22 64 28 46 -9 19 0 T M M 5.8 17 340 M M 1 12 23 350
23 69 45 57 3 8 0 0.00 M M 7.2 22 310 M M 4 27 310
24 75 45 60 6 5 0 0.02 M M 2.8 15 300 M M 3 1 21 300
25 76 49 63 9 2 0 0.01 M M 1.2 5 99 M M 6 12 M M
26 78 48 63 10 2 0 0.00 M M 6.5 16 170 M M 3 12 21 180
27 75 63 69 16 0 4 0.00 M M 9.7 18 170 M M 7 26 150
28 73 63 68 16 0 3 0.06 M M 9.0 24 180 M M 7 1 31 170
29 79 58 69 17 0 4 0.60 M M 9.4 23 170 M M 6 1 29 180
30 62 53 58 6 7 0 2.81 M M 7.9 16 210 M M 7 1 24 250
================================================================================
SM 2091 1375 237 28 3.75 M 176.9 M 118
================================================================================
AV 69.7 45.8 5.9 FASTST M M 4 MAX(MPH)
MISC ----> 28 170 39 160
================================================================================
NOTES:
# LAST OF SEVERAL OCCURRENCES
COLUMN 17 PEAK WIND IN M.P.H.
PRELIMINARY LOCAL CLIMATOLOGICAL DATA (WS FORM: F-6) , PAGE 2
STATION: MONTPELIER VT
MONTH: SEPTEMBER
YEAR: 2020
LATITUDE: 44 12 N
LONGITUDE: 72 34 W
[TEMPERATURE DATA] [PRECIPITATION DATA] SYMBOLS USED IN COLUMN 16
AVERAGE MONTHLY: 57.8 TOTAL FOR MONTH: 3.75 1 = FOG OR MIST
DPTR FM NORMAL: 0.4 DPTR FM NORMAL: 0.63 2 = FOG REDUCING VISIBILITY
HIGHEST: 86 ON 9 GRTST 24HR 3.41 ON 29-30 TO 1/4 MILE OR LESS
LOWEST: 26 ON 21 3 = THUNDER
SNOW, ICE PELLETS, HAIL 4 = ICE PELLETS
TOTAL MONTH: M 5 = HAIL
GRTST 24HR M ON M 6 = FREEZING RAIN OR DRIZZLE
GRTST DEPTH: M ON M 7 = DUSTSTORM OR SANDSTORM:
VSBY 1/2 MILE OR LESS
8 = SMOKE OR HAZE
[NO. OF DAYS WITH] [WEATHER - DAYS WITH] 9 = BLOWING SNOW
X = TORNADO
MAX 32 OR BELOW: 0 0.01 INCH OR MORE: 8
MAX 90 OR ABOVE: 0 0.10 INCH OR MORE: 3
MIN 32 OR BELOW: 5 0.50 INCH OR MORE: 2
MIN 0 OR BELOW: 0 1.00 INCH OR MORE: 1
[HDD (BASE 65) ]
TOTAL THIS MO. 237 CLEAR (SCALE 0-3) 15
DPTR FM NORMAL -10 PTCLDY (SCALE 4-7) 13
TOTAL FM JUL 1 297 CLOUDY (SCALE 8-10) 2
DPTR FM NORMAL -58
[CDD (BASE 65) ]
TOTAL THIS MO. 28
DPTR FM NORMAL 9 [PRESSURE DATA]
TOTAL FM JAN 1 402 HIGHEST SLP M ON M
DPTR FM NORMAL 139 LOWEST SLP 29.35 ON 30
[REMARKS]
#FINAL-09-20#