000
CXUS53 KMPX 050531
CF6MPX
PRELIMINARY LOCAL CLIMATOLOGICAL DATA (WS FORM: F-6)
STATION: CHANHASSEN MN
MONTH: JUNE
YEAR: 2022
LATITUDE: 44 50 N
LONGITUDE: 93 34 W
TEMPERATURE IN F: :PCPN: SNOW: WIND :SUNSHINE: SKY :PK WND
================================================================================
1 2 3 4 5 6A 6B 7 8 9 10 11 12 13 14 15 16 17 18
12Z AVG MX 2MIN
DY MAX MIN AVG DEP HDD CDD WTR SNW DPTH SPD SPD DIR MIN PSBL S-S WX SPD DR
================================================================================
1 68 47 58 -5 7 0 0.00 0.0 0 M M M M M M M M
2 75 49 62 -1 3 0 0.00 0.0 0 M M M M M M M M
3 69 49 59 -5 6 0 0.00 0.0 0 M M M M M M M M
4 70 49 60 -4 5 0 0.00 0.0 0 M M M M M M M M
5 70 55 63 -1 2 0 0.21 0.0 0 M M M M M M M M
6 75 57 66 1 0 1 0.11 0.0 0 M M M M M M M M
7 67 54 61 -4 4 0 T 0.0 0 M M M M M M M M
8 77 51 64 -1 1 0 0.00 0.0 0 M M M M M M M M
9 78 50 64 -2 1 0 0.00 0.0 0 M M M M M M M M
10 78 58 68 2 0 3 0.00 0.0 0 M M M M M M M M
11 79 62 71 5 0 6 0.10 0.0 0 M M M M M M M M
12 79 61 70 3 0 5 0.00 0.0 0 M M M M M M M M
13 80 67 74 7 0 9 0.13 0.0 0 M M M M M M M M
14 92 71 82 15 0 17 0.00 0.0 0 M M M M M M M M
15 78 63 71 3 0 6 0.03 0.0 0 M M M M M M M M
16 79 62 71 3 0 6 0.00 0.0 0 M M M M M M M M
17 82 57 70 2 0 5 0.00 0.0 0 M M M M M M M M
18 82 60 71 3 0 6 0.00 0.0 0 M M M M M M M M
19 94 68 81 12 0 16 0.00 0.0 0 M M M M M M M M
20 97 76 87 18 0 22 0.02 0.0 0 M M M M M M M M
21 86 69 78 9 0 13 0.09 0.0 0 M M M M M M M M
22 83 63 73 3 0 8 0.00 0.0 0 M M M M M M M M
23 93 60 77 7 0 12 0.00 0.0 0 M M M M M M M M
24 87 68 78 8 0 13 0.00 0.0 0 M M M M M M M M
25 79 62 71 1 0 6 0.43 0.0 0 M M M M M M M M
26 73 57 65 -5 0 0 0.00 0.0 0 M M M M M M M M
27 83 51 67 -3 0 2 T 0.0 0 M M M M M M M M
28 83 62 73 2 0 8 T 0.0 0 M M M M M M M M
29 90 55 73 2 0 8 T 0.0 0 M M M M M M M M
30 88 65 77 6 0 12 0.13 0.0 0 M M M M M M M M
================================================================================
SM 2414 1778 29 184 1.25 0.0 M M M
================================================================================
AV 80.5 59.3 M FASTST M M M MAX(MPH)
MISC ----> M M M M
================================================================================
NOTES:
# LAST OF SEVERAL OCCURRENCES
COLUMN 17 PEAK WIND IN M.P.H.
PRELIMINARY LOCAL CLIMATOLOGICAL DATA (WS FORM: F-6) , PAGE 2
STATION: CHANHASSEN MN
MONTH: JUNE
YEAR: 2022
LATITUDE: 44 50 N
LONGITUDE: 93 34 W
[TEMPERATURE DATA] [PRECIPITATION DATA] SYMBOLS USED IN COLUMN 16
AVERAGE MONTHLY: 69.9 TOTAL FOR MONTH: 1.25 1 = FOG OR MIST
DPTR FM NORMAL: 2.4 DPTR FM NORMAL: -3.15 2 = FOG REDUCING VISIBILITY
HIGHEST: 97 ON 20 GRTST 24HR 0.43 ON 25-25 TO 1/4 MILE OR LESS
LOWEST: 47 ON 1 3 = THUNDER
SNOW, ICE PELLETS, HAIL 4 = ICE PELLETS
TOTAL MONTH: 0.0 INCH 5 = HAIL
GRTST 24HR 0.0 6 = FREEZING RAIN OR DRIZZLE
GRTST DEPTH: 0 7 = DUSTSTORM OR SANDSTORM:
VSBY 1/2 MILE OR LESS
8 = SMOKE OR HAZE
[NO. OF DAYS WITH] [WEATHER - DAYS WITH] 9 = BLOWING SNOW
X = TORNADO
MAX 32 OR BELOW: 0 0.01 INCH OR MORE: 9
MAX 90 OR ABOVE: 5 0.10 INCH OR MORE: 6
MIN 32 OR BELOW: 0 0.50 INCH OR MORE: 0
MIN 0 OR BELOW: 0 1.00 INCH OR MORE: 0
[HDD (BASE 65) ]
TOTAL THIS MO. 29 CLEAR (SCALE 0-3) 0
DPTR FM NORMAL -19 PTCLDY (SCALE 4-7) 0
TOTAL FM JUL 1 8045 CLOUDY (SCALE 8-10) 30
DPTR FM NORMAL 64
[CDD (BASE 65) ]
TOTAL THIS MO. 184
DPTR FM NORMAL 61 [PRESSURE DATA]
TOTAL FM JAN 1 229 HIGHEST SLP M ON M
DPTR FM NORMAL 76 LOWEST SLP M ON M
[REMARKS]
#FINAL-06-22#