000
CXUS54 KMAF 011210
CF6MRF
PRELIMINARY LOCAL CLIMATOLOGICAL DATA (WS FORM: F-6)
STATION: MARFA
MONTH: FEBRUARY
YEAR: 2022
LATITUDE: 30 22 N
LONGITUDE: 104 1 W
TEMPERATURE IN F: :PCPN: SNOW: WIND :SUNSHINE: SKY :PK WND
================================================================================
1 2 3 4 5 6A 6B 7 8 9 10 11 12 13 14 15 16 17 18
12Z AVG MX 2MIN
DY MAX MIN AVG DEP HDD CDD WTR SNW DPTH SPD SPD DIR MIN PSBL S-S WX SPD DR
================================================================================
1 64 20 42 M 23 0 M M M 6.4 21 250 M M 1 28 250
2 55 23 39 M 26 0 0.03 M M 9.9 22 30 M M 10 1 26 30
3 25 13 19 M 46 0 T M M 11.9 22 20 M M 9 1 33 350
4 37 4 21 M 44 0 M M M 7.8 14 20 M M 0 M M
5 50 2 26 M 39 0 M M M 6.1 14 200 M M 0 20 200
6 51 32 42 M 23 0 M M M 9.5 23 20 M M 0 31 10
7 50 19 35 M 30 0 M M M 9.4 23 10 M M 1 33 10
8 57 13 35 M 30 0 M M M 7.6 17 240 M M 0 23 240
9 61 16 39 M 26 0 M M M 5.2 9 330 M M 0 M M
10 62 16 39 M 26 0 M M M 5.8 14 30 M M 0 17 40
11 66 21 44 M 21 0 M M M 9.6 22 260 M M 0 33 270
12 46 18 32 M 33 0 M M M 15.2 25 10 M M 0 37 10
13 61 12 37 M 28 0 M M M 5.0 13 180 M M 0 M M
14 68 18 43 M 22 0 M M M 6.2 13 260 M M 0 18 280
15 73 20 47 M 18 0 M M M 9.5 21 200 M M 0 33 170
16 72 30 51 M 14 0 M M M 15.2 36 280 M M 2 8 48 270
17 56 30 43 M 22 0 M M M 14.7 26 270 M M 0 39 250
18 59 17 38 M 27 0 M M M 5.8 12 270 M M 0 18 230
19 63 17 40 M 25 0 M M M 7.2 12 120 M M 0 M M
20 73 34 54 M 11 0 M M M 7.0 16 230 M M 0 28 230
21 70 31 51 M 14 0 0.01 M M 15.2 32 180 M M 6 47 220
22 71 29 50 M 15 0 M M M 6.7 23 230 M M 0 33 230
23 57 26 42 M 23 0 M M M 8.3 16 40 M M 0 23 30
24 64 21 43 M 22 0 M M M 8.8 20 300 M M 0 24 280
25 60 22 41 M 24 0 M M M 6.3 14 100 M M 0 18 110
26 73 29 51 M 14 0 M M M 6.8 17 60 M M 0 20 290
27 61 28 45 M 20 0 M M M 6.3 16 50 M M 0 M M
28 68 20 44 M 21 0 M M M 6.4 12 170 M M 0 16 99
================================================================================
SM 1673 581 687 0 0.04 M 240.0 M 29
================================================================================
AV 59.8 20.8 8.6 FASTST M M 1 MAX(MPH)
MISC ----> 36 280 48 270
================================================================================
NOTES:
# LAST OF SEVERAL OCCURRENCES
COLUMN 17 PEAK WIND IN M.P.H.
PRELIMINARY LOCAL CLIMATOLOGICAL DATA (WS FORM: F-6) , PAGE 2
STATION: MARFA
MONTH: FEBRUARY
YEAR: 2022
LATITUDE: 30 22 N
LONGITUDE: 104 1 W
[TEMPERATURE DATA] [PRECIPITATION DATA] SYMBOLS USED IN COLUMN 16
AVERAGE MONTHLY: 40.3 TOTAL FOR MONTH: 0.04 1 = FOG OR MIST
DPTR FM NORMAL: 0.0 DPTR FM NORMAL: 0.04 2 = FOG REDUCING VISIBILITY
HIGHEST: 73 ON 26,20 GRTST 24HR 0.03 ON 2- 2 TO 1/4 MILE OR LESS
LOWEST: 2 ON 5 3 = THUNDER
SNOW, ICE PELLETS, HAIL 4 = ICE PELLETS
TOTAL MONTH: M 5 = HAIL
GRTST 24HR M ON M 6 = FREEZING RAIN OR DRIZZLE
GRTST DEPTH: M ON M 7 = DUSTSTORM OR SANDSTORM:
VSBY 1/2 MILE OR LESS
8 = SMOKE OR HAZE
[NO. OF DAYS WITH] [WEATHER - DAYS WITH] 9 = BLOWING SNOW
X = TORNADO
MAX 32 OR BELOW: 1 0.01 INCH OR MORE: 2
MAX 90 OR ABOVE: 0 0.10 INCH OR MORE: 0
MIN 32 OR BELOW: 27 0.50 INCH OR MORE: 0
MIN 0 OR BELOW: 0 1.00 INCH OR MORE: 0
[HDD (BASE 65) ]
TOTAL THIS MO. 687 CLEAR (SCALE 0-3) 25
DPTR FM NORMAL M PTCLDY (SCALE 4-7) 1
TOTAL FM JUL 1 2299 CLOUDY (SCALE 8-10) 2
DPTR FM NORMAL M
[CDD (BASE 65) ]
TOTAL THIS MO. 0
DPTR FM NORMAL M [PRESSURE DATA]
TOTAL FM JAN 1 0 HIGHEST SLP M ON M
DPTR FM NORMAL M LOWEST SLP M ON M
[REMARKS]
#FINAL-02-22#