000
CXUS54 KMAF 011210
CF6MRF
PRELIMINARY LOCAL CLIMATOLOGICAL DATA (WS FORM: F-6)
STATION: MARFA
MONTH: NOVEMBER
YEAR: 2020
LATITUDE: 30 22 N
LONGITUDE: 104 1 W
TEMPERATURE IN F: :PCPN: SNOW: WIND :SUNSHINE: SKY :PK WND
================================================================================
1 2 3 4 5 6A 6B 7 8 9 10 11 12 13 14 15 16 17 18
12Z AVG MX 2MIN
DY MAX MIN AVG DEP HDD CDD WTR SNW DPTH SPD SPD DIR MIN PSBL S-S WX SPD DR
================================================================================
1 69 39 54 M 11 0 M M M 12.6 18 50 M M 0 23 50
2 70 34 52 M 13 0 M M M 5.7 10 130 M M 0 17 170
3 74 32 53 M 12 0 M M M 6.7 14 170 M M 0 22 180
4 83 34 59 M 6 0 M M M 7.0 14 70 M M 0 17 70
5 80 41 61 M 4 0 M M M 9.0 14 30 M M 0 20 40
6 78 38 58 M 7 0 M M M 5.9 12 130 M M 0 18 170
7 75 36 56 M 9 0 M M M 7.6 17 170 M M 0 25 170
8 79 39 59 M 6 0 M M M 8.2 17 180 M M 1 29 180
9 78 50 64 M 1 0 M M M 12.1 24 190 M M 0 33 180
10 67 35 51 M 14 0 M M M 7.3 14 250 M M 0 29 250
11 72 33 53 M 12 0 M M M 5.9 12 320 M M 0 M M
12 76 33 55 M 10 0 M M M 6.9 10 340 M M 0 16 99
13 74 42 58 M 7 0 M M M 8.5 14 50 M M 1 18 170
14 73 36 55 M 10 0 T M M 10.7 25 260 M M 1 12 35 260
15 68 34 51 M 14 0 M M M 7.1 18 30 M M 0 M M
16 77 30 54 M 11 0 M M M 5.7 12 60 M M 0 M M
17 73 34 54 M 11 0 M M M 6.4 12 160 M M 0 8 M M
18 73 33 53 M 12 0 M M M 6.7 13 170 M M 0 18 170
19 79 35 57 M 8 0 M M M 5.5 9 170 M M 0 8 M M
20 80 41 61 M 4 0 M M M 6.0 14 60 M M 0 M M
21 76 39 58 M 7 0 M M M 6.3 13 180 M M 0 17 180
22 74 41 58 M 7 0 M M M 10.2 22 50 M M 1 28 50
23 71 46 59 M 6 0 M M M 12.4 25 150 M M 3 35 150
24 74 37 56 M 9 0 M M M 13.3 30 260 M M 2 18 41 260
25 70 27 49 M 16 0 M M M 6.8 21 240 M M 0 30 230
26 73 31 52 M 13 0 M M M 7.3 17 260 M M 0 23 260
27 62 35 49 M 16 0 M M M 10.6 17 30 M M 0 24 50
28 59 28 44 M 21 0 M M M 9.8 17 280 M M 0 22 270
29 60 26 43 M 22 0 M M M 11.9 23 10 M M 0 31 10
30 51 21 36 M 29 0 M M M 9.4 23 10 M M 2 30 10
================================================================================
SM 2168 1060 328 0 T M 249.5 M 11
================================================================================
AV 72.3 35.3 8.3 FASTST M M 0 MAX(MPH)
MISC ----> 30 260 41 260
================================================================================
NOTES:
# LAST OF SEVERAL OCCURRENCES
COLUMN 17 PEAK WIND IN M.P.H.
PRELIMINARY LOCAL CLIMATOLOGICAL DATA (WS FORM: F-6) , PAGE 2
STATION: MARFA
MONTH: NOVEMBER
YEAR: 2020
LATITUDE: 30 22 N
LONGITUDE: 104 1 W
[TEMPERATURE DATA] [PRECIPITATION DATA] SYMBOLS USED IN COLUMN 16
AVERAGE MONTHLY: 53.8 TOTAL FOR MONTH: T 1 = FOG OR MIST
DPTR FM NORMAL: 0.0 DPTR FM NORMAL: M 2 = FOG REDUCING VISIBILITY
HIGHEST: 83 ON 4 GRTST 24HR T ON 14-14 TO 1/4 MILE OR LESS
LOWEST: 21 ON 30 3 = THUNDER
SNOW, ICE PELLETS, HAIL 4 = ICE PELLETS
TOTAL MONTH: M 5 = HAIL
GRTST 24HR M ON M 6 = FREEZING RAIN OR DRIZZLE
GRTST DEPTH: M ON M 7 = DUSTSTORM OR SANDSTORM:
VSBY 1/2 MILE OR LESS
8 = SMOKE OR HAZE
[NO. OF DAYS WITH] [WEATHER - DAYS WITH] 9 = BLOWING SNOW
X = TORNADO
MAX 32 OR BELOW: 0 0.01 INCH OR MORE: 0
MAX 90 OR ABOVE: 0 0.10 INCH OR MORE: 0
MIN 32 OR BELOW: 7 0.50 INCH OR MORE: 0
MIN 0 OR BELOW: 0 1.00 INCH OR MORE: 0
[HDD (BASE 65) ]
TOTAL THIS MO. 328 CLEAR (SCALE 0-3) 30
DPTR FM NORMAL M PTCLDY (SCALE 4-7) 0
TOTAL FM JUL 1 549 CLOUDY (SCALE 8-10) 0
DPTR FM NORMAL M
[CDD (BASE 65) ]
TOTAL THIS MO. 0
DPTR FM NORMAL M [PRESSURE DATA]
TOTAL FM JAN 1 1325 HIGHEST SLP M ON M
DPTR FM NORMAL M LOWEST SLP M ON M
[REMARKS]
#FINAL-11-20#