000
CXUS52 KMHX 021342
CF6MRH
PRELIMINARY LOCAL CLIMATOLOGICAL DATA (WS FORM: F-6)
STATION: BEAUFORT/SMITH FIELD NC
MONTH: DECEMBER
YEAR: 2022
LATITUDE: 34 43 N
LONGITUDE: 76 39 W
TEMPERATURE IN F: :PCPN: SNOW: WIND :SUNSHINE: SKY :PK WND
================================================================================
1 2 3 4 5 6A 6B 7 8 9 10 11 12 13 14 15 16 17 18
12Z AVG MX 2MIN
DY MAX MIN AVG DEP HDD CDD WTR SNW DPTH SPD SPD DIR MIN PSBL S-S WX SPD DR
================================================================================
1 55 35 45 -8 20 0 0.00 0.0 0 8.6 22 340 M M 0 27 330
2 61 37 49 -4 16 0 0.00 0.0 0 5.9 14 20 M M 0 18 30
3 72 54 63 11 2 0 0.01 0.0 0 6.3 16 220 M M 8 20 200
4 63 43 53 1 12 0 0.00 0.0 0 9.9 18 50 M M 3 25 30
5 61 41 51 -1 14 0 T 0.0 0 7.5 15 50 M M 4 20 50
6 71 54 63 11 2 0 T 0.0 0 3.8 13 120 M M 8 16 120
7 74 56 65 13 0 0 0.00 0.0 0 5.2 9 230 M M 3 12 13 240
8 68 55 62 11 3 0 0.01 0.0 0 9.5 21 10 M M 7 1 25 10
9 56 45 51 0 14 0 0.05 0.0 0 11.0 20 20 M M 8 26 20
10 57 42 50 -1 15 0 0.00 0.0 0 8.1 17 10 M M 3 23 30
11 58 47 53 2 12 0 0.00 0.0 0 6.2 13 310 M M 7 15 310
12 54 40 47 -4 18 0 0.00 0.0 0 10.2 21 20 M M 4 26 20
13 52 37 45 -5 20 0 0.00 0.0 0 8.6 18 10 M M 1 22 360
14 53 36 45 -5 20 0 0.00 0.0 0 5.8 13 50 M M 3 17 50
15 68 48 58 8 7 0 1.22 0.0 0 12.6 26 190 M M 9 1 40 160
16 55 44 50 0 15 0 0.00 0.0 0 10.2 20 290 M M 4 23 280
17 57 43 50 0 15 0 0.00 0.0 0 9.6 17 240 M M 2 26 240
18 54 38 46 -4 19 0 0.00 0.0 0 10.0 16 330 M M 0 21 270
19 47 32 40 -9 25 0 0.00 0.0 0 8.2 17 340 M M 0 21 350
20 48 37 43 -6 22 0 0.00 0.0 0 7.3 16 20 M M 3 20 10
21 52 41 47 -2 18 0 T 0.0 0 11.5 18 40 M M 10 28 30
22 66 49 58 9 7 0 1.37 0.0 0 14.3 28 130 M M 9 1 38 120
23 60 27 44 -5 21 0 0.00 0.0 0 22.8 37 240 M M 3 49 220
24 32 20 26 -22 39 0 0.00 0.0 0 16.2 30 300 M M 0 35 300
25 43 23 33 -15 32 0 0.00 0.0 0 9.9 16 290 M M 0 20 270
26 45 22 34 -14 31 0 0.00 0.0 0 3.6 12 360 M M 0 15 360
27 51 27 39 -9 26 0 0.00 0.0 0 5.6 12 60 M M 1 15 50
28 57 29 43 -5 22 0 0.00 0.0 0 3.2 8 250 M M 0 11 20
29 67 33 50 2 15 0 0.00 0.0 0 3.0 7 90 M M 1 9 120
30 72 44 58 10 7 0 0.20 0.0 0 4.3 10 100 M M 8 1 13 70
31 71 59 65 18 0 0 0.43 0.0 0 9.6 24 160 M M 7 12 34 140
================================================================================
SM 1800 1238 489 0 3.29 0.0 268.5 M 116
================================================================================
AV 58.1 39.9 8.7 FASTST M M 4 MAX(MPH)
MISC ----> 37 240 49 220
================================================================================
NOTES:
# LAST OF SEVERAL OCCURRENCES
COLUMN 17 PEAK WIND IN M.P.H.
PRELIMINARY LOCAL CLIMATOLOGICAL DATA (WS FORM: F-6) , PAGE 2
STATION: BEAUFORT/SMITH FIELD NC
MONTH: DECEMBER
YEAR: 2022
LATITUDE: 34 43 N
LONGITUDE: 76 39 W
[TEMPERATURE DATA] [PRECIPITATION DATA] SYMBOLS USED IN COLUMN 16
AVERAGE MONTHLY: 49.0 TOTAL FOR MONTH: 3.29 1 = FOG OR MIST
DPTR FM NORMAL: -1.0 DPTR FM NORMAL: -0.50 2 = FOG REDUCING VISIBILITY
HIGHEST: 74 ON 7 GRTST 24HR 1.37 ON 21-22 TO 1/4 MILE OR LESS
LOWEST: 20 ON 24 3 = THUNDER
SNOW, ICE PELLETS, HAIL 4 = ICE PELLETS
TOTAL MONTH: 0.0 INCH 5 = HAIL
GRTST 24HR 0.0 6 = FREEZING RAIN OR DRIZZLE
GRTST DEPTH: 0 7 = DUSTSTORM OR SANDSTORM:
VSBY 1/2 MILE OR LESS
8 = SMOKE OR HAZE
[NO. OF DAYS WITH] [WEATHER - DAYS WITH] 9 = BLOWING SNOW
X = TORNADO
MAX 32 OR BELOW: 1 0.01 INCH OR MORE: 7
MAX 90 OR ABOVE: 0 0.10 INCH OR MORE: 4
MIN 32 OR BELOW: 7 0.50 INCH OR MORE: 2
MIN 0 OR BELOW: 0 1.00 INCH OR MORE: 2
[HDD (BASE 65) ]
TOTAL THIS MO. 489 CLEAR (SCALE 0-3) 15
DPTR FM NORMAL 19 PTCLDY (SCALE 4-7) 12
TOTAL FM JUL 1 744 CLOUDY (SCALE 8-10) 4
DPTR FM NORMAL -77
[CDD (BASE 65) ]
TOTAL THIS MO. 0
DPTR FM NORMAL -4 [PRESSURE DATA]
TOTAL FM JAN 1 2199 HIGHEST SLP 30.56 ON 2
DPTR FM NORMAL 221 LOWEST SLP 29.56 ON 23
[REMARKS]
#FINAL-12-22#