000
CXUS53 KMKX 010810
CF6MSN
PRELIMINARY LOCAL CLIMATOLOGICAL DATA (WS FORM: F-6)
STATION: MADISON WI
MONTH: OCTOBER
YEAR: 2022
LATITUDE: 43 7 N
LONGITUDE: 89 20 W
TEMPERATURE IN F: :PCPN: SNOW: WIND :SUNSHINE: SKY :PK WND
================================================================================
1 2 3 4 5 6A 6B 7 8 9 10 11 12 13 14 15 16 17 18
12Z AVG MX 2MIN
DY MAX MIN AVG DEP HDD CDD WTR SNW DPTH SPD SPD DIR MIN PSBL S-S WX SPD DR
================================================================================
1 71 38 55 -1 10 0 0.00 0.0 0 3.6 12 40 M M 2 12 20 40
2 67 47 57 2 8 0 0.00 0.0 0 5.5 14 50 M M 3 22 80
3 69 40 55 0 10 0 0.00 0.0 0 1.7 10 170 M M 1 1 13 170
4 72 41 57 2 8 0 0.00 0.0 0 1.9 10 170 M M 5 13 170
5 74 42 58 4 7 0 0.00 0.0 0 2.3 9 290 M M 6 1 14 290
6 64 41 53 -1 12 0 T 0.0 0 7.9 20 30 M M 7 28 360
7 52 34 43 -10 22 0 0.00 0.0 0 7.1 17 20 M M 3 24 20
8 58 34 46 -7 19 0 0.00 0.0 0 6.5 15 230 M M 2 25 250
9 67 43 55 3 10 0 T 0.0 0 3.2 10 200 M M 6 15 200
10 68 36 52 0 13 0 0.00 0.0 0 3.7 12 150 M M 0 1 16 150
11 72 46 59 7 6 0 0.02 0.0 0 10.9 24 200 M M 5 1 38 200
12 63 44 54 3 11 0 0.31 0.0 0 8.3 23 310 M M 7 13 40 300
13 48 38 43 -8 22 0 0.03 T 0 5.7 16 330 M M 7 45 24 310
14 50 33 42 -8 23 0 T 0.0 0 6.8 17 220 M M 9 31 220
15 54 31 43 -7 22 0 0.00 0.0 0 5.8 16 220 M M 5 25 230
16 49 37 43 -7 22 0 0.02 0.0 0 7.3 16 320 M M 8 29 280
17 41 32 37 -12 28 0 0.02 0.2 0 13.9 24 330 M M 10 1 36 340
18 46 31 39 -10 26 0 0.00 0.0 0 13.2 22 330 M M 4 37 310
19 45 27 36 -12 29 0 0.00 0.0 0 5.3 14 330 M M 2 22 330
20 61 34 48 0 17 0 0.00 0.0 0 2.9 10 200 M M 4 14 220
21 76 35 56 8 9 0 0.00 0.0 0 5.9 18 200 M M 1 29 220
22 77 50 64 17 1 0 0.00 0.0 0 11.7 21 170 M M 1 27 180
23 75 57 66 19 0 1 0.04 0.0 0 15.7 29 160 M M 4 3 46 160
24 72 62 67 21 0 2 0.08 0.0 0 15.6 30 180 M M 9 47 170
25 65 42 54 8 11 0 0.33 0.0 0 6.8 25 190 M M 10 1 36 170
26 53 32 43 -3 22 0 0.00 0.0 0 7.3 20 340 M M 2 29 330
27 56 29 43 -2 22 0 0.00 0.0 0 4.7 14 130 M M 6 1 18 130
28 59 32 46 1 19 0 0.00 0.0 0 2.2 9 180 M M 3 1 11 170
29 63 31 47 3 18 0 0.00 0.0 0 2.9 12 160 M M 1 18 16 150
30 61 39 50 6 15 0 0.00 0.0 0 1.8 10 150 M M 6 1 12 150
31 66 35 51 7 14 0 0.00 0.0 0 0.7 8 270 M M 3 18 12 320
================================================================================
SM 1914 1193 456 3 0.85 0.2 198.8 M 142
================================================================================
AV 61.7 38.5 6.4 FASTST M M 5 MAX(MPH)
MISC ----> 30 180 47 170
================================================================================
NOTES:
# LAST OF SEVERAL OCCURRENCES
COLUMN 17 PEAK WIND IN M.P.H.
PRELIMINARY LOCAL CLIMATOLOGICAL DATA (WS FORM: F-6) , PAGE 2
STATION: MADISON WI
MONTH: OCTOBER
YEAR: 2022
LATITUDE: 43 7 N
LONGITUDE: 89 20 W
[TEMPERATURE DATA] [PRECIPITATION DATA] SYMBOLS USED IN COLUMN 16
AVERAGE MONTHLY: 50.1 TOTAL FOR MONTH: 0.85 1 = FOG OR MIST
DPTR FM NORMAL: 0.4 DPTR FM NORMAL: -1.92 2 = FOG REDUCING VISIBILITY
HIGHEST: 77 ON 22 GRTST 24HR 0.38 ON 24-25 TO 1/4 MILE OR LESS
LOWEST: 27 ON 19 3 = THUNDER
SNOW, ICE PELLETS, HAIL 4 = ICE PELLETS
TOTAL MONTH: 0.2 INCH 5 = HAIL
GRTST 24HR 0.2 ON 17-17 6 = FREEZING RAIN OR DRIZZLE
GRTST DEPTH: 0 7 = DUSTSTORM OR SANDSTORM:
VSBY 1/2 MILE OR LESS
8 = SMOKE OR HAZE
[NO. OF DAYS WITH] [WEATHER - DAYS WITH] 9 = BLOWING SNOW
X = TORNADO
MAX 32 OR BELOW: 0 0.01 INCH OR MORE: 8
MAX 90 OR ABOVE: 0 0.10 INCH OR MORE: 2
MIN 32 OR BELOW: 8 0.50 INCH OR MORE: 0
MIN 0 OR BELOW: 0 1.00 INCH OR MORE: 0
[HDD (BASE 65) ]
TOTAL THIS MO. 456 CLEAR (SCALE 0-3) 10
DPTR FM NORMAL -24 PTCLDY (SCALE 4-7) 17
TOTAL FM JUL 1 591 CLOUDY (SCALE 8-10) 4
DPTR FM NORMAL -68
[CDD (BASE 65) ]
TOTAL THIS MO. 3
DPTR FM NORMAL -3 [PRESSURE DATA]
TOTAL FM JAN 1 787 HIGHEST SLP M ON M
DPTR FM NORMAL 159 LOWEST SLP 29.51 ON 14
[REMARKS]
#FINAL-10-22#