000
CXUS55 KMSO 021951
CF6MSO
PRELIMINARY LOCAL CLIMATOLOGICAL DATA (WS FORM: F-6)
STATION: MISSOULA MT
MONTH: JULY
YEAR: 2021
LATITUDE: 46 55 N
LONGITUDE: 114 5 W
TEMPERATURE IN F: :PCPN: SNOW: WIND :SUNSHINE: SKY :PK WND
================================================================================
1 2 3 4 5 6A 6B 7 8 9 10 11 12 13 14 15 16 17 18
12Z AVG MX 2MIN
DY MAX MIN AVG DEP HDD CDD WTR SNW DPTH SPD SPD DIR MIN PSBL S-S WX SPD DR
================================================================================
1 99 61 80 16 0 15 0.21 0.0 0 8.1 45 170 M M 1 38 64 150
2 96 60 78 14 0 13 0.00 0.0 0 5.0 17 280 M M 0 23 280
3 98 56 77 12 0 12 0.00 0.0 0 6.1 23 280 M M 0 29 280
4 98 53 76 11 0 11 0.00 0.0 0 5.9 28 300 M M 0 36 290
5 95 54 75 9 0 10 0.00 0.0 0 4.2 22 290 M M 0 27 290
6 95 52 74 8 0 9 0.00 0.0 0 3.8 14 330 M M 0 22 30
7 92 54 73 7 0 8 T 0.0 0 7.7 32 30 M M 1 3 42 20
8 91 53 72 5 0 7 0.00 0.0 0 5.9 20 290 M M 0 26 290
9 90 55 73 6 0 8 T 0.0 0 6.0 20 310 M M 1 26 320
10 96 51 74 7 0 9 T 0.0 0 3.6 20 300 M M 0 8 26 290
11 95 53 74 6 0 9 0.00 0.0 0 4.6 21 260 M M 3 8 29 290
12 95 53 74 6 0 9 0.00 0.0 0 4.0 15 20 M M 0 8 22 10
13 92 62 77 9 0 12 T 0.0 0 7.9 29 190 M M 1 3 34 180
14 96 57 77 8 0 12 0.00 0.0 0 3.8 17 120 M M 0 23 110
15 93 56 75 6 0 10 0.00 0.0 0 4.1 17 300 M M 0 8 25 320
16 91 53 72 3 0 7 0.00 0.0 0 3.4 12 300 M M 1 8 17 330
17 90 55 73 4 0 8 0.00 0.0 0 3.0 14 310 M M 0 8 21 330
18 99 56 78 8 0 13 0.00 0.0 0 4.0 17 20 M M 0 8 24 10
19 85 63 74 4 0 9 T 0.0 0 7.1 24 150 M M 3 8 32 150
20 89 64 77 7 0 12 0.01 0.0 0 4.9 20 270 M M 1 38 27 280
21 93 57 75 5 0 10 0.00 0.0 0 6.4 23 310 M M 0 8 32 330
22 88 54 71 1 0 6 0.00 0.0 0 6.4 24 300 M M 0 32 330
23 88 46 67 -3 0 2 0.00 0.0 0 5.4 23 300 M M 0 8 30 310
24 93 47 70 0 0 5 0.00 0.0 0 3.0 13 10 M M 0 8 24 320
25 95 51 73 2 0 8 0.00 0.0 0 3.0 14 260 M M 0 8 18 260
26 97 52 75 4 0 10 0.00 0.0 0 2.3 17 310 M M 1 8 27 300
27 96 61 79 8 0 14 0.00 0.0 0 6.9 24 300 M M 0 8 33 300
28 92 60 76 5 0 11 0.00 0.0 0 4.2 16 170 M M 0 8 29 180
29 98 62 80 9 0 15 0.00 0.0 0 5.6 15 10 M M 0 8 28 270
30 100 56 78 7 0 13 0.00 0.0 0 4.6 15 280 M M 1 8 21 10
31 102 60 81 10 0 16 0.00 0.0 0 8.0 25 80 M M 0 8 36 80
================================================================================
SM 2917 1727 0 313 0.22 0.0 158.9 M 14
================================================================================
AV 94.1 55.7 5.1 FASTST M M 0 MAX(MPH)
MISC ----> 45 170 64 150
================================================================================
NOTES:
# LAST OF SEVERAL OCCURRENCES
COLUMN 17 PEAK WIND IN M.P.H.
PRELIMINARY LOCAL CLIMATOLOGICAL DATA (WS FORM: F-6) , PAGE 2
STATION: MISSOULA MT
MONTH: JULY
YEAR: 2021
LATITUDE: 46 55 N
LONGITUDE: 114 5 W
[TEMPERATURE DATA] [PRECIPITATION DATA] SYMBOLS USED IN COLUMN 16
AVERAGE MONTHLY: 74.9 TOTAL FOR MONTH: 0.22 1 = FOG OR MIST
DPTR FM NORMAL: 6.5 DPTR FM NORMAL: -0.63 2 = FOG REDUCING VISIBILITY
HIGHEST: 102 ON 31 GRTST 24HR 0.21 ON 1- 1 TO 1/4 MILE OR LESS
LOWEST: 46 ON 23 3 = THUNDER
SNOW, ICE PELLETS, HAIL 4 = ICE PELLETS
TOTAL MONTH: 0.0 INCH 5 = HAIL
GRTST 24HR 0.0 6 = FREEZING RAIN OR DRIZZLE
GRTST DEPTH: 0 7 = DUSTSTORM OR SANDSTORM:
VSBY 1/2 MILE OR LESS
8 = SMOKE OR HAZE
[NO. OF DAYS WITH] [WEATHER - DAYS WITH] 9 = BLOWING SNOW
X = TORNADO
MAX 32 OR BELOW: 0 0.01 INCH OR MORE: 2
MAX 90 OR ABOVE: 27 0.10 INCH OR MORE: 1
MIN 32 OR BELOW: 0 0.50 INCH OR MORE: 0
MIN 0 OR BELOW: 0 1.00 INCH OR MORE: 0
[HDD (BASE 65) ]
TOTAL THIS MO. 0 CLEAR (SCALE 0-3) 31
DPTR FM NORMAL -39 PTCLDY (SCALE 4-7) 0
TOTAL FM JUL 1 0 CLOUDY (SCALE 8-10) 0
DPTR FM NORMAL -36
[CDD (BASE 65) ]
TOTAL THIS MO. 313
DPTR FM NORMAL 167 [PRESSURE DATA]
TOTAL FM JAN 1 439 HIGHEST SLP 30.22 ON 24
DPTR FM NORMAL 262 LOWEST SLP 29.72 ON 15
[REMARKS]
#FINAL-07-21#