000
CXUS55 KMSO 011000
CF6MSO
PRELIMINARY LOCAL CLIMATOLOGICAL DATA (WS FORM: F-6)
STATION: MISSOULA MT
MONTH: FEBRUARY
YEAR: 2020
LATITUDE: 46 55 N
LONGITUDE: 114 5 W
TEMPERATURE IN F: :PCPN: SNOW: WIND :SUNSHINE: SKY :PK WND
================================================================================
1 2 3 4 5 6A 6B 7 8 9 10 11 12 13 14 15 16 17 18
12Z AVG MX 2MIN
DY MAX MIN AVG DEP HDD CDD WTR SNW DPTH SPD SPD DIR MIN PSBL S-S WX SPD DR
================================================================================
1 60 36 48 20 17 0 T 0.0 0 14.0 41 270 M M 4 56 280
2 36 14 25 -3 40 0 0.04 0.5 1 7.9 22 320 M M 3 1 30 320
3 28 8 18 -10 47 0 0.00 0.0 T 1.3 7 300 M M 3 10 270
4 32 14 23 -5 42 0 0.02 0.2 T 5.3 16 260 M M 6 1 22 330
5 30 24 27 -1 38 0 0.17 1.8 T 1.2 6 300 M M 10 18 7 340
6 39 28 34 6 31 0 0.18 2.0 2 2.1 13 310 M M 10 1 15 310
7 36 31 34 6 31 0 0.05 1.2 5 1.4 6 150 M M 10 12 6 150
8 38 26 32 4 33 0 0.15 0.4 4 5.5 17 110 M M 10 12 22 330
9 33 14 24 -5 41 0 0.01 0.1 4 5.3 18 290 M M 8 21 300
10 36 26 31 2 34 0 0.07 1.0 4 1.7 10 350 M M 9 1 14 350
11 38 26 32 3 33 0 0.02 0.5 4 3.4 13 90 M M 10 12 15 90
12 37 28 33 4 32 0 0.06 0.6 4 4.2 16 100 M M 10 18 22 100
13 41 21 31 2 34 0 0.00 0.0 4 3.1 10 120 M M 5 12 120
14 39 26 33 3 32 0 0.04 0.5 4 7.5 21 300 M M 9 1 27 300
15 39 27 33 3 32 0 T T 4 4.6 14 280 M M 10 15 280
16 40 28 34 4 31 0 0.01 0.4 3 5.8 20 320 M M 10 1 25 350
17 36 21 29 -1 36 0 0.21 3.5 3 3.3 17 310 M M 9 128 22 310
18 32 13 23 -7 42 0 T T 5 1.5 14 20 M M 7 1 19 20
19 30 12 21 -10 44 0 T T 5 1.5 7 140 M M 5 18 8 140
20 30 6 18 -13 47 0 0.00 0.0 5 0.5 5 310 M M 0 7 240
21 37 8 23 -8 42 0 0.00 0.0 4 1.3 6 350 M M 1 1 7 350
22 51 14 33 1 32 0 0.00 0.0 3 3.3 15 280 M M 2 1 23 280
23 43 26 35 3 30 0 0.02 T 2 4.6 36 280 M M 6 1 48 290
24 39 27 33 1 32 0 0.00 0.0 1 7.5 21 300 M M 8 25 290
25 42 26 34 2 31 0 T T 1 1.8 9 320 M M 8 1 11 320
26 42 30 36 3 29 0 T T T 2.4 10 320 M M 10 13 310
27 45 26 36 3 29 0 0.00 0.0 T 1.9 8 340 M M 5 10 340
28 59 21 40 6 25 0 0.00 0.0 0 3.4 13 120 M M 0 12 14 130
29 45 30 38 4 27 0 0.01 0.2 0 8.2 23 240 M M 7 1 31 250
================================================================================
SM 1133 637 994 0 1.06 12.9 115.5 M 195
================================================================================
AV 39.1 22.0 4.0 FASTST M M 7 MAX(MPH)
MISC ----> 41 270 56 280
================================================================================
NOTES:
# LAST OF SEVERAL OCCURRENCES
COLUMN 17 PEAK WIND IN M.P.H.
PRELIMINARY LOCAL CLIMATOLOGICAL DATA (WS FORM: F-6) , PAGE 2
STATION: MISSOULA MT
MONTH: FEBRUARY
YEAR: 2020
LATITUDE: 46 55 N
LONGITUDE: 114 5 W
[TEMPERATURE DATA] [PRECIPITATION DATA] SYMBOLS USED IN COLUMN 16
AVERAGE MONTHLY: 30.5 TOTAL FOR MONTH: 1.06 1 = FOG OR MIST
DPTR FM NORMAL: 0.5 DPTR FM NORMAL: 0.36 2 = FOG REDUCING VISIBILITY
HIGHEST: 60 ON 1 GRTST 24HR 0.22 ON 16-17 TO 1/4 MILE OR LESS
LOWEST: 6 ON 20 3 = THUNDER
SNOW, ICE PELLETS, HAIL 4 = ICE PELLETS
TOTAL MONTH: 12.9 INCHES 5 = HAIL
GRTST 24HR 3.5 ON 17-17 6 = FREEZING RAIN OR DRIZZLE
GRTST DEPTH: 5 ON 20,19 7 = DUSTSTORM OR SANDSTORM:
VSBY 1/2 MILE OR LESS
8 = SMOKE OR HAZE
[NO. OF DAYS WITH] [WEATHER - DAYS WITH] 9 = BLOWING SNOW
X = TORNADO
MAX 32 OR BELOW: 6 0.01 INCH OR MORE: 15
MAX 90 OR ABOVE: 0 0.10 INCH OR MORE: 4
MIN 32 OR BELOW: 28 0.50 INCH OR MORE: 0
MIN 0 OR BELOW: 0 1.00 INCH OR MORE: 0
[HDD (BASE 65) ]
TOTAL THIS MO. 994 CLEAR (SCALE 0-3) 5
DPTR FM NORMAL 14 PTCLDY (SCALE 4-7) 11
TOTAL FM JUL 1 5209 CLOUDY (SCALE 8-10) 13
DPTR FM NORMAL -222
[CDD (BASE 65) ]
TOTAL THIS MO. 0
DPTR FM NORMAL 0 [PRESSURE DATA]
TOTAL FM JAN 1 0 HIGHEST SLP 30.66 ON 25
DPTR FM NORMAL 0 LOWEST SLP 29.67 ON 8
[REMARKS]
#FINAL-02-20#