000
CXUS55 KGJT 010910
CF6MTJ
PRELIMINARY LOCAL CLIMATOLOGICAL DATA (WS FORM: F-6)
STATION: MONTROSE CO
MONTH: OCTOBER
YEAR: 2021
LATITUDE: 38 30 N
LONGITUDE: 107 53 W
TEMPERATURE IN F: :PCPN: SNOW: WIND :SUNSHINE: SKY :PK WND
================================================================================
1 2 3 4 5 6A 6B 7 8 9 10 11 12 13 14 15 16 17 18
12Z AVG MX 2MIN
DY MAX MIN AVG DEP HDD CDD WTR SNW DPTH SPD SPD DIR MIN PSBL S-S WX SPD DR
================================================================================
1 65 47 56 -1 9 0 0.06 M M 4.6 17 170 M M 8 3 22 160
2 69 44 57 0 8 0 0.00 M M 6.3 13 130 M M 1 18 10
3 73 42 58 2 7 0 0.00 M M 6.6 13 130 M M 0 16 130
4 76 43 60 4 5 0 0.00 M M 7.3 13 130 M M 1 15 130
5 78 45 62 7 3 0 0.00 M M 6.1 22 310 M M 1 8 29 320
6 67 47 57 2 8 0 0.01 M M 5.3 23 240 M M 5 38 29 260
7 71 43 57 3 8 0 0.00 M M 6.0 14 150 M M 0 16 130
8 67 49 58 4 7 0 0.03 M M 8.6 24 140 M M 6 37 130
9 63 45 54 0 11 0 0.01 M M 9.5 25 220 M M 6 8 37 220
10 59 36 48 -5 17 0 0.00 M M 5.7 13 140 M M 2 16 340
11 66 34 50 -3 15 0 0.00 M M 8.2 29 170 M M 0 40 170
12 53 37 45 -7 20 0 0.15 M M 9.6 29 240 M M 8 1 38 210
13 47 35 41 -11 24 0 0.00 M M 3.9 14 300 M M 10 17 300
14 43 32 38 -14 27 0 0.12 M M 5.3 22 310 M M 8 1 29 310
15 48 32 40 -11 25 0 0.00 M M 4.1 10 140 M M 3 13 130
16 60 26 43 -8 22 0 0.00 M M 4.8 12 150 M M 0 13 150
17 70 30 50 0 15 0 0.00 M M 6.5 13 140 M M 0 17 320
18 72 41 57 7 8 0 T M M 12.7 31 270 M M 3 8 46 280
19 51 32 42 -7 23 0 0.02 M M 8.2 30 260 M M 5 44 260
20 59 27 43 -6 22 0 0.00 M M 5.5 12 160 M M 0 14 310
21 62 30 46 -2 19 0 0.00 M M 6.5 13 160 M M 0 16 160
22 68 30 49 1 16 0 0.00 M M 6.5 15 160 M M 0 18 180
23 63 35 49 1 16 0 0.01 M M 8.0 21 220 M M 4 28 220
24 65 33 49 2 16 0 0.00 M M 4.3 12 160 M M 1 13 160
25 76 41 59 12 6 0 0.00 M M 9.4 24 250 M M 0 31 230
26 64 35 50 4 15 0 0.29 M M 12.0 33 210 M M 7 18 53 200
27 53 30 42 -4 23 0 0.00 M M 7.8 15 300 M M 5 20 310
28 57 29 43 -3 22 0 0.00 M M 5.1 12 150 M M 1 14 140
29 62 31 47 2 18 0 T M M 5.3 10 160 M M 0 12 310
30 64 31 48 3 17 0 0.00 M M 6.1 10 140 M M 0 13 330
31 59 36 48 4 17 0 0.00 M M 5.8 14 130 M M 0 16 160
================================================================================
SM 1950 1128 469 0 0.70 M 211.6 M 85
================================================================================
AV 62.9 36.4 6.8 FASTST M M 3 MAX(MPH)
MISC ----> 33 210 53 200
================================================================================
NOTES:
# LAST OF SEVERAL OCCURRENCES
COLUMN 17 PEAK WIND IN M.P.H.
PRELIMINARY LOCAL CLIMATOLOGICAL DATA (WS FORM: F-6) , PAGE 2
STATION: MONTROSE CO
MONTH: OCTOBER
YEAR: 2021
LATITUDE: 38 30 N
LONGITUDE: 107 53 W
[TEMPERATURE DATA] [PRECIPITATION DATA] SYMBOLS USED IN COLUMN 16
AVERAGE MONTHLY: 49.6 TOTAL FOR MONTH: 0.70 1 = FOG OR MIST
DPTR FM NORMAL: -1.1 DPTR FM NORMAL: -0.28 2 = FOG REDUCING VISIBILITY
HIGHEST: 78 ON 5 GRTST 24HR 0.29 ON 26-26 TO 1/4 MILE OR LESS
LOWEST: 26 ON 16 3 = THUNDER
SNOW, ICE PELLETS, HAIL 4 = ICE PELLETS
TOTAL MONTH: M 5 = HAIL
GRTST 24HR M ON M 6 = FREEZING RAIN OR DRIZZLE
GRTST DEPTH: M ON M 7 = DUSTSTORM OR SANDSTORM:
VSBY 1/2 MILE OR LESS
8 = SMOKE OR HAZE
[NO. OF DAYS WITH] [WEATHER - DAYS WITH] 9 = BLOWING SNOW
X = TORNADO
MAX 32 OR BELOW: 0 0.01 INCH OR MORE: 9
MAX 90 OR ABOVE: 0 0.10 INCH OR MORE: 3
MIN 32 OR BELOW: 12 0.50 INCH OR MORE: 0
MIN 0 OR BELOW: 0 1.00 INCH OR MORE: 0
[HDD (BASE 65) ]
TOTAL THIS MO. 469 CLEAR (SCALE 0-3) 19
DPTR FM NORMAL 25 PTCLDY (SCALE 4-7) 10
TOTAL FM JUL 1 539 CLOUDY (SCALE 8-10) 2
DPTR FM NORMAL -9
[CDD (BASE 65) ]
TOTAL THIS MO. 0
DPTR FM NORMAL -1 [PRESSURE DATA]
TOTAL FM JAN 1 908 HIGHEST SLP M ON M
DPTR FM NORMAL 209 LOWEST SLP 29.37 ON 26
[REMARKS]
#FINAL-10-21#