000
CXUS53 KILX 010900
CF6MTO
PRELIMINARY LOCAL CLIMATOLOGICAL DATA (WS FORM: F-6)
STATION: MATTOON IL AIRPORT
MONTH: MARCH
YEAR: 2022
LATITUDE: 39 28 N
LONGITUDE: 88 17 W
TEMPERATURE IN F: :PCPN: SNOW: WIND :SUNSHINE: SKY :PK WND
================================================================================
1 2 3 4 5 6A 6B 7 8 9 10 11 12 13 14 15 16 17 18
12Z AVG MX 2MIN
DY MAX MIN AVG DEP HDD CDD WTR SNW DPTH SPD SPD DIR MIN PSBL S-S WX SPD DR
================================================================================
1 66 38 52 15 13 0 0.00 M M 7.7 14 200 M M 0 20 210
2 69 34 52 15 13 0 T M M 6.9 17 20 M M 3 18 23 40
3 44 31 38 0 27 0 T M M 13.9 21 30 M M 2 8 27 20
4 54 28 41 3 24 0 0.00 M M 9.8 17 150 M M 0 25 140
5 71 46 59 21 6 0 0.00 M M 13.5 26 190 M M 5 44 180
6 64 40 52 13 13 0 1.93 M M 12.4 28 260 M M 5 138 42 260
7 41 28 35 -4 30 0 0.16 M M 17.1 25 310 M M 10 1 33 310
8 39 26 33 -7 32 0 0.00 M M 4.0 14 320 M M 4 19 310
9 50 29 40 0 25 0 0.00 M M 7.3 16 320 M M 3 1 20 300
10 45 28 37 -3 28 0 0.00 M M 10.0 16 10 M M 4 21 360
11 31 18 25 -16 40 0 M M M 16.5 29 330 M M 6 18 36 330
12 26 11 19 -22 46 0 0.00 M M 15.7 30 320 M M 0 39 320
13 58 22 40 -2 25 0 0.00 M M 12.7 24 190 M M 3 37 190
14 62 39 51 9 14 0 0.00 M M 11.1 21 190 M M 1 31 200
15 67 44 56 14 9 0 0.01 M M 5.1 15 190 M M 3 23 190
16 70 40 55 12 10 0 0.00 M M 6.4 15 160 M M 0 20 150
17 72 49 61 18 4 0 0.00 M M 7.9 17 170 M M 0 22 170
18 57 47 52 9 13 0 0.65 M M 7.5 20 250 M M 6 1 30 260
19 49 39 44 0 21 0 0.12 M M 12.9 24 290 M M 8 1 33 300
20 65 38 52 8 13 0 0.00 M M 7.1 16 220 M M 0 23 200
21 71 49 60 16 5 0 0.01 M M 8.8 18 160 M M 0 28 150
22 56 49 53 8 12 0 0.87 M M 15.0 35 130 M M 9 1 50 130
23 57 42 50 5 15 0 0.20 M M 11.8 24 220 M M 10 18 35 240
24 44 39 42 -4 23 0 0.11 M M 9.1 18 220 M M 10 1 27 220
25 52 39 46 0 19 0 0.01 M M 13.7 33 300 M M 8 18 47 300
26 41 27 34 -12 31 0 0.00 M M 18.0 36 300 M M 2 48 300
27 42 24 33 -14 32 0 0.00 M M 9.6 17 340 M M 0 27 310
28 43 23 33 -14 32 0 0.00 M M 6.4 17 70 M M 1 21 70
29 47 36 42 -5 23 0 T M M 15.9 26 120 M M 7 38 130
30 71 43 57 9 8 0 2.15 M M 13.8 29 290 M M 6 1 43 190
31 43 34 39 -9 26 0 0.08 M M 13.8 23 260 M M 10 1 40 240
================================================================================
SM 1667 1080 632 0 6.30 M 341.4 M 126
================================================================================
AV 53.8 34.8 11.0 FASTST M M 4 MAX(MPH)
MISC ----> 36 300 50 130
================================================================================
NOTES:
# LAST OF SEVERAL OCCURRENCES
COLUMN 17 PEAK WIND IN M.P.H.
PRELIMINARY LOCAL CLIMATOLOGICAL DATA (WS FORM: F-6) , PAGE 2
STATION: MATTOON IL AIRPORT
MONTH: MARCH
YEAR: 2022
LATITUDE: 39 28 N
LONGITUDE: 88 17 W
[TEMPERATURE DATA] [PRECIPITATION DATA] SYMBOLS USED IN COLUMN 16
AVERAGE MONTHLY: 44.3 TOTAL FOR MONTH: 6.30 1 = FOG OR MIST
DPTR FM NORMAL: 1.7 DPTR FM NORMAL: 4.08 2 = FOG REDUCING VISIBILITY
HIGHEST: 72 ON 17 GRTST 24HR 2.20 ON 30-31 TO 1/4 MILE OR LESS
LOWEST: 11 ON 12 3 = THUNDER
SNOW, ICE PELLETS, HAIL 4 = ICE PELLETS
TOTAL MONTH: M 5 = HAIL
GRTST 24HR M ON M 6 = FREEZING RAIN OR DRIZZLE
GRTST DEPTH: M ON M 7 = DUSTSTORM OR SANDSTORM:
VSBY 1/2 MILE OR LESS
8 = SMOKE OR HAZE
[NO. OF DAYS WITH] [WEATHER - DAYS WITH] 9 = BLOWING SNOW
X = TORNADO
MAX 32 OR BELOW: 2 0.01 INCH OR MORE: 12
MAX 90 OR ABOVE: 0 0.10 INCH OR MORE: 8
MIN 32 OR BELOW: 12 0.50 INCH OR MORE: 4
MIN 0 OR BELOW: 0 1.00 INCH OR MORE: 2
[HDD (BASE 65) ]
TOTAL THIS MO. 632 CLEAR (SCALE 0-3) 15
DPTR FM NORMAL -65 PTCLDY (SCALE 4-7) 10
TOTAL FM JUL 1 4443 CLOUDY (SCALE 8-10) 6
DPTR FM NORMAL -363
[CDD (BASE 65) ]
TOTAL THIS MO. 0
DPTR FM NORMAL -3 [PRESSURE DATA]
TOTAL FM JAN 1 0 HIGHEST SLP 30.40 ON 3
DPTR FM NORMAL -3 LOWEST SLP 29.19 ON 30
[REMARKS]
#FINAL-03-22#