000
CXUS53 KILX 020209
CLMMTO
CLIMATE REPORT
NATIONAL WEATHER SERVICE LINCOLN IL
909 PM CDT SAT APR 01 2023
...................................
...THE MATTOON IL AIRPORT CLIMATE SUMMARY FOR THE MONTH OF MARCH 2023...
CLIMATE NORMAL PERIOD 1991 TO 2020
CLIMATE RECORD PERIOD 9999 TO 9999
WEATHER OBSERVED NORMAL DEPART LAST YEAR`S
VALUE DATE(S) VALUE FROM VALUE
NORMAL
..............................................................
TEMPERATURE (F)
RECORD
HIGH MM MM
LOW MM MM
HIGHEST 71 03/06 MM MM 72
03/31
LOWEST 16 03/19 MM MM 11
AVG. MAXIMUM 51.4 52.2 -0.8 53.8
AVG. MINIMUM 32.7 33.0 -0.3 34.8
MEAN 42.1 42.6 -0.5 44.3
DAYS MAX >= 90 0 0.0 0.0 0
DAYS MAX <= 32 1 1.5 -0.5 2
DAYS MIN <= 32 13 15.8 -2.8 12
DAYS MIN <= 0 0 0.1 -0.1 0
PRECIPITATION (INCHES)
RECORD
MAXIMUM MM MM
MINIMUM MM MM
TOTALS 5.64 2.22 3.42 6.30
DAILY AVG. 0.18 0.07 0.11 0.21
DAYS >= .01 15 9.4 5.6 12
DAYS >= .10 9 5.5 3.5 8
DAYS >= .50 3 1.2 1.8 4
DAYS >= 1.00 2 0.3 1.7 2
GREATEST
24 HR. TOTAL 1.63 03/23 TO 03/24 2.20
DEGREE DAYS
HEATING TOTAL 702 697 5 632
SINCE 7/1 4310 4806 -496 MM
COOLING TOTAL 0 3 -3 0
SINCE 1/1 0 3 -3 MM
..............................................................
WIND (MPH)
AVERAGE WIND SPEED 11.9
HIGHEST WIND SPEED/DIRECTION 51/030 DATE 03/03
HIGHEST GUST SPEED/DIRECTION 73/030 DATE 03/03
AVERAGE RH (PERCENT) 70
WEATHER CONDITIONS. NUMBER OF DAYS WITH
THUNDERSTORM 5 MIXED PRECIP 0
HEAVY RAIN 5 RAIN 10
LIGHT RAIN 16 FREEZING RAIN 0
LT FREEZING RAIN 0 HAIL 0
HEAVY SNOW 0 SNOW 1
LIGHT SNOW 3 SLEET 0
FOG 17 FOG W/VIS <= 1/4 MILE 0
HAZE 1
- INDICATES NEGATIVE NUMBERS.
R INDICATES RECORD WAS SET OR TIED.
MM INDICATES DATA IS MISSING.
T INDICATES TRACE AMOUNT.
$$
ERWIN