000
CXUS55 KBOI 011002
CF6MUO
PRELIMINARY LOCAL CLIMATOLOGICAL DATA (WS FORM: F-6)
STATION: MOUNTAIN HOME AFB
MONTH: AUGUST
YEAR: 2021
LATITUDE: 43 2 N
LONGITUDE: 115 52 W
TEMPERATURE IN F: :PCPN: SNOW: WIND :SUNSHINE: SKY :PK WND
================================================================================
1 2 3 4 5 6A 6B 7 8 9 10 11 12 13 14 15 16 17 18
12Z AVG MX 2MIN
DY MAX MIN AVG DEP HDD CDD WTR SNW DPTH SPD SPD DIR MIN PSBL S-S WX SPD DR
================================================================================
1 82 67 75 -3 0 10 1.17 M M 4.7 14 60 M M 5 13 44 30
2 92 67 80 3 0 15 T M M 6.4 20 100 M M 3 18 23 340
3 92 63 78 1 0 13 0.00 M M 9.6 16 110 M M 3 17 330
4 101 61 81 4 0 16 T M M 11.0 24 110 M M 3 39 160
5 100 66 83 6 0 18 T M M 9.9 29 310 M M 4 8 41 330
6 82 64 73 -4 0 8 T M M 14.7 23 310 M M 2 36 340
7 92 55 74 -3 0 9 0.00 M M 4.4 9 160 M M 0 M M
8 87 62 75 -2 0 10 0.00 M M 13.2 23 340 M M 1 35 330
9 84 53 69 -8 0 4 0.00 M M 11.8 22 300 M M 0 23 330
10 73 49 61 -15 4 0 0.00 M M 2.2 6 110 M M 0 M M
11 97 64 81 5 0 16 0.00 M M 9.9 17 330 M M 0 21 330
12 100 66 83 7 0 18 T M M 6.7 13 320 M M 0 M M
13 100 65 83 7 0 18 0.00 M M 5.9 12 320 M M 0 M M
14 99 66 83 8 0 18 0.00 M M 11.5 21 320 M M 3 8 27 320
15 99 65 82 7 0 17 0.00 M M 9.5 17 330 M M 2 M M
16 98 64 81 6 0 16 0.00 M M 6.2 25 260 M M 2 8 36 260
17 82 59 71 -4 0 6 T M M 14.4 24 330 M M 2 8 32 330
18 76 53 65 -9 0 0 0.00 M M 16.3 23 310 M M 1 8 32 310
19 78 50 64 -10 1 0 0.00 M M 16.5 24 290 M M 1 8 35 310
20 84 49 67 -7 0 2 0.00 M M 7.9 14 110 M M 1 8 M M
21 74 55 65 -8 0 0 T M M 9.0 18 100 M M 3 3 23 320
22 82 46 64 -9 1 0 0.00 M M 5.1 12 140 M M 0 M M
23 82 51 67 -6 0 2 0.00 M M 8.9 17 340 M M 1 8 21 350
24 82 50 66 -6 0 1 0.00 M M 7.6 17 320 M M 1 8 M M
25 86 48 67 -5 0 2 0.00 M M 5.7 12 340 M M 3 8 M M
26 83 53 68 -4 0 3 0.00 M M 7.3 13 350 M M 2 8 20 310
27 81 51 66 -5 0 1 0.00 M M 10.6 23 330 M M 0 8 31 330
28 84 50 67 -4 0 2 0.00 M M 6.9 12 290 M M 0 8 M M
29 89 48 69 -2 0 4 0.00 M M 5.1 8 280 M M 0 8 M M
30 90 52 71 1 0 6 0.00 M M 5.1 12 360 M M 1 8 17 360
31 82 54 68 -2 0 3 0.00 M M 9.9 23 330 M M 1 8 23 320
================================================================================
SM 2713 1766 6 238 1.17 M 273.9 M 45
================================================================================
AV 87.5 57.0 8.8 FASTST M M 1 MAX(MPH)
MISC ----> 29 310 44 30
================================================================================
NOTES:
# LAST OF SEVERAL OCCURRENCES
COLUMN 17 PEAK WIND IN M.P.H.
PRELIMINARY LOCAL CLIMATOLOGICAL DATA (WS FORM: F-6) , PAGE 2
STATION: MOUNTAIN HOME AFB
MONTH: AUGUST
YEAR: 2021
LATITUDE: 43 2 N
LONGITUDE: 115 52 W
[TEMPERATURE DATA] [PRECIPITATION DATA] SYMBOLS USED IN COLUMN 16
AVERAGE MONTHLY: 72.2 TOTAL FOR MONTH: 1.17 1 = FOG OR MIST
DPTR FM NORMAL: -2.2 DPTR FM NORMAL: 1.04 2 = FOG REDUCING VISIBILITY
HIGHEST: 101 ON 4 GRTST 24HR 1.17 ON 1- 1 TO 1/4 MILE OR LESS
LOWEST: 46 ON 22 3 = THUNDER
SNOW, ICE PELLETS, HAIL 4 = ICE PELLETS
TOTAL MONTH: M 5 = HAIL
GRTST 24HR M ON M 6 = FREEZING RAIN OR DRIZZLE
GRTST DEPTH: M ON M 7 = DUSTSTORM OR SANDSTORM:
VSBY 1/2 MILE OR LESS
8 = SMOKE OR HAZE
[NO. OF DAYS WITH] [WEATHER - DAYS WITH] 9 = BLOWING SNOW
X = TORNADO
MAX 32 OR BELOW: 0 0.01 INCH OR MORE: 1
MAX 90 OR ABOVE: 12 0.10 INCH OR MORE: 1
MIN 32 OR BELOW: 0 0.50 INCH OR MORE: 1
MIN 0 OR BELOW: 0 1.00 INCH OR MORE: 1
[HDD (BASE 65) ]
TOTAL THIS MO. 6 CLEAR (SCALE 0-3) 28
DPTR FM NORMAL -2 PTCLDY (SCALE 4-7) 3
TOTAL FM JUL 1 6 CLOUDY (SCALE 8-10) 0
DPTR FM NORMAL -8
[CDD (BASE 65) ]
TOTAL THIS MO. 238
DPTR FM NORMAL -72 [PRESSURE DATA]
TOTAL FM JAN 1 1130 HIGHEST SLP M ON M
DPTR FM NORMAL 309 LOWEST SLP M ON M
[REMARKS]
#FINAL-08-21#