000
CXUS51 KBTV 010800
CF6MVL
PRELIMINARY LOCAL CLIMATOLOGICAL DATA (WS FORM: F-6)
STATION: MORRISVILLE VT
MONTH: FEBRUARY
YEAR: 2024
LATITUDE: 44 31 N
LONGITUDE: 72 37 W
TEMPERATURE IN F: :PCPN: SNOW: WIND :SUNSHINE: SKY :PK WND
================================================================================
1 2 3 4 5 6A 6B 7 8 9 10 11 12 13 14 15 16 17 18
12Z AVG MX 2MIN
DY MAX MIN AVG DEP HDD CDD WTR SNW DPTH SPD SPD DIR MIN PSBL S-S WX SPD DR
================================================================================
1 37 31 34 19 31 0 T M M 2.5 7 200 M M 10 1 10 200
2 35 25 30 15 35 0 T M M 6.3 15 340 M M 10 1 20 320
3 27 13 20 5 45 0 T M M 6.7 14 10 M M 6 18 20
4 33 7 20 5 45 0 T M M 2.7 12 330 M M 0 16 320
5 32 7 20 4 45 0 T M M 3.1 15 330 M M 1 23 330
6 37 13 25 9 40 0 0.00 M M 2.2 12 360 M M 3 14 360
7 36 12 24 8 41 0 0.00 M M 1.1 6 20 M M 3 7 10
8 48 23 36 20 29 0 0.00 M M 1.4 6 170 M M 4 8 210
9 50 27 39 23 26 0 0.00 M M 4.9 9 200 M M 3 M M
10 55 30 43 27 22 0 0.10 M M 5.6 17 330 M M 8 12 29 310
11 42 34 38 21 27 0 T M M 4.8 13 10 M M 10 17 260
12 34 30 32 15 33 0 T M M 0.8 9 10 M M 10 10 10
13 36 26 31 14 34 0 T M M 4.0 12 320 M M 9 19 350
14 29 12 21 4 44 0 T M M 10.4 20 320 M M 10 1 33 330
15 28 6 17 -1 48 0 T M M 2.4 13 310 M M 3 1 22 320
16 26 19 23 5 42 0 0.01 M M 4.4 14 320 M M 10 1 22 310
17 24 13 19 1 46 0 0.01 M M 5.0 20 330 M M 9 1 25 340
18 28 1 15 -3 50 0 T M M 7.4 18 190 M M 8 30 200
19 26 -1 13 -6 52 0 0.01 M M 7.4 20 320 M M 4 12 36 290
20 22 -5 9 -10 56 0 T M M 1.7 7 360 M M 6 8 350
21 39 -3 18 -1 47 0 0.00 M M 5.2 18 170 M M 0 23 170
22 39 22 31 11 34 0 0.02 M M 4.7 12 190 M M 7 18 180
23 50 29 40 20 25 0 0.01 M M 3.1 20 340 M M 8 18 30 330
24 29 5 17 -3 48 0 0.00 M M 11.4 24 360 M M 3 33 350
25 36 2 19 -2 46 0 0.00 M M 2.4 12 180 M M 0 19 210
26 42 22 32 11 33 0 0.04 M M 3.8 12 200 M M 7 1 21 200
27 58 20 39 18 26 0 0.00 M M 6.7 15 180 M M 0 31 160
28 56 30 43 21 22 0 0.19 M M 9.4 26 170 M M 10 1 41 290
29 30 12 21 -1 44 0 T M M 10.1 16 310 M M 9 38 330
================================================================================
SM 1064 462 1116 0 0.39 M 141.6 M 171
================================================================================
AV 36.7 15.9 4.9 FASTST M M 6 MAX(MPH)
MISC ----> 26 170 41 290
================================================================================
NOTES:
# LAST OF SEVERAL OCCURRENCES
COLUMN 17 PEAK WIND IN M.P.H.
PRELIMINARY LOCAL CLIMATOLOGICAL DATA (WS FORM: F-6) , PAGE 2
STATION: MORRISVILLE VT
MONTH: FEBRUARY
YEAR: 2024
LATITUDE: 44 31 N
LONGITUDE: 72 37 W
[TEMPERATURE DATA] [PRECIPITATION DATA] SYMBOLS USED IN COLUMN 16
AVERAGE MONTHLY: 26.3 TOTAL FOR MONTH: 0.39 1 = FOG OR MIST
DPTR FM NORMAL: 8.4 DPTR FM NORMAL: -1.14 2 = FOG REDUCING VISIBILITY
HIGHEST: 58 ON 27 GRTST 24HR 0.19 ON 28-28 TO 1/4 MILE OR LESS
LOWEST: -5 ON 20 3 = THUNDER
SNOW, ICE PELLETS, HAIL 4 = ICE PELLETS
TOTAL MONTH: M 5 = HAIL
GRTST 24HR M ON M 6 = FREEZING RAIN OR DRIZZLE
GRTST DEPTH: M ON M 7 = DUSTSTORM OR SANDSTORM:
VSBY 1/2 MILE OR LESS
8 = SMOKE OR HAZE
[NO. OF DAYS WITH] [WEATHER - DAYS WITH] 9 = BLOWING SNOW
X = TORNADO
MAX 32 OR BELOW: 11 0.01 INCH OR MORE: 8
MAX 90 OR ABOVE: 0 0.10 INCH OR MORE: 2
MIN 32 OR BELOW: 28 0.50 INCH OR MORE: 0
MIN 0 OR BELOW: 3 1.00 INCH OR MORE: 0
[HDD (BASE 65) ]
TOTAL THIS MO. 1116 CLEAR (SCALE 0-3) 10
DPTR FM NORMAL -204 PTCLDY (SCALE 4-7) 8
TOTAL FM JUL 1 4936 CLOUDY (SCALE 8-10) 11
DPTR FM NORMAL -1174
[CDD (BASE 65) ]
TOTAL THIS MO. 0
DPTR FM NORMAL 0 [PRESSURE DATA]
TOTAL FM JAN 1 0 HIGHEST SLP 30.54 ON 21
DPTR FM NORMAL 0 LOWEST SLP 29.25 ON 28
[REMARKS]
#FINAL-02-24#