000
CXUS56 KOTX 010910
CF6MWH
PRELIMINARY LOCAL CLIMATOLOGICAL DATA (WS FORM: F-6)
STATION: MOSES LAKE WA AIRPORT
MONTH: JUNE
YEAR: 2023
LATITUDE: 47 12 N
LONGITUDE: 119 19 W
TEMPERATURE IN F: :PCPN: SNOW: WIND :SUNSHINE: SKY :PK WND
================================================================================
1 2 3 4 5 6A 6B 7 8 9 10 11 12 13 14 15 16 17 18
12Z AVG MX 2MIN
DY MAX MIN AVG DEP HDD CDD WTR SNW DPTH SPD SPD DIR MIN PSBL S-S WX SPD DR
================================================================================
1 74 46 60 -3 5 0 0.00 M M 5.4 13 180 M M 0 16 170
2 81 42 62 -1 3 0 0.00 M M 4.8 13 200 M M 0 18 200
3 85 47 66 2 0 1 0.00 M M 4.3 13 180 M M 0 16 180
4 88 48 68 4 0 3 0.00 M M 5.5 12 230 M M 0 17 190
5 90 53 72 8 0 7 0.00 M M 4.9 13 20 M M 0 18 140
6 92 54 73 9 0 8 0.00 M M 8.8 22 360 M M 0 26 10
7 95 53 74 10 0 9 0.00 M M 4.8 15 360 M M 0 20 60
8 83 56 70 6 0 5 0.01 M M 6.8 23 120 M M 4 27 120
9 74 61 68 3 0 3 T M M 6.0 13 180 M M 9 1 19 190
10 74 55 65 0 0 0 0.00 M M 7.4 12 240 M M 6 16 230
11 86 54 70 5 0 5 0.00 M M 5.4 15 360 M M 2 18 10
12 96 61 79 14 0 14 0.00 M M 6.0 15 10 M M 0 19 10
13 90 61 76 10 0 11 0.00 M M 11.2 33 290 M M 0 8 43 310
14 78 54 66 0 0 1 0.00 M M 12.0 22 300 M M 3 29 330
15 79 53 66 0 0 1 0.00 M M 8.4 14 170 M M 1 8 19 250
16 85 50 68 2 0 3 T M M 9.1 22 270 M M 2 28 280
17 79 56 68 2 0 3 0.00 M M 11.8 21 250 M M 1 28 250
18 70 50 60 -7 5 0 0.00 M M 12.0 22 230 M M 1 31 270
19 70 47 59 -8 6 0 T M M 9.1 23 170 M M 3 29 180
20 66 50 58 -9 7 0 T M M 9.0 22 180 M M 6 31 180
21 74 47 61 -6 4 0 0.00 M M 3.9 12 140 M M 5 16 210
22 82 54 68 0 0 3 0.00 M M 7.0 13 340 M M 5 19 30
23 87 49 68 0 0 3 0.00 M M 6.9 21 250 M M 0 26 250
24 86 53 70 2 0 5 0.00 M M 7.4 17 220 M M 0 25 200
25 89 51 70 2 0 5 0.00 M M 8.1 22 330 M M 0 27 320
26 90 60 75 6 0 10 0.00 M M 4.6 17 180 M M 2 3 21 250
27 88 63 76 7 0 11 T M M 7.5 20 80 M M 2 25 320
28 90 66 78 9 0 13 T M M 5.1 15 170 M M 2 22 210
29 94 59 77 7 0 12 0.00 M M 6.0 16 360 M M 0 20 310
30 95 61 78 8 0 13 0.00 M M 6.0 14 230 M M 0 18 240
================================================================================
SM 2510 1614 30 149 0.01 M 215.2 M 54
================================================================================
AV 83.7 53.8 7.2 FASTST M M 2 MAX(MPH)
MISC ----> 33 290 43 310
================================================================================
NOTES:
# LAST OF SEVERAL OCCURRENCES
COLUMN 17 PEAK WIND IN M.P.H.
PRELIMINARY LOCAL CLIMATOLOGICAL DATA (WS FORM: F-6) , PAGE 2
STATION: MOSES LAKE WA AIRPORT
MONTH: JUNE
YEAR: 2023
LATITUDE: 47 12 N
LONGITUDE: 119 19 W
[TEMPERATURE DATA] [PRECIPITATION DATA] SYMBOLS USED IN COLUMN 16
AVERAGE MONTHLY: 68.7 TOTAL FOR MONTH: 0.01 1 = FOG OR MIST
DPTR FM NORMAL: 2.5 DPTR FM NORMAL: -0.72 2 = FOG REDUCING VISIBILITY
HIGHEST: 96 ON 12 GRTST 24HR 0.01 ON 8- 8 TO 1/4 MILE OR LESS
LOWEST: 42 ON 2 3 = THUNDER
SNOW, ICE PELLETS, HAIL 4 = ICE PELLETS
TOTAL MONTH: M 5 = HAIL
GRTST 24HR M ON M 6 = FREEZING RAIN OR DRIZZLE
GRTST DEPTH: M ON M 7 = DUSTSTORM OR SANDSTORM:
VSBY 1/2 MILE OR LESS
8 = SMOKE OR HAZE
[NO. OF DAYS WITH] [WEATHER - DAYS WITH] 9 = BLOWING SNOW
X = TORNADO
MAX 32 OR BELOW: 0 0.01 INCH OR MORE: 1
MAX 90 OR ABOVE: 9 0.10 INCH OR MORE: 0
MIN 32 OR BELOW: 0 0.50 INCH OR MORE: 0
MIN 0 OR BELOW: 0 1.00 INCH OR MORE: 0
[HDD (BASE 65) ]
TOTAL THIS MO. 30 CLEAR (SCALE 0-3) 24
DPTR FM NORMAL -28 PTCLDY (SCALE 4-7) 5
TOTAL FM JUL 1 5652 CLOUDY (SCALE 8-10) 1
DPTR FM NORMAL -139
[CDD (BASE 65) ]
TOTAL THIS MO. 149
DPTR FM NORMAL 54 [PRESSURE DATA]
TOTAL FM JAN 1 231 HIGHEST SLP M ON M
DPTR FM NORMAL 108 LOWEST SLP 29.62 ON 13
[REMARKS]
#FINAL-06-23#