000
CXUS55 KPSR 011250
CF6NYL
PRELIMINARY LOCAL CLIMATOLOGICAL DATA (WS FORM: F-6)
STATION: YUMA AZ
MONTH: JUNE
YEAR: 2023
LATITUDE: 32 39 N
LONGITUDE: 114 37 W
TEMPERATURE IN F: :PCPN: SNOW: WIND :SUNSHINE: SKY :PK WND
================================================================================
1 2 3 4 5 6A 6B 7 8 9 10 11 12 13 14 15 16 17 18
12Z AVG MX 2MIN
DY MAX MIN AVG DEP HDD CDD WTR SNW DPTH SPD SPD DIR MIN PSBL S-S WX SPD DR
================================================================================
1 92 64 78 -7 0 13 0.00 M M 7.7 17 160 M M 0 24 210
2 93 68 81 -4 0 16 0.00 M M 8.9 17 230 M M 0 22 230
3 98 68 83 -3 0 18 0.00 M M 4.7 14 200 M M 0 18 230
4 101 69 85 -1 0 20 0.00 M M 6.4 16 200 M M 0 21 200
5 99 71 85 -1 0 20 0.00 M M 10.9 23 170 M M 1 33 180
6 93 65 79 -8 0 14 0.00 M M 6.0 14 250 M M 0 20 280
7 92 67 80 -7 0 15 0.00 M M 8.5 18 180 M M 0 29 180
8 94 69 82 -5 0 17 0.00 M M 6.3 15 170 M M 3 19 190
9 97 68 83 -4 0 18 0.00 0.0 0 5.4 14 190 M M 1 19 200
10 97 69 83 -5 0 18 0.00 0.0 0 8.9 23 150 M M 0 27 160
11 90 67 79 -9 0 14 0.00 0.0 0 11.5 24 290 M M 0 36 290
12 89 65 77 -11 0 12 0.00 0.0 0 5.1 12 250 M M 0 16 290
13 94 68 81 -7 0 16 0.00 M M 6.1 13 200 M M 0 21 310
14 98 70 84 -5 0 19 0.00 M M 5.9 15 200 M M 0 20 240
15 98 74 86 -3 0 21 0.00 0.0 0 6.7 17 190 M M 2 22 190
16 99 73 86 -3 0 21 0.00 M M 5.4 15 200 M M 0 20 200
17 104 75 90 0 0 25 0.00 M M 4.5 15 160 M M 0 22 160
18 105 77 91 1 0 26 0.00 M M 7.3 20 290 M M 0 32 250
19 102 72 87 -3 0 22 0.00 M M 7.8 17 300 M M 0 24 260
20 100 73 87 -3 0 22 0.00 M M 6.3 15 300 M M 0 22 300
21 100 74 87 -4 0 22 0.00 M M 8.2 17 260 M M 0 23 310
22 99 70 85 -6 0 20 0.00 M M 10.4 21 300 M M 0 35 300
23 95 64 80 -11 0 15 0.00 M M 6.6 18 300 M M 0 26 300
24 101 66 84 -8 0 19 0.00 M M 4.6 13 320 M M 0 18 320
25 104 72 88 -4 0 23 0.00 M M 6.0 14 330 M M 0 20 310
26 104 81 93 1 0 28 0.00 M M 9.0 18 300 M M 0 25 300
27 102 76 89 -3 0 24 0.00 M M 7.4 14 320 M M 0 22 320
28 102 72 87 -5 0 22 0.00 M M 5.8 15 300 M M 0 20 290
29 103 74 89 -4 0 24 0.00 M M 4.9 12 160 M M 0 14 240
30 108 74 91 -2 0 26 0.00 M M 5.9 13 200 M M 0 18 200
================================================================================
SM 2953 2115 0 590 0.00 0.0 209.1 M 7
================================================================================
AV 98.4 70.5 7.0 FASTST M M 0 MAX(MPH)
MISC ----> 24 290 36 290
================================================================================
NOTES:
# LAST OF SEVERAL OCCURRENCES
COLUMN 17 PEAK WIND IN M.P.H.
PRELIMINARY LOCAL CLIMATOLOGICAL DATA (WS FORM: F-6) , PAGE 2
STATION: YUMA AZ
MONTH: JUNE
YEAR: 2023
LATITUDE: 32 39 N
LONGITUDE: 114 37 W
[TEMPERATURE DATA] [PRECIPITATION DATA] SYMBOLS USED IN COLUMN 16
AVERAGE MONTHLY: 84.5 TOTAL FOR MONTH: 0.00 1 = FOG OR MIST
DPTR FM NORMAL: -4.6 DPTR FM NORMAL: -0.01 2 = FOG REDUCING VISIBILITY
HIGHEST: 108 ON 30 GRTST 24HR T ON 5- 5 TO 1/4 MILE OR LESS
LOWEST: 64 ON 23, 1 3 = THUNDER
SNOW, ICE PELLETS, HAIL 4 = ICE PELLETS
TOTAL MONTH: 0.0 INCH 5 = HAIL
GRTST 24HR 0.0 6 = FREEZING RAIN OR DRIZZLE
GRTST DEPTH: 0 7 = DUSTSTORM OR SANDSTORM:
VSBY 1/2 MILE OR LESS
8 = SMOKE OR HAZE
[NO. OF DAYS WITH] [WEATHER - DAYS WITH] 9 = BLOWING SNOW
X = TORNADO
MAX 32 OR BELOW: 0 0.01 INCH OR MORE: 0
MAX 90 OR ABOVE: 29 0.10 INCH OR MORE: 0
MIN 32 OR BELOW: 0 0.50 INCH OR MORE: 0
MIN 0 OR BELOW: 0 1.00 INCH OR MORE: 0
[HDD (BASE 65) ]
TOTAL THIS MO. 0 CLEAR (SCALE 0-3) 29
DPTR FM NORMAL 0 PTCLDY (SCALE 4-7) 1
TOTAL FM JUL 1 928 CLOUDY (SCALE 8-10) 0
DPTR FM NORMAL 250
[CDD (BASE 65) ]
TOTAL THIS MO. 590
DPTR FM NORMAL -134 [PRESSURE DATA]
TOTAL FM JAN 1 1348 HIGHEST SLP 29.91 ON 12
DPTR FM NORMAL -277 LOWEST SLP 29.61 ON 5
[REMARKS]
#FINAL-06-23#