000
CXUS55 KPSR 011005
CF6NYL
PRELIMINARY LOCAL CLIMATOLOGICAL DATA (WS FORM: F-6)
STATION: YUMA AZ
MONTH: OCTOBER
YEAR: 2020
LATITUDE: 32 39 N
LONGITUDE: 114 37 W
TEMPERATURE IN F: :PCPN: SNOW: WIND :SUNSHINE: SKY :PK WND
================================================================================
1 2 3 4 5 6A 6B 7 8 9 10 11 12 13 14 15 16 17 18
12Z AVG MX 2MIN
DY MAX MIN AVG DEP HDD CDD WTR SNW DPTH SPD SPD DIR MIN PSBL S-S WX SPD DR
================================================================================
1 108 71 90 7 0 25 0.00 M M 3.0 12 350 M M 0 14 310
2 107 72 90 7 0 25 0.00 M M 3.3 9 160 M M 0 11 30
3 106 69 88 6 0 23 0.00 M M 2.9 8 170 M M 0 11 200
4 104 70 87 5 0 22 0.00 M M 3.0 10 270 M M 0 12 270
5 105 73 89 7 0 24 0.00 M M 2.6 8 290 M M 1 11 280
6 101 72 87 6 0 22 0.00 M M 2.4 8 300 M M 5 11 20
7 103 73 88 7 0 23 0.00 M M 2.9 10 130 M M 1 14 270
8 101 73 87 7 0 22 0.00 M M 4.1 15 310 M M 1 23 310
9 96 68 82 2 0 17 0.00 M M 4.0 15 310 M M 0 8 20 300
10 94 67 81 1 0 16 0.00 M M 3.9 9 290 M M 0 8 12 280
11 95 67 81 2 0 16 0.00 M M 3.8 12 260 M M 0 14 280
12 100 69 85 6 0 20 0.00 M M 3.5 12 30 M M 0 14 40
13 104 70 87 9 0 22 0.00 M M 4.5 14 20 M M 0 17 30
14 104 68 86 8 0 21 0.00 M M 3.8 10 20 M M 0 11 20
15 103 69 86 8 0 21 0.00 M M 3.6 13 360 M M 1 8 16 360
16 99 78 89 12 0 24 0.00 M M 10.4 21 10 M M 0 26 10
17 102 67 85 8 0 20 0.00 M M 1.9 9 350 M M 0 8 11 350
18 100 67 84 7 0 19 0.00 M M 4.4 12 200 M M 0 14 190
19 100 68 84 8 0 19 0.00 M M 2.7 8 30 M M 1 12 40
20 100 64 82 6 0 17 0.00 M M 3.6 12 30 M M 0 8 13 40
21 96 65 81 5 0 16 0.00 M M 4.0 10 170 M M 0 13 220
22 95 67 81 6 0 16 0.00 M M 6.6 13 190 M M 0 8 20 160
23 90 69 80 5 0 15 0.00 M M 4.9 13 180 M M 0 16 250
24 87 69 78 4 0 13 0.00 M M 4.9 10 210 M M 0 13 190
25 81 65 73 -1 0 8 0.00 M M 13.1 26 290 M M 0 8 33 270
26 66 57 62 -12 3 0 0.00 M M 19.9 33 350 M M 1 78 44 360
27 73 52 63 -10 2 0 0.00 M M 10.1 28 30 M M 0 34 30
28 79 48 64 -9 1 0 0.00 M M 4.8 15 350 M M 0 20 340
29 85 54 70 -3 0 5 0.00 M M 5.9 13 10 M M 1 14 20
30 M 59 M M M M 0.00 M M 4.1 15 30 M M 3 18 30
31 M 62 M M M M 0.00 M M 3.7 12 70 M M 0 8 13 30
================================================================================
SM 2784 2062 6 491 0.00 M 156.3 M 15
================================================================================
AV 96.0 66.5 5.0 FASTST M M 0 MAX(MPH)
MISC ----> 33 350 44 360
================================================================================
NOTES:
# LAST OF SEVERAL OCCURRENCES
COLUMN 17 PEAK WIND IN M.P.H.
PRELIMINARY LOCAL CLIMATOLOGICAL DATA (WS FORM: F-6) , PAGE 2
STATION: YUMA AZ
MONTH: OCTOBER
YEAR: 2020
LATITUDE: 32 39 N
LONGITUDE: 114 37 W
[TEMPERATURE DATA] [PRECIPITATION DATA] SYMBOLS USED IN COLUMN 16
AVERAGE MONTHLY: 81.3 TOTAL FOR MONTH: 0.00 1 = FOG OR MIST
DPTR FM NORMAL: 3.8 DPTR FM NORMAL: -0.21 2 = FOG REDUCING VISIBILITY
HIGHEST: 108 ON 1 GRTST 24HR T ON 26-26 TO 1/4 MILE OR LESS
LOWEST: 48 ON 28 3 = THUNDER
SNOW, ICE PELLETS, HAIL 4 = ICE PELLETS
TOTAL MONTH: M 5 = HAIL
GRTST 24HR M ON M 6 = FREEZING RAIN OR DRIZZLE
GRTST DEPTH: M ON M 7 = DUSTSTORM OR SANDSTORM:
VSBY 1/2 MILE OR LESS
8 = SMOKE OR HAZE
[NO. OF DAYS WITH] [WEATHER - DAYS WITH] 9 = BLOWING SNOW
X = TORNADO
MAX 32 OR BELOW: 0 0.01 INCH OR MORE: 0
MAX 90 OR ABOVE: 23 0.10 INCH OR MORE: 0
MIN 32 OR BELOW: 0 0.50 INCH OR MORE: 0
MIN 0 OR BELOW: 0 1.00 INCH OR MORE: 0
[HDD (BASE 65) ]
TOTAL THIS MO. 6 CLEAR (SCALE 0-3) 30
DPTR FM NORMAL 4 PTCLDY (SCALE 4-7) 1
TOTAL FM JUL 1 6 CLOUDY (SCALE 8-10) 0
DPTR FM NORMAL 6
[CDD (BASE 65) ]
TOTAL THIS MO. 491
DPTR FM NORMAL 103 [PRESSURE DATA]
TOTAL FM JAN 1 4844 HIGHEST SLP 30.11 ON 28
DPTR FM NORMAL 282 LOWEST SLP 29.66 ON 25
[REMARKS]
#FINAL-10-20#